{"id":65,"date":"2014-09-18T10:12:22","date_gmt":"2014-09-18T10:12:22","guid":{"rendered":"http:\/\/agora.xtec.cat\/ies-santaeulalia\/?page_id=65"},"modified":"2021-02-04T16:55:01","modified_gmt":"2021-02-04T15:55:01","slug":"serveis-digitals","status":"publish","type":"page","link":"https:\/\/agora.xtec.cat\/ies-santaeulalia\/serveis\/serveis-digitals\/","title":{"rendered":"TIC i Serveis digitals"},"content":{"rendered":"<p>&nbsp;<\/p>\n<pre style=\"text-align: center;\"><strong><em>\"<span class=\"hiddenGrammarError\">Per a qu\u00e8<\/span> les TIC desenvolupin tot el seu potencial de transformaci\u00f3 \r\nhan d'integrar-se a l'aula i convertir-se en un instrument cognitiu capa\u00e7 de millorar \r\nla intel\u00b7lig\u00e8ncia i potenciar l'aventura d'aprendre\"<\/em> \r\n\r\n(Beltr\u00e1n Llera)<\/strong><\/pre>\n<p>&nbsp;<\/p>\n<p class=\"pintip-jck\"><strong>DEFINICI\u00d3 TIC (TECNOLOGIES DE LA INFORMACI\u00d3 I LA COMUNICACI\u00d3)<\/strong><\/p>\n<p>El futur de l\u2019ensenyament dep\u00e8n de poder subministrar les eines necess\u00e0ries al professorat i a l&#8217;alumnat. Per aquest motiu l\u2019Institut Santa Eul\u00e0lia esdev\u00e9 un centre de refer\u00e8ncia en la utilitzaci\u00f3 de programes espec\u00edfics per a tots els seus cicles formatius tant de grau mitj\u00e0 com de grau superior. El que est\u00e0 clar \u00e9s que necessitem oferir a les empreses all\u00f2 que necessiten: alumnes formats i preparats per incorporar-se al m\u00f3n laboral.<\/p>\n<p>Pel que fa a l&#8217;ESO, continuem apostant per l&#8217;\u00fas dels ordinadors a les aules, ja que ha donat bons resultats des que es va implantar el <a href=\"http:\/\/santaeulalia.cat\/ies\/index.php\/26-centre\/serveis\/102-projecte-educat\" target=\"_blank\" rel=\"noopener noreferrer\">Projecte eduCAT<\/a> el curs 2009-10. Ha contribu\u00eft que l&#8217;alumnat millor\u00e9s els resultats acad\u00e8mics i ha perm\u00e8s que obtingui una bona formaci\u00f3 en eines TIC, que li poden ser molt \u00fatils tant en el seu futur acad\u00e8mic com laboral.<\/p>\n<p>&nbsp;<\/p>\n<p><strong>XARXA INTEGRAL DE CENTRE<\/strong><\/p>\n<p>L&#8217;arribada de la fibra \u00f2ptica de 100 Mb d&#8217;amplada de banda al centre el curs 2010-11 ha assegurat la connectivitat de manera quasi absoluta. El centre disposa de m\u00e9s de 240 punts de connexi\u00f3 de xarxa amb fils, a m\u00e9s d&#8217;uns 40 punts d&#8217;acc\u00e9s de xarxa sense fils, que permeten l&#8217;alumnat connectar-se des de qualsevol aula.<\/p>\n<p><a href=\"http:\/\/agora.xtec.cat\/ies-santaeulalia\/wp-content\/uploads\/usu44\/2014\/09\/tic2.jpg\"><img loading=\"lazy\" decoding=\"async\" class=\" wp-image-593 aligncenter\" src=\"http:\/\/agora.xtec.cat\/ies-santaeulalia\/wp-content\/uploads\/usu44\/2014\/09\/tic2.jpg\" alt=\"tic2\" width=\"362\" height=\"241\" srcset=\"https:\/\/agora.xtec.cat\/ies-santaeulalia\/wp-content\/uploads\/usu44\/2014\/09\/tic2.jpg 600w, https:\/\/agora.xtec.cat\/ies-santaeulalia\/wp-content\/uploads\/usu44\/2014\/09\/tic2-300x200.jpg 300w\" sizes=\"auto, (max-width: 362px) 100vw, 362px\" \/><\/a><\/p>\n<p><span class=\"bluhlight-jck\"><strong>M\u00c9S ORDINADORS<\/strong><\/span><\/p>\n<p>El parc d&#8217;ordinadors del centre \u00e9s actualment d&#8217;uns 550 de sobretaula i de m\u00e9s de 150 port\u00e0tils, a part dels port\u00e0tils que s\u00f3n propietat de l&#8217;alumnat. Els cicles formatius tenen 17 aules d&#8217;inform\u00e0tica, amb ordinadors preparats per treballar amb el programari adient a les necessitats de cada cicle: CAD-CAM, electr\u00f2nica, pneum\u00e0tica, simulaci\u00f3 d&#8217;empresa, edici\u00f3 d&#8217;imatge i so, educaci\u00f3 f\u00edsica, FOL&#8230; L&#8217;ESO nom\u00e9s disposa de dues aules d&#8217;inform\u00e0tica, a causa del fet que tot l&#8217;alumnat t\u00e9 els seus propis ordinadors port\u00e0tils i es pot treballar amb ells a les aules ordin\u00e0ries.<\/p>\n<p>&nbsp;<\/p>\n<p><span class=\"bluhlight-jck\"><strong>AULES TIC<\/strong><\/span><\/p>\n<p>Totes les aules ordin\u00e0ries de l&#8217;ESO i Batxillerat (16) s\u00f3n aules TIC, \u00e9s a dir, que estan equipades amb una pissarra digital interactiva, amb un projector, un sistema de so i un ordinador. Tamb\u00e9 hi ha dues aules de cicles amb aquest equipament. A m\u00e9s, la resta d&#8217;aules, tant les espec\u00edfiques d&#8217;ESO i Batxillerat (laboratoris, taller, aula de m\u00fasica,&#8230;) com les d&#8217;inform\u00e0tica i les habituals de cicles formatius, disposen d&#8217;un projector i d&#8217;un ordinador.<\/p>\n<p><a href=\"http:\/\/agora.xtec.cat\/ies-santaeulalia\/wp-content\/uploads\/usu44\/2014\/09\/tic3.jpg\"><img loading=\"lazy\" decoding=\"async\" class=\" wp-image-594 aligncenter\" src=\"http:\/\/agora.xtec.cat\/ies-santaeulalia\/wp-content\/uploads\/usu44\/2014\/09\/tic3.jpg\" alt=\"tic3\" width=\"377\" height=\"251\" srcset=\"https:\/\/agora.xtec.cat\/ies-santaeulalia\/wp-content\/uploads\/usu44\/2014\/09\/tic3.jpg 600w, https:\/\/agora.xtec.cat\/ies-santaeulalia\/wp-content\/uploads\/usu44\/2014\/09\/tic3-300x200.jpg 300w\" sizes=\"auto, (max-width: 377px) 100vw, 377px\" \/><\/a><\/p>\n<p>&nbsp;<\/p>\n<p><span class=\"bluhlight-jck\"><strong>ENTORN GOOGLE DE CENTRE<\/strong><\/span><\/p>\n<p>Tot l&#8217;alumnat del centre disposa d&#8217;un compte de correu amb domini santaeulalia, gestionat per Google (GSuite per a Educaci\u00f3). Aix\u00f2 implica que, a m\u00e9s del correu, tothom disposa dels diferents serveis de Google: correu electr\u00f2nic, Drive (edici\u00f3 de textos, fulls de c\u00e0lcul, presentacions), calendaris compartits, Google Classroom, Hangouts Meet (videotrucades)&#8230; Una caracter\u00edstica interessant \u00e9s que es disposa d&#8217;un emmagatzematge il\u00b7limitat. Aquest compte es mant\u00e9 durant tota l&#8217;estada de l&#8217;alumnat al centre, encara que canvi\u00ef d&#8217;estudis, i per sempre mentre es faci servir.<\/p>\n<p><a href=\"http:\/\/agora.xtec.cat\/ies-santaeulalia\/wp-content\/uploads\/usu44\/2014\/09\/google.png\"><img loading=\"lazy\" decoding=\"async\" class=\"size-full wp-image-590 aligncenter\" src=\"http:\/\/agora.xtec.cat\/ies-santaeulalia\/wp-content\/uploads\/usu44\/2014\/09\/google.png\" alt=\"google\" width=\"318\" height=\"159\" srcset=\"https:\/\/agora.xtec.cat\/ies-santaeulalia\/wp-content\/uploads\/usu44\/2014\/09\/google.png 318w, https:\/\/agora.xtec.cat\/ies-santaeulalia\/wp-content\/uploads\/usu44\/2014\/09\/google-300x150.png 300w\" sizes=\"auto, (max-width: 318px) 100vw, 318px\" \/><\/a><\/p>\n<p><span class=\"bluhlight-jck\"><strong>PLATAFORMA MOODLE<\/strong><\/span><\/p>\n<p>El centre utilitza la plaforma Moodle, proporcionada pel Departament d&#8217;Educaci\u00f3 de la Generalitat de Catalunya, com a eina fonamental en l&#8217;aprenentatge i seguiment dels diferents cursos. Les possibilitats d&#8217;aquesta eina s\u00f3n moltes: materials d&#8217;aprenentatge, desc\u00e0rrega d&#8217;apunts, seguiment de les qualificacions obtingudes, ex\u00e0mens <em>on-line<\/em>&#8230; Creiem que \u00e9s l&#8217;eina d&#8217;aprenentatge m\u00e9s potent entre les actuals.<\/p>\n<p><a href=\"http:\/\/agora.xtec.cat\/ies-santaeulalia\/wp-content\/uploads\/usu44\/2014\/09\/moodle.jpg\"><img loading=\"lazy\" decoding=\"async\" class=\" wp-image-591 aligncenter\" src=\"http:\/\/agora.xtec.cat\/ies-santaeulalia\/wp-content\/uploads\/usu44\/2014\/09\/moodle.jpg\" alt=\"moodle\" width=\"291\" height=\"74\" srcset=\"https:\/\/agora.xtec.cat\/ies-santaeulalia\/wp-content\/uploads\/usu44\/2014\/09\/moodle.jpg 445w, https:\/\/agora.xtec.cat\/ies-santaeulalia\/wp-content\/uploads\/usu44\/2014\/09\/moodle-300x76.jpg 300w\" sizes=\"auto, (max-width: 291px) 100vw, 291px\" \/><\/a><\/p>\n<p>&nbsp;<\/p>\n<p><em>Actualitzat: 26 de juliol de 2020<\/em><\/p>\n<p>&nbsp;<\/p>\n","protected":false},"excerpt":{"rendered":"<p>&nbsp; &#8220;Per a qu\u00e8 les TIC desenvolupin tot el seu potencial de transformaci\u00f3 han d&#8217;integrar-se a l&#8217;aula i convertir-se en un instrument cognitiu capa\u00e7 de millorar la intel\u00b7lig\u00e8ncia i potenciar l&#8217;aventura d&#8217;aprendre&#8221; (Beltr\u00e1n Llera) &nbsp; DEFINICI\u00d3 TIC (TECNOLOGIES DE LA INFORMACI\u00d3 I LA COMUNICACI\u00d3) El futur de l\u2019ensenyament dep\u00e8n de poder subministrar les eines necess\u00e0ries [&hellip;]<\/p>\n","protected":false},"author":1,"featured_media":0,"parent":63,"menu_order":3,"comment_status":"closed","ping_status":"closed","template":"page-templates\/side-menu.php","meta":{"_bbp_topic_count":0,"_bbp_reply_count":0,"_bbp_total_topic_count":0,"_bbp_total_reply_count":0,"_bbp_voice_count":0,"_bbp_anonymous_reply_count":0,"_bbp_topic_count_hidden":0,"_bbp_reply_count_hidden":0,"_bbp_forum_subforum_count":0,"site-sidebar-layout":"default","site-content-layout":"","ast-site-content-layout":"","site-content-style":"default","site-sidebar-style":"default","ast-global-header-display":"","ast-banner-title-visibility":"","ast-main-header-display":"","ast-hfb-above-header-display":"","ast-hfb-below-header-display":"","ast-hfb-mobile-header-display":"","site-post-title":"","ast-breadcrumbs-content":"","ast-featured-img":"","footer-sml-layout":"","theme-transparent-header-meta":"","adv-header-id-meta":"","stick-header-meta":"","header-above-stick-meta":"","header-main-stick-meta":"","header-below-stick-meta":"","astra-migrate-meta-layouts":"default","ast-page-background-enabled":"default","ast-page-background-meta":{"desktop":{"background-color":"var(--ast-global-color-4)","background-image":"","background-repeat":"repeat","background-position":"center center","background-size":"auto","background-attachment":"scroll","background-type":"","background-media":"","overlay-type":"","overlay-color":"","overlay-opacity":"","overlay-gradient":""},"tablet":{"background-color":"","background-image":"","background-repeat":"repeat","background-position":"center center","background-size":"auto","background-attachment":"scroll","background-type":"","background-media":"","overlay-type":"","overlay-color":"","overlay-opacity":"","overlay-gradient":""},"mobile":{"background-color":"","background-image":"","background-repeat":"repeat","background-position":"center center","background-size":"auto","background-attachment":"scroll","background-type":"","background-media":"","overlay-type":"","overlay-color":"","overlay-opacity":"","overlay-gradient":""}},"ast-content-background-meta":{"desktop":{"background-color":"var(--ast-global-color-5)","background-image":"","background-repeat":"repeat","background-position":"center center","background-size":"auto","background-attachment":"scroll","background-type":"","background-media":"","overlay-type":"","overlay-color":"","overlay-opacity":"","overlay-gradient":""},"tablet":{"background-color":"var(--ast-global-color-5)","background-image":"","background-repeat":"repeat","background-position":"center center","background-size":"auto","background-attachment":"scroll","background-type":"","background-media":"","overlay-type":"","overlay-color":"","overlay-opacity":"","overlay-gradient":""},"mobile":{"background-color":"var(--ast-global-color-5)","background-image":"","background-repeat":"repeat","background-position":"center center","background-size":"auto","background-attachment":"scroll","background-type":"","background-media":"","overlay-type":"","overlay-color":"","overlay-opacity":"","overlay-gradient":""}},"footnotes":""},"class_list":["post-65","page","type-page","status-publish","hentry"],"post_mailing_queue_ids":[],"_links":{"self":[{"href":"https:\/\/agora.xtec.cat\/ies-santaeulalia\/wp-json\/wp\/v2\/pages\/65","targetHints":{"allow":["GET"]}}],"collection":[{"href":"https:\/\/agora.xtec.cat\/ies-santaeulalia\/wp-json\/wp\/v2\/pages"}],"about":[{"href":"https:\/\/agora.xtec.cat\/ies-santaeulalia\/wp-json\/wp\/v2\/types\/page"}],"author":[{"embeddable":true,"href":"https:\/\/agora.xtec.cat\/ies-santaeulalia\/wp-json\/wp\/v2\/users\/1"}],"replies":[{"embeddable":true,"href":"https:\/\/agora.xtec.cat\/ies-santaeulalia\/wp-json\/wp\/v2\/comments?post=65"}],"version-history":[{"count":3,"href":"https:\/\/agora.xtec.cat\/ies-santaeulalia\/wp-json\/wp\/v2\/pages\/65\/revisions"}],"predecessor-version":[{"id":3449,"href":"https:\/\/agora.xtec.cat\/ies-santaeulalia\/wp-json\/wp\/v2\/pages\/65\/revisions\/3449"}],"up":[{"embeddable":true,"href":"https:\/\/agora.xtec.cat\/ies-santaeulalia\/wp-json\/wp\/v2\/pages\/63"}],"wp:attachment":[{"href":"https:\/\/agora.xtec.cat\/ies-santaeulalia\/wp-json\/wp\/v2\/media?parent=65"}],"curies":[{"name":"wp","href":"https:\/\/api.w.org\/{rel}","templated":true}]}}