{"id":878,"date":"2017-10-06T11:17:38","date_gmt":"2017-10-06T09:17:38","guid":{"rendered":"http:\/\/agora.xtec.cat\/ies-santa-eulalia\/?page_id=878"},"modified":"2017-11-17T10:39:34","modified_gmt":"2017-11-17T09:39:34","slug":"exalumnes-pel-mon","status":"publish","type":"page","link":"https:\/\/agora.xtec.cat\/ies-santa-eulalia\/linstitut\/historia\/exalumnes-pel-mon\/","title":{"rendered":"Exalumnes pel m\u00f3n"},"content":{"rendered":"<p>En aquesta nova secci\u00f3 ens proposem recollir experi\u00e8ncies de companys i alumnes nostres que volten pel m\u00f3n, ja sigui amb motiu dels seus estudis, la feina o altres circumst\u00e0ncies de la vida.<\/p>\n<p><a href=\"http:\/\/agora.xtec.cat\/ies-santa-eulalia\/wp-content\/uploads\/usu1612\/2017\/10\/Bobis-2015.jpg\"><img loading=\"lazy\" decoding=\"async\" class=\"wp-image-880 aligncenter\" src=\"http:\/\/agora.xtec.cat\/ies-santa-eulalia\/wp-content\/uploads\/usu1612\/2017\/10\/Bobis-2015-300x225.jpg\" alt=\"\" width=\"364\" height=\"273\" srcset=\"https:\/\/agora.xtec.cat\/ies-santa-eulalia\/wp-content\/uploads\/usu1612\/2017\/10\/Bobis-2015-300x225.jpg 300w, https:\/\/agora.xtec.cat\/ies-santa-eulalia\/wp-content\/uploads\/usu1612\/2017\/10\/Bobis-2015-768x576.jpg 768w, https:\/\/agora.xtec.cat\/ies-santa-eulalia\/wp-content\/uploads\/usu1612\/2017\/10\/Bobis-2015-200x150.jpg 200w, https:\/\/agora.xtec.cat\/ies-santa-eulalia\/wp-content\/uploads\/usu1612\/2017\/10\/Bobis-2015.jpg 858w\" sizes=\"auto, (max-width: 364px) 100vw, 364px\" \/><\/a><\/p>\n<div>\n<p>Comencem la s\u00e8rie amb\u00a0Juli\u00e1n Bobis, un company de la promoci\u00f3 2015, que podem veure en la imatge amb les seves amigues\u00a0Amanda Aranda i Laura Olmos, al costat de les seves professores Rosa D\u00edaz i Carmela P\u00e9rez, en recollir el Premi\u00a0Escola, agricultura i alimentaci\u00f3 ecol\u00f2gica\u00a0-3a edici\u00f3- per a l&#8217;Institut Santa Eul\u00e0lia.<\/p>\n<\/div>\n<div><\/div>\n<div><\/div>\n<div><\/div>\n<h4>La meva estada a Taiwan<\/h4>\n<div><\/div>\n<div>\n<p>Hola a tothom! Em dic Juli\u00e1n Bobis i s\u00f3c estudiant de tercer de Ci\u00e8ncies Biom\u00e8diques a la Universitat de Barcelona. Ja fa quasi tres anys que vaig acabar Batxillerat a l\u2019IES Santa Eul\u00e0lia, etapa de la qual guardo bons records. Per qu\u00e8 adre\u00e7ar-me a vosaltres ara? Aquest estiu he passat un mes a Taiwan, una illa molt a prop de la Xina i Filipines i vull compartir la meva experi\u00e8ncia.<\/p>\n<p>L\u2019oportunitat es va presentar gr\u00e0cies a una associaci\u00f3 d\u2019estudiants de Ci\u00e8ncies de la Salut (AECS). Aquesta organitzaci\u00f3 realitza pr\u00e0ctiques de recerca en laboratoris o en hospitals per a estudiants universitaris, a part de moltes m\u00e9s activitats i cursets. Aix\u00ed doncs, em vaig apuntar i vaig tenir pla\u00e7a per anar a Taiwan. Per qu\u00e8 Taiwan i no un altre dest\u00ed? (si ho busqueu en un mapa veureu que est\u00e0 molt lluny i no \u00e9s gaire conegut) Perqu\u00e8 era una oportunitat \u00fanica per anar a con\u00e8ixer una cultura i un pa\u00eds molt diferent del nostre per\u00f2 amb una bona qualitat de vida i bona educaci\u00f3, a m\u00e9s de fer recerca en un bon laboratori per aprendre coses noves.<\/p>\n<p>Les pr\u00e0ctiques han estat molt profitoses: he apr\u00e8s un munt de coses noves sobre el tema (bacteris) i noves t\u00e8cniques. Passava unes quantes hores cada dia al laboratori aprenent i prenent notes de tot el que veia. Per\u00f2 ha estat l\u2019experi\u00e8ncia personal el que ha fet aquest mes inoblidable. \u00c9s un pa\u00eds meravell\u00f3s, ple de llocs per descobrir i una poblaci\u00f3 encantadora. No \u00e9s gaire tur\u00edstic, aix\u00ed que pots visitar i passejar amb calma, per\u00f2 els paisatges, les postes de sol, els temples i les olors s\u00f3n formidables. La gent, encara que no parli angl\u00e8s, t\u2019ajuda en tot el que pot i intenta conversar amb tu (han vist abans occidentals, per\u00f2 no \u00e9s una cosa gaire comuna). Est\u00e0 desenvolupat\u00a0per\u00f2 mant\u00e9 les tradicions i la cultura taiwanesa: \u00e9s una cultura totalment diferent de la nostra, per\u00f2 no oposada, fet que m\u2019ha ajudat a aprendre a q\u00fcestionar-me tot el nostre m\u00f3n i comportaments (des de la forma de menjar, a la societat o les normes al carrer). Els amics que fas en una estada com aquesta s\u00f3n insuperables i hi mantindr\u00e0s el contacte per molt temps ja que s\u00f3n la teva fam\u00edlia all\u00e0.<\/p>\n<p>En resum, si mai teniu l\u2019oportunitat de fer una estada en un altre pa\u00eds, ja sigui d\u2019Europa, \u00c0frica o qualsevol altre continent, us animo a aprofitar-la i marxar. Aprendreu, us ho passareu molt b\u00e9, riureu i ho trobareu a faltar tot de casa, per\u00f2 \u00e9s una oportunitat \u00fanica en la vida. No en dubteu.<\/p>\n<p>Juli\u00e1n Bobis<\/p>\n<p>&nbsp;<\/p>\n<p>&nbsp;<\/p>\n<p>&nbsp;<\/p>\n<p>&nbsp;<\/p>\n<\/div>\n","protected":false},"excerpt":{"rendered":"<p>En aquesta nova secci\u00f3 ens proposem recollir experi\u00e8ncies de companys i alumnes nostres que volten pel m\u00f3n, ja sigui amb motiu dels seus estudis, la feina o altres circumst\u00e0ncies de la vida.<br \/>\n<a href=\"http:\/\/agora.xtec.cat\/ies-santa-eulalia\/wp-content\/uploads\/usu1612\/2017\/10\/Bobis-2015.jpg\"><\/a><\/p>\n<p>Comencem la s\u00e8rie amb\u00a0Juli\u00e1n Bobis, un company de la promoci\u00f3 2015, que podem&hellip;  <a href=\"https:\/\/agora.xtec.cat\/ies-santa-eulalia\/linstitut\/historia\/exalumnes-pel-mon\/\" title=\"Read Exalumnes pel m\u00f3n\">Llegeix m\u00e9s\u00bb<\/a><\/p>\n","protected":false},"author":1,"featured_media":0,"parent":27,"menu_order":0,"comment_status":"closed","ping_status":"closed","template":"page-templates\/side-menu.php","meta":{"_bbp_topic_count":0,"_bbp_reply_count":0,"_bbp_total_topic_count":0,"_bbp_total_reply_count":0,"_bbp_voice_count":0,"_bbp_anonymous_reply_count":0,"_bbp_topic_count_hidden":0,"_bbp_reply_count_hidden":0,"_bbp_forum_subforum_count":0,"footnotes":""},"class_list":["post-878","page","type-page","status-publish","hentry"],"post_mailing_queue_ids":[],"_links":{"self":[{"href":"https:\/\/agora.xtec.cat\/ies-santa-eulalia\/wp-json\/wp\/v2\/pages\/878","targetHints":{"allow":["GET"]}}],"collection":[{"href":"https:\/\/agora.xtec.cat\/ies-santa-eulalia\/wp-json\/wp\/v2\/pages"}],"about":[{"href":"https:\/\/agora.xtec.cat\/ies-santa-eulalia\/wp-json\/wp\/v2\/types\/page"}],"author":[{"embeddable":true,"href":"https:\/\/agora.xtec.cat\/ies-santa-eulalia\/wp-json\/wp\/v2\/users\/1"}],"replies":[{"embeddable":true,"href":"https:\/\/agora.xtec.cat\/ies-santa-eulalia\/wp-json\/wp\/v2\/comments?post=878"}],"version-history":[{"count":3,"href":"https:\/\/agora.xtec.cat\/ies-santa-eulalia\/wp-json\/wp\/v2\/pages\/878\/revisions"}],"predecessor-version":[{"id":1157,"href":"https:\/\/agora.xtec.cat\/ies-santa-eulalia\/wp-json\/wp\/v2\/pages\/878\/revisions\/1157"}],"up":[{"embeddable":true,"href":"https:\/\/agora.xtec.cat\/ies-santa-eulalia\/wp-json\/wp\/v2\/pages\/27"}],"wp:attachment":[{"href":"https:\/\/agora.xtec.cat\/ies-santa-eulalia\/wp-json\/wp\/v2\/media?parent=878"}],"curies":[{"name":"wp","href":"https:\/\/api.w.org\/{rel}","templated":true}]}}

Exalumnes pel món

<p>En aquesta nova secció ens proposem recollir experiències de companys i alumnes nostres que volten pel món, ja sigui amb motiu dels seus estudis, la feina o altres circumstàncies de la vida.</p>
<p><a href="http://agora.xtec.cat/ies-santa-eulalia/wp-content/uploads/usu1612/2017/10/Bobis-2015.jpg"><img loading="lazy" decoding="async" class="wp-image-880 aligncenter" src="http://agora.xtec.cat/ies-santa-eulalia/wp-content/uploads/usu1612/2017/10/Bobis-2015-300x225.jpg" alt="" width="364" height="273" srcset="https://agora.xtec.cat/ies-santa-eulalia/wp-content/uploads/usu1612/2017/10/Bobis-2015-300x225.jpg 300w, https://agora.xtec.cat/ies-santa-eulalia/wp-content/uploads/usu1612/2017/10/Bobis-2015-768x576.jpg 768w, https://agora.xtec.cat/ies-santa-eulalia/wp-content/uploads/usu1612/2017/10/Bobis-2015-200x150.jpg 200w, https://agora.xtec.cat/ies-santa-eulalia/wp-content/uploads/usu1612/2017/10/Bobis-2015.jpg 858w" sizes="auto, (max-width: 364px) 100vw, 364px" /></a></p>
<div>
<p>Comencem la sèrie amb Julián Bobis, un company de la promoció 2015, que podem veure en la imatge amb les seves amigues Amanda Aranda i Laura Olmos, al costat de les seves professores Rosa Díaz i Carmela Pérez, en recollir el Premi Escola, agricultura i alimentació ecològica -3a edició- per a l&#8217;Institut Santa Eulàlia.</p>
</div>
<div></div>
<div></div>
<div></div>
<h4>La meva estada a Taiwan</h4>
<div></div>
<div>
<p>Hola a tothom! Em dic Julián Bobis i sóc estudiant de tercer de Ciències Biomèdiques a la Universitat de Barcelona. Ja fa quasi tres anys que vaig acabar Batxillerat a l’IES Santa Eulàlia, etapa de la qual guardo bons records. Per què adreçar-me a vosaltres ara? Aquest estiu he passat un mes a Taiwan, una illa molt a prop de la Xina i Filipines i vull compartir la meva experiència.</p>
<p>L’oportunitat es va presentar gràcies a una associació d’estudiants de Ciències de la Salut (AECS). Aquesta organització realitza pràctiques de recerca en laboratoris o en hospitals per a estudiants universitaris, a part de moltes més activitats i cursets. Així doncs, em vaig apuntar i vaig tenir plaça per anar a Taiwan. Per què Taiwan i no un altre destí? (si ho busqueu en un mapa veureu que està molt lluny i no és gaire conegut) Perquè era una oportunitat única per anar a conèixer una cultura i un país molt diferent del nostre però amb una bona qualitat de vida i bona educació, a més de fer recerca en un bon laboratori per aprendre coses noves.</p>
<p>Les pràctiques han estat molt profitoses: he après un munt de coses noves sobre el tema (bacteris) i noves tècniques. Passava unes quantes hores cada dia al laboratori aprenent i prenent notes de tot el que veia. Però ha estat l’experiència personal el que ha fet aquest mes inoblidable. És un país meravellós, ple de llocs per descobrir i una població encantadora. No és gaire turístic, així que pots visitar i passejar amb calma, però els paisatges, les postes de sol, els temples i les olors són formidables. La gent, encara que no parli anglès, t’ajuda en tot el que pot i intenta conversar amb tu (han vist abans occidentals, però no és una cosa gaire comuna). Està desenvolupat però manté les tradicions i la cultura taiwanesa: és una cultura totalment diferent de la nostra, però no oposada, fet que m’ha ajudat a aprendre a qüestionar-me tot el nostre món i comportaments (des de la forma de menjar, a la societat o les normes al carrer). Els amics que fas en una estada com aquesta són insuperables i hi mantindràs el contacte per molt temps ja que són la teva família allà.</p>
<p>En resum, si mai teniu l’oportunitat de fer una estada en un altre país, ja sigui d’Europa, Àfrica o qualsevol altre continent, us animo a aprofitar-la i marxar. Aprendreu, us ho passareu molt bé, riureu i ho trobareu a faltar tot de casa, però és una oportunitat única en la vida. No en dubteu.</p>
<p>Julián Bobis</p>
<p>&nbsp;</p>
<p>&nbsp;</p>
<p>&nbsp;</p>
<p>&nbsp;</p>
</div>

<p>En aquesta nova secció ens proposem recollir experiències de companys i alumnes nostres que volten pel món, ja sigui amb motiu dels seus estudis, la feina o altres circumstàncies de la vida.<br />
<a href="http://agora.xtec.cat/ies-santa-eulalia/wp-content/uploads/usu1612/2017/10/Bobis-2015.jpg"></a></p>
<p>Comencem la sèrie amb Julián Bobis, un company de la promoció 2015, que podem&hellip;  <a href="https://agora.xtec.cat/ies-santa-eulalia/linstitut/historia/exalumnes-pel-mon/" title="Read Exalumnes pel món">Llegeix més»</a></p>
