{"id":7877,"date":"2021-06-23T13:13:53","date_gmt":"2021-06-23T11:13:53","guid":{"rendered":"http:\/\/agora.xtec.cat\/ies-santa-eulalia\/?page_id=7877"},"modified":"2025-11-07T10:54:06","modified_gmt":"2025-11-07T09:54:06","slug":"ampa","status":"publish","type":"page","link":"https:\/\/agora.xtec.cat\/ies-santa-eulalia\/ampa\/","title":{"rendered":"AMPA"},"content":{"rendered":"<p><img loading=\"lazy\" decoding=\"async\" class=\"wp-image-7876 aligncenter\" src=\"https:\/\/agora.xtec.cat\/ies-santa-eulalia\/wp-content\/uploads\/usu1612\/2021\/06\/AMPA_Banner.png\" alt=\"\" width=\"337\" height=\"121\" srcset=\"https:\/\/agora.xtec.cat\/ies-santa-eulalia\/wp-content\/uploads\/usu1612\/2021\/06\/AMPA_Banner.png 960w, https:\/\/agora.xtec.cat\/ies-santa-eulalia\/wp-content\/uploads\/usu1612\/2021\/06\/AMPA_Banner-300x108.png 300w, https:\/\/agora.xtec.cat\/ies-santa-eulalia\/wp-content\/uploads\/usu1612\/2021\/06\/AMPA_Banner-768x276.png 768w\" sizes=\"auto, (max-width: 337px) 100vw, 337px\" \/><\/p>\n<h4>Els pares i mares d&#8217;alumnes del Santa Eul\u00e0lia col\u00b7laborem de forma activa en tot all\u00f2 que fa refer\u00e8ncia a l&#8217;educaci\u00f3 dels nostres fills.<\/h4>\n<h4>Des de l&#8217;<span style=\"color: #ff6600;\">AMPA<\/span> ens proposem ajudar i donar suport a tots els membres de l&#8217;associaci\u00f3 i de la comunitat educativa. Us convidem a formar-hi part, omplint el full d&#8217;inscripci\u00f3 que podeu trobar <a href=\"https:\/\/agora.xtec.cat\/ies-santa-eulalia\/wp-content\/uploads\/usu1612\/2021\/06\/AMPA-AFILIACIO-2021-2022-1.pdf\"><span style=\"color: #0000ff;\">aqu\u00ed<\/span><\/a>.<\/h4>\n<h4>Sense la participaci\u00f3 de tots els pares i mares, no podr\u00edem tirar endavant cada curs totes aquestes activitats, afilieu-vos!<\/h4>\n<ul>\n<li>\n<h5><span style=\"color: #000080;\">Reunions peri\u00f2diques amb la direcci\u00f3 del centre<\/span>, per comentar propostes de millora.<\/h5>\n<\/li>\n<li>\n<h5>Participaci\u00f3 en el <span style=\"color: #000080;\">projecte Ecobooks<\/span>, de reciclatge de llibres de text per aconseguir un estalvi en la compra de llibres escolars.<\/h5>\n<\/li>\n<li>\n<h5><span style=\"color: #000080;\">Organitzaci\u00f3 d&#8217;activitats extraescolars<\/span> pels alumnes del centre i per les fam\u00edlies, amb descomptes pels membres de l&#8217;AMPA. Els darrers cursos hem organitzat activitats d&#8217;angl\u00e8s, refor\u00e7, rob\u00f2tica i ioga pels pares.<\/h5>\n<\/li>\n<li>\n<h5>Organitzaci\u00f3 del <span style=\"color: #000080;\">taller gratu\u00eft &#8220;Escola de fam\u00edlies&#8221;<\/span>, conjuntament amb professors i ex-professors del centre, que preten donar eines als pares i mares d&#8217;alumnes del centre per acompanyar els seus fills al llarg del seu pas per l&#8217;institut.<\/h5>\n<\/li>\n<li>\n<h5>Col\u00b7laboraci\u00f3 amb el centre per la <span style=\"color: #000080;\">millora dels seus equipaments<\/span>. Gr\u00e0cies a l&#8217;AMPA els darrers cursos s&#8217;ha pogut equipar l&#8217;institut amb projector, pantalles, millorar els laboratoris, etc.<\/h5>\n<\/li>\n<li>\n<h5>Col\u00b7laboraci\u00f3 cada curs amb un <span style=\"color: #000080;\">projecte de millora i innovaci\u00f3<\/span> proposat per algun dels departaments did\u00e0ctics.<\/h5>\n<\/li>\n<\/ul>\n<h1 style=\"text-align: center;\">Quants m\u00e9s serem, m\u00e9s riurem i millor feina podrem fer entre tots. <span style=\"color: #800080;\">Veniu a formar part de l&#8217;<span style=\"color: #ff6600;\">AMPA<\/span><\/span><\/h1>\n","protected":false},"excerpt":{"rendered":"<p>Els pares i mares d&#8217;alumnes del Santa Eul\u00e0lia col\u00b7laborem de forma activa en tot all\u00f2 que fa refer\u00e8ncia a l&#8217;educaci\u00f3 dels nostres fills.<br \/>\nDes de l&#8217;AMPA ens proposem ajudar i donar suport a tots els membres de l&#8217;associaci\u00f3 i de la comunitat educativa. Us convidem a&hellip;  <a href=\"https:\/\/agora.xtec.cat\/ies-santa-eulalia\/ampa\/\" title=\"Read AMPA\">Llegeix m\u00e9s\u00bb<\/a><\/p>\n","protected":false},"author":1,"featured_media":0,"parent":0,"menu_order":0,"comment_status":"closed","ping_status":"closed","template":"","meta":{"_bbp_topic_count":0,"_bbp_reply_count":0,"_bbp_total_topic_count":0,"_bbp_total_reply_count":0,"_bbp_voice_count":0,"_bbp_anonymous_reply_count":0,"_bbp_topic_count_hidden":0,"_bbp_reply_count_hidden":0,"_bbp_forum_subforum_count":0,"footnotes":""},"class_list":["post-7877","page","type-page","status-publish","hentry"],"post_mailing_queue_ids":[],"_links":{"self":[{"href":"https:\/\/agora.xtec.cat\/ies-santa-eulalia\/wp-json\/wp\/v2\/pages\/7877","targetHints":{"allow":["GET"]}}],"collection":[{"href":"https:\/\/agora.xtec.cat\/ies-santa-eulalia\/wp-json\/wp\/v2\/pages"}],"about":[{"href":"https:\/\/agora.xtec.cat\/ies-santa-eulalia\/wp-json\/wp\/v2\/types\/page"}],"author":[{"embeddable":true,"href":"https:\/\/agora.xtec.cat\/ies-santa-eulalia\/wp-json\/wp\/v2\/users\/1"}],"replies":[{"embeddable":true,"href":"https:\/\/agora.xtec.cat\/ies-santa-eulalia\/wp-json\/wp\/v2\/comments?post=7877"}],"version-history":[{"count":4,"href":"https:\/\/agora.xtec.cat\/ies-santa-eulalia\/wp-json\/wp\/v2\/pages\/7877\/revisions"}],"predecessor-version":[{"id":13173,"href":"https:\/\/agora.xtec.cat\/ies-santa-eulalia\/wp-json\/wp\/v2\/pages\/7877\/revisions\/13173"}],"wp:attachment":[{"href":"https:\/\/agora.xtec.cat\/ies-santa-eulalia\/wp-json\/wp\/v2\/media?parent=7877"}],"curies":[{"name":"wp","href":"https:\/\/api.w.org\/{rel}","templated":true}]}}

<p><img loading="lazy" decoding="async" class="wp-image-7876 aligncenter" src="https://agora.xtec.cat/ies-santa-eulalia/wp-content/uploads/usu1612/2021/06/AMPA_Banner.png" alt="" width="337" height="121" srcset="https://agora.xtec.cat/ies-santa-eulalia/wp-content/uploads/usu1612/2021/06/AMPA_Banner.png 960w, https://agora.xtec.cat/ies-santa-eulalia/wp-content/uploads/usu1612/2021/06/AMPA_Banner-300x108.png 300w, https://agora.xtec.cat/ies-santa-eulalia/wp-content/uploads/usu1612/2021/06/AMPA_Banner-768x276.png 768w" sizes="auto, (max-width: 337px) 100vw, 337px" /></p>
<h4>Els pares i mares d&#8217;alumnes del Santa Eulàlia col·laborem de forma activa en tot allò que fa referència a l&#8217;educació dels nostres fills.</h4>
<h4>Des de l&#8217;<span style="color: #ff6600;">AMPA</span> ens proposem ajudar i donar suport a tots els membres de l&#8217;associació i de la comunitat educativa. Us convidem a formar-hi part, omplint el full d&#8217;inscripció que podeu trobar <a href="https://agora.xtec.cat/ies-santa-eulalia/wp-content/uploads/usu1612/2021/06/AMPA-AFILIACIO-2021-2022-1.pdf"><span style="color: #0000ff;">aquí</span></a>.</h4>
<h4>Sense la participació de tots els pares i mares, no podríem tirar endavant cada curs totes aquestes activitats, afilieu-vos!</h4>
<ul>
<li>
<h5><span style="color: #000080;">Reunions periòdiques amb la direcció del centre</span>, per comentar propostes de millora.</h5>
</li>
<li>
<h5>Participació en el <span style="color: #000080;">projecte Ecobooks</span>, de reciclatge de llibres de text per aconseguir un estalvi en la compra de llibres escolars.</h5>
</li>
<li>
<h5><span style="color: #000080;">Organització d&#8217;activitats extraescolars</span> pels alumnes del centre i per les famílies, amb descomptes pels membres de l&#8217;AMPA. Els darrers cursos hem organitzat activitats d&#8217;anglès, reforç, robòtica i ioga pels pares.</h5>
</li>
<li>
<h5>Organització del <span style="color: #000080;">taller gratuït &#8220;Escola de famílies&#8221;</span>, conjuntament amb professors i ex-professors del centre, que preten donar eines als pares i mares d&#8217;alumnes del centre per acompanyar els seus fills al llarg del seu pas per l&#8217;institut.</h5>
</li>
<li>
<h5>Col·laboració amb el centre per la <span style="color: #000080;">millora dels seus equipaments</span>. Gràcies a l&#8217;AMPA els darrers cursos s&#8217;ha pogut equipar l&#8217;institut amb projector, pantalles, millorar els laboratoris, etc.</h5>
</li>
<li>
<h5>Col·laboració cada curs amb un <span style="color: #000080;">projecte de millora i innovació</span> proposat per algun dels departaments didàctics.</h5>
</li>
</ul>
<h1 style="text-align: center;">Quants més serem, més riurem i millor feina podrem fer entre tots. <span style="color: #800080;">Veniu a formar part de l&#8217;<span style="color: #ff6600;">AMPA</span></span></h1>

<p>Els pares i mares d&#8217;alumnes del Santa Eulàlia col·laborem de forma activa en tot allò que fa referència a l&#8217;educació dels nostres fills.<br />
Des de l&#8217;AMPA ens proposem ajudar i donar suport a tots els membres de l&#8217;associació i de la comunitat educativa. Us convidem a&hellip;  <a href="https://agora.xtec.cat/ies-santa-eulalia/ampa/" title="Read AMPA">Llegeix més»</a></p>
