{"id":7846,"date":"2021-06-22T12:53:26","date_gmt":"2021-06-22T10:53:26","guid":{"rendered":"http:\/\/agora.xtec.cat\/ies-santa-eulalia\/?page_id=7846"},"modified":"2021-06-30T10:04:59","modified_gmt":"2021-06-30T08:04:59","slug":"premis-i-concursos","status":"publish","type":"page","link":"https:\/\/agora.xtec.cat\/ies-santa-eulalia\/premis-i-concursos\/","title":{"rendered":"Premis i Concursos"},"content":{"rendered":"<h5>Volem compartir amb vosaltres dues not\u00edcies que ens fan molta il\u00b7lusi\u00f3.<\/h5>\n<h5>\u00c9s un premi a l&#8217;esfor\u00e7 realitzat durant tot el curs per tot l&#8217;equip docent per\u00f2 sobretot \u00e9s un reconeixement a la feina i les capacitats dels nostres alumnes, i nosaltres com a profes ens sentim orgullos@s de tenir-los i de que ens permetin compartir amb alegria aquests els seus \u00e8xits.<\/h5>\n<p>&nbsp;<\/p>\n<table style=\"height: 121px;\" width=\"773\">\n<tbody>\n<tr>\n<td style=\"width: 382.5px; background-color: #7896c2;\" colspan=\"2\">\n<h5 style=\"text-align: center;\"><span style=\"color: #ffffff;\">LES PROVES CANGUR<\/span><\/h5>\n<\/td>\n<\/tr>\n<tr>\n<td style=\"width: 382.5px; background-color: #ffffff; border-style: hidden;\"><a href=\"https:\/\/agora.xtec.cat\/ies-santa-eulalia\/wp-content\/uploads\/usu1612\/2021\/06\/IMG-20210618-WA0005.jpg\"><img loading=\"lazy\" decoding=\"async\" class=\"alignnone wp-image-7813\" src=\"https:\/\/agora.xtec.cat\/ies-santa-eulalia\/wp-content\/uploads\/usu1612\/2021\/06\/IMG-20210618-WA0005.jpg\" alt=\"\" width=\"463\" height=\"347\" srcset=\"https:\/\/agora.xtec.cat\/ies-santa-eulalia\/wp-content\/uploads\/usu1612\/2021\/06\/IMG-20210618-WA0005.jpg 2016w, https:\/\/agora.xtec.cat\/ies-santa-eulalia\/wp-content\/uploads\/usu1612\/2021\/06\/IMG-20210618-WA0005-300x225.jpg 300w, https:\/\/agora.xtec.cat\/ies-santa-eulalia\/wp-content\/uploads\/usu1612\/2021\/06\/IMG-20210618-WA0005-768x576.jpg 768w, https:\/\/agora.xtec.cat\/ies-santa-eulalia\/wp-content\/uploads\/usu1612\/2021\/06\/IMG-20210618-WA0005-1024x768.jpg 1024w, https:\/\/agora.xtec.cat\/ies-santa-eulalia\/wp-content\/uploads\/usu1612\/2021\/06\/IMG-20210618-WA0005-200x150.jpg 200w\" sizes=\"auto, (max-width: 463px) 100vw, 463px\" \/><\/a><\/td>\n<td style=\"width: 382.5px; background-color: #ffffff; border-style: hidden;\">\n<h5>En primer lloc, nom\u00e9s per obrir boca, aquest curs hem tingut una gran participaci\u00f3 a les proves Cangur, on nois i noies de tota Catalunya s&#8217;engresquen a resoldre petits problemes de l\u00f2gica i matem\u00e0tiques de resposta m\u00faltiple. I a m\u00e9s a m\u00e9s d&#8217;aquesta gran motivaci\u00f3, nom\u00e9s dir que alguns d&#8217;ells han obtingut resultats molt molt positius, quedant entre el 5% millor de Catalunya. El departament de Matem\u00e0tiques segueix apostant cada curs per la innovaci\u00f3 unida a l&#8217;experi\u00e8ncia del nostre professorat que porten anys i anys de doc\u00e8ncia a les seves espatlles i esperem seguir tenint sorpreses tan bones pels propers cursos.<\/h5>\n<\/td>\n<\/tr>\n<tr>\n<td style=\"width: 382.5px; background-color: #ffffff; border-style: hidden;\" colspan=\"2\">\n<h5><strong>Aqu\u00ed teniu el llistat dels millors:<\/strong><\/h5>\n<\/td>\n<\/tr>\n<tr>\n<td style=\"width: 382.5px; background-color: #ffffff; border-style: hidden;\" colspan=\"2\"><span style=\"color: #800080;\"><strong>A PRIMER D&#8217;ESO:<\/strong><\/span><\/p>\n<ul>\n<li><span style=\"color: #800080;\"><strong>La <\/strong><\/span><strong>Sara Martin<\/strong><span style=\"color: #800080;\"><strong> ha quedat en posici\u00f3 555, entre el 2&#8217;87% millor<\/strong><\/span><\/li>\n<li><span style=\"color: #800080;\"><strong>La <\/strong><\/span><strong>Laia Migu\u00e9lez<\/strong><span style=\"color: #800080;\"><strong> ha quedat en posici\u00f3 665, entre el 3,44% millor<\/strong><\/span><\/li>\n<\/ul>\n<p><span style=\"color: #0000ff;\"><strong>A SEGON D&#8217;ESO<\/strong><\/span><\/p>\n<ul>\n<li><span style=\"color: #0000ff;\"><strong>El <\/strong><\/span><strong>Ruben Muniesa<\/strong><span style=\"color: #0000ff;\"><strong> ha quedat en posici\u00f3 433, entre el 2&#8217;48% millor.<\/strong><\/span><\/li>\n<li><span style=\"color: #0000ff;\"><strong>L&#8217;<\/strong><\/span><strong>Alba Tort<\/strong><span style=\"color: #0000ff;\"><strong> ha quedat en posici\u00f3 661, entre el 3,78% millor.<\/strong><\/span><\/li>\n<\/ul>\n<p><span style=\"color: #ff6600;\"><strong>A TERCER D&#8217;ESO<\/strong><\/span><\/p>\n<ul>\n<li><span style=\"color: #ff6600;\"><strong>L&#8217;<\/strong><\/span><strong>Emma Cano<\/strong><span style=\"color: #ff6600;\"><strong> ha quedat en posici\u00f3 243, entre el 1,53% millor.<\/strong><\/span><\/li>\n<li><span style=\"color: #ff6600;\"><strong>L&#8217;<\/strong><\/span><strong>\u00c0lex Gim\u00e9nez<\/strong><span style=\"color: #ff6600;\"><strong> ha quedat en posici\u00f3 223, entre el 1,41% millor<\/strong><\/span><\/li>\n<\/ul>\n<p><span style=\"color: #339966;\"><strong>A QUART D&#8217;ESO<\/strong><\/span><\/p>\n<ul>\n<li><span style=\"color: #339966;\"><strong>El <\/strong><\/span><strong>Bruno Cant\u00f3n<\/strong><span style=\"color: #339966;\"><strong> ha quedat en posici\u00f3 327, entre el 3,08% millor.<\/strong><\/span><\/li>\n<\/ul>\n<\/td>\n<\/tr>\n<tr>\n<td style=\"width: 382.5px; background-color: #ffffff; border-style: hidden;\" colspan=\"2\" rowspan=\"2\">\n<h5 style=\"text-align: center;\">Per acabar, aquest any hi ha un alumne que ha trencat tots els r\u00e8cords. S&#8217;ho ha treballat molt, ha practicat i t\u00e9 una capactitat per les mates fora del com\u00fa.<\/h5>\n<h4 style=\"text-align: center;\">En <span style=\"color: #0000ff;\"><strong>Miquel Gargallo<\/strong><\/span>, que cursa 4t d&#8217;eso al nostre centre, ha quedat <span style=\"color: #0000ff;\"><strong>en posici\u00f3 21<\/strong><\/span> de Catalunya. \u00c9s o no \u00e9s incre\u00efble?<\/h4>\n<\/td>\n<\/tr>\n<\/tbody>\n<\/table>\n<p>&nbsp;<\/p>\n<table style=\"height: 656px;\">\n<tbody>\n<tr style=\"height: 50px;\">\n<td style=\"width: 767px; background-color: #9b06d6; height: 50px;\" colspan=\"2\">\n<h5 style=\"text-align: center;\"><span style=\"color: #ffffff;\">CONCURS PASTWOMEN<\/span><\/h5>\n<\/td>\n<\/tr>\n<tr style=\"height: 354px;\">\n<td style=\"width: 382.5px; background-color: #ffffff; border-style: hidden; height: 354px;\"><a href=\"https:\/\/agora.xtec.cat\/ies-santa-eulalia\/wp-content\/uploads\/usu1612\/2021\/06\/pastwomen.png\"><img loading=\"lazy\" decoding=\"async\" class=\"alignnone size-full wp-image-7854\" src=\"https:\/\/agora.xtec.cat\/ies-santa-eulalia\/wp-content\/uploads\/usu1612\/2021\/06\/pastwomen.png\" alt=\"\" width=\"324\" height=\"155\" srcset=\"https:\/\/agora.xtec.cat\/ies-santa-eulalia\/wp-content\/uploads\/usu1612\/2021\/06\/pastwomen.png 324w, https:\/\/agora.xtec.cat\/ies-santa-eulalia\/wp-content\/uploads\/usu1612\/2021\/06\/pastwomen-300x144.png 300w\" sizes=\"auto, (max-width: 324px) 100vw, 324px\" \/><\/a><\/td>\n<td style=\"width: 382.5px; background-color: #ffffff; border-style: hidden; height: 354px;\">\n<h5><strong>En segon lloc, el plat fort del dia \u00e9s comentar-vos que hem resultat guanyadors, en primer i tercer lloc, del concurs Pastwomen, d&#8217;\u00e0mbit estatal (han concursat alumnes de tot el territori espanyol).<\/strong><\/h5>\n<h5><strong>Pastwomen te com a objectiu donar visibilitat a les l\u00ednies\u00a0d&#8217;investigaci\u00f3 sobre les dones en arqueologia i hist\u00f2ria.<\/strong><\/h5>\n<h5><strong>Amb la seva acci\u00f3 a les xarxes pret\u00e9n donar recursos actualitzats amb una perspectiva de g\u00e8nere per a la divulgaci\u00f3 hist\u00f2rica.\u00a0 Podeu consultar m\u00e9s informaci\u00f3 a la web:<\/strong><\/h5>\n<div dir=\"auto\"><strong><a href=\"https:\/\/buscando.pastwomen.net\/\" target=\"_blank\" rel=\"noopener noreferrer\" data-saferedirecturl=\"https:\/\/www.google.com\/url?q=https:\/\/buscando.pastwomen.net\/&amp;source=gmail&amp;ust=1624445377708000&amp;usg=AFQjCNHr0Z5NGaxYh4Fe6kk2UnIAMY9fyw\">https:\/\/buscando.pastwomen.<wbr \/>net\/<\/a><\/strong><\/div>\n<\/td>\n<\/tr>\n<tr style=\"height: 204px;\">\n<td style=\"width: 382.5px; background-color: #ffffff; border-style: hidden; height: 204px;\"><a href=\"https:\/\/drive.google.com\/file\/d\/1H6XBuNslxDsgAg5k5CoyXfUaUSW_oJh6\/view?usp=sharing\"><img loading=\"lazy\" decoding=\"async\" class=\"wp-image-7856 aligncenter\" src=\"https:\/\/agora.xtec.cat\/ies-santa-eulalia\/wp-content\/uploads\/usu1612\/2021\/06\/video-1.png\" alt=\"\" width=\"305\" height=\"155\" srcset=\"https:\/\/agora.xtec.cat\/ies-santa-eulalia\/wp-content\/uploads\/usu1612\/2021\/06\/video-1.png 824w, https:\/\/agora.xtec.cat\/ies-santa-eulalia\/wp-content\/uploads\/usu1612\/2021\/06\/video-1-300x153.png 300w, https:\/\/agora.xtec.cat\/ies-santa-eulalia\/wp-content\/uploads\/usu1612\/2021\/06\/video-1-768x391.png 768w\" sizes=\"auto, (max-width: 305px) 100vw, 305px\" \/><\/a><\/td>\n<td style=\"width: 382.5px; background-color: #ffffff; border-style: hidden; height: 204px;\">\n<h5><strong>A l&#8217;esquerra podeu gaudir del v\u00eddeo dels guanyadors i guanyadores, tots alumnes de 3rC:<\/strong><\/h5>\n<ul>\n<li><strong>Anni Jia<\/strong><\/li>\n<li><strong>Carla Dorada<\/strong><\/li>\n<li><strong>In\u00e9s Ib\u00e1\u00f1ez<\/strong><\/li>\n<li><strong>Rub\u00e9n Morales<\/strong><\/li>\n<li><strong>Janna P\u00e9rez<\/strong><\/li>\n<\/ul>\n<\/td>\n<\/tr>\n<tr style=\"height: 48px;\">\n<td style=\"width: 382.5px; background-color: #ffffff; border-style: hidden; height: 48px;\"><a href=\"https:\/\/drive.google.com\/file\/d\/1Hy-EGPByalJJ6Nwzv0ge4CdJB5bQ91-X\/view?usp=sharing\"><img loading=\"lazy\" decoding=\"async\" class=\"wp-image-7858 aligncenter\" src=\"https:\/\/agora.xtec.cat\/ies-santa-eulalia\/wp-content\/uploads\/usu1612\/2021\/06\/video2.png\" alt=\"\" width=\"313\" height=\"181\" srcset=\"https:\/\/agora.xtec.cat\/ies-santa-eulalia\/wp-content\/uploads\/usu1612\/2021\/06\/video2.png 566w, https:\/\/agora.xtec.cat\/ies-santa-eulalia\/wp-content\/uploads\/usu1612\/2021\/06\/video2-300x173.png 300w\" sizes=\"auto, (max-width: 313px) 100vw, 313px\" \/><\/a><\/td>\n<td style=\"width: 382.5px; background-color: #ffffff; border-style: hidden; height: 48px;\">\n<h5><strong>I aqu\u00ed teniu el v\u00eddeo dels nostres alumnes de 3rA que han quedat en 3ra posici\u00f3:<\/strong><\/h5>\n<ul>\n<li><strong>Lucia Basalo<\/strong><\/li>\n<li><strong>Melani Coaquira,<\/strong><\/li>\n<li><strong>Keyra Epul<\/strong><\/li>\n<li><strong>Zahira Serrano<\/strong><\/li>\n<\/ul>\n<\/td>\n<\/tr>\n<tr>\n<td style=\"width: 382.5px; background-color: #ffffff; border-style: hidden;\"><a href=\"https:\/\/www.youtube.com\/watch?v=LsZZZovu-e4\"><img loading=\"lazy\" decoding=\"async\" class=\"wp-image-7867 aligncenter\" src=\"https:\/\/agora.xtec.cat\/ies-santa-eulalia\/wp-content\/uploads\/usu1612\/2021\/06\/buscandopastwomen.png\" alt=\"\" width=\"310\" height=\"172\" srcset=\"https:\/\/agora.xtec.cat\/ies-santa-eulalia\/wp-content\/uploads\/usu1612\/2021\/06\/buscandopastwomen.png 845w, https:\/\/agora.xtec.cat\/ies-santa-eulalia\/wp-content\/uploads\/usu1612\/2021\/06\/buscandopastwomen-300x166.png 300w, https:\/\/agora.xtec.cat\/ies-santa-eulalia\/wp-content\/uploads\/usu1612\/2021\/06\/buscandopastwomen-768x424.png 768w\" sizes=\"auto, (max-width: 310px) 100vw, 310px\" \/><\/a><\/td>\n<td style=\"width: 382.5px; background-color: #ffffff; border-style: hidden;\">\n<h5><strong>Si feu clic a la imatge de l&#8217;esquerra podeu accedir a l&#8217;entrega de premis.<\/strong><\/h5>\n<h5><strong>\u00a0<\/strong><\/h5>\n<\/td>\n<\/tr>\n<\/tbody>\n<\/table>\n<p>&nbsp;<\/p>\n<p>&nbsp;<\/p>\n","protected":false},"excerpt":{"rendered":"<p>Volem compartir amb vosaltres dues not\u00edcies que ens fan molta il\u00b7lusi\u00f3.<br \/>\n\u00c9s un premi a l&#8217;esfor\u00e7 realitzat durant tot el curs per tot l&#8217;equip docent per\u00f2 sobretot \u00e9s un reconeixement a la feina i les capacitats dels nostres alumnes, i nosaltres com a profes ens sentim&hellip;  <a href=\"https:\/\/agora.xtec.cat\/ies-santa-eulalia\/premis-i-concursos\/\" title=\"Read Premis i Concursos\">Llegeix m\u00e9s\u00bb<\/a><\/p>\n","protected":false},"author":1,"featured_media":0,"parent":0,"menu_order":0,"comment_status":"closed","ping_status":"closed","template":"","meta":{"_bbp_topic_count":0,"_bbp_reply_count":0,"_bbp_total_topic_count":0,"_bbp_total_reply_count":0,"_bbp_voice_count":0,"_bbp_anonymous_reply_count":0,"_bbp_topic_count_hidden":0,"_bbp_reply_count_hidden":0,"_bbp_forum_subforum_count":0,"footnotes":""},"class_list":["post-7846","page","type-page","status-publish","hentry"],"post_mailing_queue_ids":[],"_links":{"self":[{"href":"https:\/\/agora.xtec.cat\/ies-santa-eulalia\/wp-json\/wp\/v2\/pages\/7846","targetHints":{"allow":["GET"]}}],"collection":[{"href":"https:\/\/agora.xtec.cat\/ies-santa-eulalia\/wp-json\/wp\/v2\/pages"}],"about":[{"href":"https:\/\/agora.xtec.cat\/ies-santa-eulalia\/wp-json\/wp\/v2\/types\/page"}],"author":[{"embeddable":true,"href":"https:\/\/agora.xtec.cat\/ies-santa-eulalia\/wp-json\/wp\/v2\/users\/1"}],"replies":[{"embeddable":true,"href":"https:\/\/agora.xtec.cat\/ies-santa-eulalia\/wp-json\/wp\/v2\/comments?post=7846"}],"version-history":[{"count":4,"href":"https:\/\/agora.xtec.cat\/ies-santa-eulalia\/wp-json\/wp\/v2\/pages\/7846\/revisions"}],"predecessor-version":[{"id":7892,"href":"https:\/\/agora.xtec.cat\/ies-santa-eulalia\/wp-json\/wp\/v2\/pages\/7846\/revisions\/7892"}],"wp:attachment":[{"href":"https:\/\/agora.xtec.cat\/ies-santa-eulalia\/wp-json\/wp\/v2\/media?parent=7846"}],"curies":[{"name":"wp","href":"https:\/\/api.w.org\/{rel}","templated":true}]}}