{"id":624,"date":"2017-04-05T12:01:38","date_gmt":"2017-04-05T10:01:38","guid":{"rendered":"http:\/\/agora.xtec.cat\/ies-santa-eulalia\/?page_id=624"},"modified":"2022-10-28T08:59:23","modified_gmt":"2022-10-28T06:59:23","slug":"infermeria","status":"publish","type":"page","link":"https:\/\/agora.xtec.cat\/ies-santa-eulalia\/administracio-i-serveis\/infermeria\/","title":{"rendered":"Infermera"},"content":{"rendered":"<p style=\"text-align: center;\"><strong>SERVEI D&#8217;INFERMERIA<\/strong><\/p>\n<p>La Consulta Oberta \u00e9s un espai d&#8217;atenci\u00f3 directa i de consulta adre\u00e7at a adolescents que s&#8217;ofereix dins del centre educatiu amb un\/a professional d&#8217;infermeria del <a href=\"https:\/\/salutpublica.gencat.cat\/ca\/ambits\/promocio_salut\/salut-i-escola\/Informacio-per-a-centres-educatius\/\" target=\"_blank\" rel=\"noopener\" data-saferedirecturl=\"https:\/\/www.google.com\/url?q=https:\/\/salutpublica.gencat.cat\/ca\/ambits\/promocio_salut\/salut-i-escola\/Informacio-per-a-centres-educatius\/&amp;source=gmail&amp;ust=1666951693869000&amp;usg=AOvVaw041TpJW1hln2HTehkSdOSC\">Programa Salut i Escola (PSiE)<\/a>\u00a0que es despla\u00e7a des del centre d&#8217;atenci\u00f3 prim\u00e0ria de salut.<\/p>\n<p>Aquest any el servei de la infermera s\u00f3n els DIVENDRES de forma quinzenal en horari 11:45 a 13:45h.<\/p>\n<p>El servei comen\u00e7a el 28 d&#8217;octubre del 2022.<\/p>\n<p><a href=\"https:\/\/salutpublica.gencat.cat\/ca\/ambits\/promocio_salut\/salut-i-escola\/Informacio-per-a-centres-educatius\/\"><img loading=\"lazy\" decoding=\"async\" class=\"size-full wp-image-9445 aligncenter\" src=\"https:\/\/agora.xtec.cat\/ies-santa-eulalia\/wp-content\/uploads\/usu1612\/2022\/10\/salut-i-escola.png\" alt=\"\" width=\"263\" height=\"262\" srcset=\"https:\/\/agora.xtec.cat\/ies-santa-eulalia\/wp-content\/uploads\/usu1612\/2022\/10\/salut-i-escola.png 263w, https:\/\/agora.xtec.cat\/ies-santa-eulalia\/wp-content\/uploads\/usu1612\/2022\/10\/salut-i-escola-150x150.png 150w\" sizes=\"auto, (max-width: 263px) 100vw, 263px\" \/><\/a><\/p>\n","protected":false},"excerpt":{"rendered":"<p>SERVEI D&#8217;INFERMERIA<br \/>\nLa Consulta Oberta \u00e9s un espai d&#8217;atenci\u00f3 directa i de consulta adre\u00e7at a adolescents que s&#8217;ofereix dins del centre educatiu amb un\/a professional d&#8217;infermeria del <a href=\"https:\/\/salutpublica.gencat.cat\/ca\/ambits\/promocio_salut\/salut-i-escola\/Informacio-per-a-centres-educatius\/\" target=\"_blank\" rel=\"noopener\" data-saferedirecturl=\"https:\/\/www.google.com\/url?q=https:\/\/salutpublica.gencat.cat\/ca\/ambits\/promocio_salut\/salut-i-escola\/Informacio-per-a-centres-educatius\/&amp;source=gmail&amp;ust=1666951693869000&amp;usg=AOvVaw041TpJW1hln2HTehkSdOSC\">Programa Salut i Escola (PSiE)<\/a>\u00a0que es despla\u00e7a des del centre d&#8217;atenci\u00f3 prim\u00e0ria de salut.<br \/>\nAquest any&hellip;  <a href=\"https:\/\/agora.xtec.cat\/ies-santa-eulalia\/administracio-i-serveis\/infermeria\/\" title=\"Read Infermera\">Llegeix m\u00e9s\u00bb<\/a><\/p>\n","protected":false},"author":1,"featured_media":0,"parent":4826,"menu_order":50,"comment_status":"closed","ping_status":"closed","template":"page-templates\/side-menu.php","meta":{"_bbp_topic_count":0,"_bbp_reply_count":0,"_bbp_total_topic_count":0,"_bbp_total_reply_count":0,"_bbp_voice_count":0,"_bbp_anonymous_reply_count":0,"_bbp_topic_count_hidden":0,"_bbp_reply_count_hidden":0,"_bbp_forum_subforum_count":0,"footnotes":""},"class_list":["post-624","page","type-page","status-publish","hentry"],"post_mailing_queue_ids":[],"_links":{"self":[{"href":"https:\/\/agora.xtec.cat\/ies-santa-eulalia\/wp-json\/wp\/v2\/pages\/624","targetHints":{"allow":["GET"]}}],"collection":[{"href":"https:\/\/agora.xtec.cat\/ies-santa-eulalia\/wp-json\/wp\/v2\/pages"}],"about":[{"href":"https:\/\/agora.xtec.cat\/ies-santa-eulalia\/wp-json\/wp\/v2\/types\/page"}],"author":[{"embeddable":true,"href":"https:\/\/agora.xtec.cat\/ies-santa-eulalia\/wp-json\/wp\/v2\/users\/1"}],"replies":[{"embeddable":true,"href":"https:\/\/agora.xtec.cat\/ies-santa-eulalia\/wp-json\/wp\/v2\/comments?post=624"}],"version-history":[{"count":2,"href":"https:\/\/agora.xtec.cat\/ies-santa-eulalia\/wp-json\/wp\/v2\/pages\/624\/revisions"}],"predecessor-version":[{"id":9448,"href":"https:\/\/agora.xtec.cat\/ies-santa-eulalia\/wp-json\/wp\/v2\/pages\/624\/revisions\/9448"}],"up":[{"embeddable":true,"href":"https:\/\/agora.xtec.cat\/ies-santa-eulalia\/wp-json\/wp\/v2\/pages\/4826"}],"wp:attachment":[{"href":"https:\/\/agora.xtec.cat\/ies-santa-eulalia\/wp-json\/wp\/v2\/media?parent=624"}],"curies":[{"name":"wp","href":"https:\/\/api.w.org\/{rel}","templated":true}]}}

<p style="text-align: center;"><strong>SERVEI D&#8217;INFERMERIA</strong></p>
<p>La Consulta Oberta és un espai d&#8217;atenció directa i de consulta adreçat a adolescents que s&#8217;ofereix dins del centre educatiu amb un/a professional d&#8217;infermeria del <a href="https://salutpublica.gencat.cat/ca/ambits/promocio_salut/salut-i-escola/Informacio-per-a-centres-educatius/" target="_blank" rel="noopener" data-saferedirecturl="https://www.google.com/url?q=https://salutpublica.gencat.cat/ca/ambits/promocio_salut/salut-i-escola/Informacio-per-a-centres-educatius/&amp;source=gmail&amp;ust=1666951693869000&amp;usg=AOvVaw041TpJW1hln2HTehkSdOSC">Programa Salut i Escola (PSiE)</a> que es desplaça des del centre d&#8217;atenció primària de salut.</p>
<p>Aquest any el servei de la infermera són els DIVENDRES de forma quinzenal en horari 11:45 a 13:45h.</p>
<p>El servei comença el 28 d&#8217;octubre del 2022.</p>
<p><a href="https://salutpublica.gencat.cat/ca/ambits/promocio_salut/salut-i-escola/Informacio-per-a-centres-educatius/"><img loading="lazy" decoding="async" class="size-full wp-image-9445 aligncenter" src="https://agora.xtec.cat/ies-santa-eulalia/wp-content/uploads/usu1612/2022/10/salut-i-escola.png" alt="" width="263" height="262" srcset="https://agora.xtec.cat/ies-santa-eulalia/wp-content/uploads/usu1612/2022/10/salut-i-escola.png 263w, https://agora.xtec.cat/ies-santa-eulalia/wp-content/uploads/usu1612/2022/10/salut-i-escola-150x150.png 150w" sizes="auto, (max-width: 263px) 100vw, 263px" /></a></p>

<p>SERVEI D&#8217;INFERMERIA<br />
La Consulta Oberta és un espai d&#8217;atenció directa i de consulta adreçat a adolescents que s&#8217;ofereix dins del centre educatiu amb un/a professional d&#8217;infermeria del <a href="https://salutpublica.gencat.cat/ca/ambits/promocio_salut/salut-i-escola/Informacio-per-a-centres-educatius/" target="_blank" rel="noopener" data-saferedirecturl="https://www.google.com/url?q=https://salutpublica.gencat.cat/ca/ambits/promocio_salut/salut-i-escola/Informacio-per-a-centres-educatius/&amp;source=gmail&amp;ust=1666951693869000&amp;usg=AOvVaw041TpJW1hln2HTehkSdOSC">Programa Salut i Escola (PSiE)</a> que es desplaça des del centre d&#8217;atenció primària de salut.<br />
Aquest any&hellip;  <a href="https://agora.xtec.cat/ies-santa-eulalia/administracio-i-serveis/infermeria/" title="Read Infermera">Llegeix més»</a></p>
