{"id":621,"date":"2017-04-05T11:52:34","date_gmt":"2017-04-05T09:52:34","guid":{"rendered":"http:\/\/agora.xtec.cat\/ies-santa-eulalia\/?page_id=621"},"modified":"2024-09-10T08:39:20","modified_gmt":"2024-09-10T06:39:20","slug":"consergeria","status":"publish","type":"page","link":"https:\/\/agora.xtec.cat\/ies-santa-eulalia\/administracio-i-serveis\/consergeria\/","title":{"rendered":"Consergeria"},"content":{"rendered":"<p>La <span style=\"color: #ff6600;\"><strong>consergeria<\/strong><\/span> del centre roman oberta en horari de dilluns a divendres, mat\u00ed i tarda.<\/p>\n<p>Per qualsevol consulta, us atendr\u00e0 algun dels nostres conserges, la <strong>Raquel<\/strong>, la <strong>Carol<\/strong>\u00a0o el <strong>Mario<\/strong>.<\/p>\n<p>Us hi podeu adre\u00e7ar directament o b\u00e9 telef\u00f2nicament.<\/p>\n<p>&nbsp;<\/p>\n<h3><\/h3>\n<p>&nbsp;<\/p>\n<p>&nbsp;<\/p>\n<p>&nbsp;<\/p>\n<p>&nbsp;<\/p>\n","protected":false},"excerpt":{"rendered":"<p>La consergeria del centre roman oberta en horari de dilluns a divendres, mat\u00ed i tarda.<br \/>\nPer qualsevol consulta, us atendr\u00e0 algun dels nostres conserges, la Raquel, la Carol\u00a0o el Mario.<br \/>\nUs hi podeu adre\u00e7ar directament o b\u00e9 telef\u00f2nicament.<br \/>\n&nbsp;<\/p>\n<p>&nbsp;<br \/>\n&nbsp;<br \/>\n&nbsp;<br \/>\n&nbsp;<\/p>\n","protected":false},"author":1,"featured_media":0,"parent":4826,"menu_order":20,"comment_status":"closed","ping_status":"closed","template":"page-templates\/side-menu.php","meta":{"_bbp_topic_count":0,"_bbp_reply_count":0,"_bbp_total_topic_count":0,"_bbp_total_reply_count":0,"_bbp_voice_count":0,"_bbp_anonymous_reply_count":0,"_bbp_topic_count_hidden":0,"_bbp_reply_count_hidden":0,"_bbp_forum_subforum_count":0,"footnotes":""},"class_list":["post-621","page","type-page","status-publish","hentry"],"post_mailing_queue_ids":[],"_links":{"self":[{"href":"https:\/\/agora.xtec.cat\/ies-santa-eulalia\/wp-json\/wp\/v2\/pages\/621","targetHints":{"allow":["GET"]}}],"collection":[{"href":"https:\/\/agora.xtec.cat\/ies-santa-eulalia\/wp-json\/wp\/v2\/pages"}],"about":[{"href":"https:\/\/agora.xtec.cat\/ies-santa-eulalia\/wp-json\/wp\/v2\/types\/page"}],"author":[{"embeddable":true,"href":"https:\/\/agora.xtec.cat\/ies-santa-eulalia\/wp-json\/wp\/v2\/users\/1"}],"replies":[{"embeddable":true,"href":"https:\/\/agora.xtec.cat\/ies-santa-eulalia\/wp-json\/wp\/v2\/comments?post=621"}],"version-history":[{"count":5,"href":"https:\/\/agora.xtec.cat\/ies-santa-eulalia\/wp-json\/wp\/v2\/pages\/621\/revisions"}],"predecessor-version":[{"id":11807,"href":"https:\/\/agora.xtec.cat\/ies-santa-eulalia\/wp-json\/wp\/v2\/pages\/621\/revisions\/11807"}],"up":[{"embeddable":true,"href":"https:\/\/agora.xtec.cat\/ies-santa-eulalia\/wp-json\/wp\/v2\/pages\/4826"}],"wp:attachment":[{"href":"https:\/\/agora.xtec.cat\/ies-santa-eulalia\/wp-json\/wp\/v2\/media?parent=621"}],"curies":[{"name":"wp","href":"https:\/\/api.w.org\/{rel}","templated":true}]}}

<p>La <span style="color: #ff6600;"><strong>consergeria</strong></span> del centre roman oberta en horari de dilluns a divendres, matí i tarda.</p>
<p>Per qualsevol consulta, us atendrà algun dels nostres conserges, la <strong>Raquel</strong>, la <strong>Carol</strong> o el <strong>Mario</strong>.</p>
<p>Us hi podeu adreçar directament o bé telefònicament.</p>
<p>&nbsp;</p>
<h3></h3>
<p>&nbsp;</p>
<p>&nbsp;</p>
<p>&nbsp;</p>
<p>&nbsp;</p>

<p>La consergeria del centre roman oberta en horari de dilluns a divendres, matí i tarda.<br />
Per qualsevol consulta, us atendrà algun dels nostres conserges, la Raquel, la Carol o el Mario.<br />
Us hi podeu adreçar directament o bé telefònicament.<br />
&nbsp;</p>
<p>&nbsp;<br />
&nbsp;<br />
&nbsp;<br />
&nbsp;</p>
