{"id":5621,"date":"2019-12-13T13:30:50","date_gmt":"2019-12-13T12:30:50","guid":{"rendered":"http:\/\/agora.xtec.cat\/ies-santa-eulalia\/?page_id=5621"},"modified":"2019-12-13T13:30:50","modified_gmt":"2019-12-13T12:30:50","slug":"qui-som","status":"publish","type":"page","link":"https:\/\/agora.xtec.cat\/ies-santa-eulalia\/com-treballem\/projectes\/qui-som\/","title":{"rendered":"Qui som?"},"content":{"rendered":"<p>Amb l&#8217;objectiu d&#8217;enriquir-se de la diversitat de l&#8217;aula, els alumnes de 1r d&#8217;ESO participen en un projecte interdisciplinari on elaboren un quadern digital del grup-aula. En aquest quadern els alumnes realitzen activitats individuals i grupals per con\u00e8ixer-se millor.<\/p>\n<p><a href=\"https:\/\/agora.xtec.cat\/ies-santa-eulalia\/wp-content\/uploads\/usu1612\/2019\/12\/IMG-20191120-WA0002.jpg\"><img loading=\"lazy\" decoding=\"async\" class=\" wp-image-5587 aligncenter\" src=\"https:\/\/agora.xtec.cat\/ies-santa-eulalia\/wp-content\/uploads\/usu1612\/2019\/12\/IMG-20191120-WA0002-300x169.jpg\" alt=\"\" width=\"346\" height=\"195\" srcset=\"https:\/\/agora.xtec.cat\/ies-santa-eulalia\/wp-content\/uploads\/usu1612\/2019\/12\/IMG-20191120-WA0002-300x169.jpg 300w, https:\/\/agora.xtec.cat\/ies-santa-eulalia\/wp-content\/uploads\/usu1612\/2019\/12\/IMG-20191120-WA0002-768x432.jpg 768w, https:\/\/agora.xtec.cat\/ies-santa-eulalia\/wp-content\/uploads\/usu1612\/2019\/12\/IMG-20191120-WA0002-1024x576.jpg 1024w, https:\/\/agora.xtec.cat\/ies-santa-eulalia\/wp-content\/uploads\/usu1612\/2019\/12\/IMG-20191120-WA0002.jpg 2048w\" sizes=\"auto, (max-width: 346px) 100vw, 346px\" \/><\/a><\/p>\n<p>Tot partint d&#8217;unes normes b\u00e0siques de treball en equip i uns c\u00e0rrecs que faciliten el bon funcionament de les activitats, els nois i noies de 1r treballen presentacions individuals en catal\u00e0, la descripci\u00f3 d&#8217;una persona que admiren en castell\u00e0, una fitxa t\u00e8cnica del seu animal preferit incorporant la llengua anglesa, un autoretrat a l&#8217;estil d&#8217;Andy Warhol i un estudi estad\u00edstic sobre els trets caracter\u00edstics dels companys.<\/p>\n<p><a href=\"https:\/\/agora.xtec.cat\/ies-santa-eulalia\/wp-content\/uploads\/usu1612\/2019\/12\/IMG-20191120-WA0003.jpg\"><img loading=\"lazy\" decoding=\"async\" class=\" wp-image-5588 aligncenter\" src=\"https:\/\/agora.xtec.cat\/ies-santa-eulalia\/wp-content\/uploads\/usu1612\/2019\/12\/IMG-20191120-WA0003-300x169.jpg\" alt=\"\" width=\"353\" height=\"199\" srcset=\"https:\/\/agora.xtec.cat\/ies-santa-eulalia\/wp-content\/uploads\/usu1612\/2019\/12\/IMG-20191120-WA0003-300x169.jpg 300w, https:\/\/agora.xtec.cat\/ies-santa-eulalia\/wp-content\/uploads\/usu1612\/2019\/12\/IMG-20191120-WA0003-768x432.jpg 768w, https:\/\/agora.xtec.cat\/ies-santa-eulalia\/wp-content\/uploads\/usu1612\/2019\/12\/IMG-20191120-WA0003-1024x576.jpg 1024w, https:\/\/agora.xtec.cat\/ies-santa-eulalia\/wp-content\/uploads\/usu1612\/2019\/12\/IMG-20191120-WA0003.jpg 2048w\" sizes=\"auto, (max-width: 353px) 100vw, 353px\" \/><\/a><\/p>\n<p>Amb tot aquest material elaborat i recollit al quadern, cada alumne tindr\u00e0 un record de tots els seus companys i companyes de 1r d&#8217;ESO.<\/p>\n<p><a href=\"https:\/\/agora.xtec.cat\/ies-santa-eulalia\/wp-content\/uploads\/usu1612\/2019\/12\/IMG-20191120-WA0001.jpg\"><img loading=\"lazy\" decoding=\"async\" class=\" wp-image-5586 aligncenter\" src=\"https:\/\/agora.xtec.cat\/ies-santa-eulalia\/wp-content\/uploads\/usu1612\/2019\/12\/IMG-20191120-WA0001-300x169.jpg\" alt=\"\" width=\"343\" height=\"193\" srcset=\"https:\/\/agora.xtec.cat\/ies-santa-eulalia\/wp-content\/uploads\/usu1612\/2019\/12\/IMG-20191120-WA0001-300x169.jpg 300w, https:\/\/agora.xtec.cat\/ies-santa-eulalia\/wp-content\/uploads\/usu1612\/2019\/12\/IMG-20191120-WA0001-768x432.jpg 768w, https:\/\/agora.xtec.cat\/ies-santa-eulalia\/wp-content\/uploads\/usu1612\/2019\/12\/IMG-20191120-WA0001-1024x576.jpg 1024w, https:\/\/agora.xtec.cat\/ies-santa-eulalia\/wp-content\/uploads\/usu1612\/2019\/12\/IMG-20191120-WA0001.jpg 2048w\" sizes=\"auto, (max-width: 343px) 100vw, 343px\" \/><\/a><\/p>\n","protected":false},"excerpt":{"rendered":"<p>Amb l&#8217;objectiu d&#8217;enriquir-se de la diversitat de l&#8217;aula, els alumnes de 1r d&#8217;ESO participen en un projecte interdisciplinari on elaboren un quadern digital del grup-aula. En aquest quadern els alumnes realitzen activitats individuals i grupals per con\u00e8ixer-se millor.<br \/>\n<a href=\"https:\/\/agora.xtec.cat\/ies-santa-eulalia\/wp-content\/uploads\/usu1612\/2019\/12\/IMG-20191120-WA0002.jpg\"><\/a><br \/>\nTot partint d&#8217;unes normes b\u00e0siques de treball&hellip;  <a href=\"https:\/\/agora.xtec.cat\/ies-santa-eulalia\/com-treballem\/projectes\/qui-som\/\" title=\"Read Qui som?\">Llegeix m\u00e9s\u00bb<\/a><\/p>\n","protected":false},"author":1,"featured_media":0,"parent":4971,"menu_order":10,"comment_status":"closed","ping_status":"closed","template":"page-templates\/side-menu.php","meta":{"_bbp_topic_count":0,"_bbp_reply_count":0,"_bbp_total_topic_count":0,"_bbp_total_reply_count":0,"_bbp_voice_count":0,"_bbp_anonymous_reply_count":0,"_bbp_topic_count_hidden":0,"_bbp_reply_count_hidden":0,"_bbp_forum_subforum_count":0,"footnotes":""},"class_list":["post-5621","page","type-page","status-publish","hentry"],"post_mailing_queue_ids":[],"_links":{"self":[{"href":"https:\/\/agora.xtec.cat\/ies-santa-eulalia\/wp-json\/wp\/v2\/pages\/5621","targetHints":{"allow":["GET"]}}],"collection":[{"href":"https:\/\/agora.xtec.cat\/ies-santa-eulalia\/wp-json\/wp\/v2\/pages"}],"about":[{"href":"https:\/\/agora.xtec.cat\/ies-santa-eulalia\/wp-json\/wp\/v2\/types\/page"}],"author":[{"embeddable":true,"href":"https:\/\/agora.xtec.cat\/ies-santa-eulalia\/wp-json\/wp\/v2\/users\/1"}],"replies":[{"embeddable":true,"href":"https:\/\/agora.xtec.cat\/ies-santa-eulalia\/wp-json\/wp\/v2\/comments?post=5621"}],"version-history":[{"count":1,"href":"https:\/\/agora.xtec.cat\/ies-santa-eulalia\/wp-json\/wp\/v2\/pages\/5621\/revisions"}],"predecessor-version":[{"id":5622,"href":"https:\/\/agora.xtec.cat\/ies-santa-eulalia\/wp-json\/wp\/v2\/pages\/5621\/revisions\/5622"}],"up":[{"embeddable":true,"href":"https:\/\/agora.xtec.cat\/ies-santa-eulalia\/wp-json\/wp\/v2\/pages\/4971"}],"wp:attachment":[{"href":"https:\/\/agora.xtec.cat\/ies-santa-eulalia\/wp-json\/wp\/v2\/media?parent=5621"}],"curies":[{"name":"wp","href":"https:\/\/api.w.org\/{rel}","templated":true}]}}

<p>Amb l&#8217;objectiu d&#8217;enriquir-se de la diversitat de l&#8217;aula, els alumnes de 1r d&#8217;ESO participen en un projecte interdisciplinari on elaboren un quadern digital del grup-aula. En aquest quadern els alumnes realitzen activitats individuals i grupals per conèixer-se millor.</p>
<p><a href="https://agora.xtec.cat/ies-santa-eulalia/wp-content/uploads/usu1612/2019/12/IMG-20191120-WA0002.jpg"><img loading="lazy" decoding="async" class=" wp-image-5587 aligncenter" src="https://agora.xtec.cat/ies-santa-eulalia/wp-content/uploads/usu1612/2019/12/IMG-20191120-WA0002-300x169.jpg" alt="" width="346" height="195" srcset="https://agora.xtec.cat/ies-santa-eulalia/wp-content/uploads/usu1612/2019/12/IMG-20191120-WA0002-300x169.jpg 300w, https://agora.xtec.cat/ies-santa-eulalia/wp-content/uploads/usu1612/2019/12/IMG-20191120-WA0002-768x432.jpg 768w, https://agora.xtec.cat/ies-santa-eulalia/wp-content/uploads/usu1612/2019/12/IMG-20191120-WA0002-1024x576.jpg 1024w, https://agora.xtec.cat/ies-santa-eulalia/wp-content/uploads/usu1612/2019/12/IMG-20191120-WA0002.jpg 2048w" sizes="auto, (max-width: 346px) 100vw, 346px" /></a></p>
<p>Tot partint d&#8217;unes normes bàsiques de treball en equip i uns càrrecs que faciliten el bon funcionament de les activitats, els nois i noies de 1r treballen presentacions individuals en català, la descripció d&#8217;una persona que admiren en castellà, una fitxa tècnica del seu animal preferit incorporant la llengua anglesa, un autoretrat a l&#8217;estil d&#8217;Andy Warhol i un estudi estadístic sobre els trets característics dels companys.</p>
<p><a href="https://agora.xtec.cat/ies-santa-eulalia/wp-content/uploads/usu1612/2019/12/IMG-20191120-WA0003.jpg"><img loading="lazy" decoding="async" class=" wp-image-5588 aligncenter" src="https://agora.xtec.cat/ies-santa-eulalia/wp-content/uploads/usu1612/2019/12/IMG-20191120-WA0003-300x169.jpg" alt="" width="353" height="199" srcset="https://agora.xtec.cat/ies-santa-eulalia/wp-content/uploads/usu1612/2019/12/IMG-20191120-WA0003-300x169.jpg 300w, https://agora.xtec.cat/ies-santa-eulalia/wp-content/uploads/usu1612/2019/12/IMG-20191120-WA0003-768x432.jpg 768w, https://agora.xtec.cat/ies-santa-eulalia/wp-content/uploads/usu1612/2019/12/IMG-20191120-WA0003-1024x576.jpg 1024w, https://agora.xtec.cat/ies-santa-eulalia/wp-content/uploads/usu1612/2019/12/IMG-20191120-WA0003.jpg 2048w" sizes="auto, (max-width: 353px) 100vw, 353px" /></a></p>
<p>Amb tot aquest material elaborat i recollit al quadern, cada alumne tindrà un record de tots els seus companys i companyes de 1r d&#8217;ESO.</p>
<p><a href="https://agora.xtec.cat/ies-santa-eulalia/wp-content/uploads/usu1612/2019/12/IMG-20191120-WA0001.jpg"><img loading="lazy" decoding="async" class=" wp-image-5586 aligncenter" src="https://agora.xtec.cat/ies-santa-eulalia/wp-content/uploads/usu1612/2019/12/IMG-20191120-WA0001-300x169.jpg" alt="" width="343" height="193" srcset="https://agora.xtec.cat/ies-santa-eulalia/wp-content/uploads/usu1612/2019/12/IMG-20191120-WA0001-300x169.jpg 300w, https://agora.xtec.cat/ies-santa-eulalia/wp-content/uploads/usu1612/2019/12/IMG-20191120-WA0001-768x432.jpg 768w, https://agora.xtec.cat/ies-santa-eulalia/wp-content/uploads/usu1612/2019/12/IMG-20191120-WA0001-1024x576.jpg 1024w, https://agora.xtec.cat/ies-santa-eulalia/wp-content/uploads/usu1612/2019/12/IMG-20191120-WA0001.jpg 2048w" sizes="auto, (max-width: 343px) 100vw, 343px" /></a></p>

<p>Amb l&#8217;objectiu d&#8217;enriquir-se de la diversitat de l&#8217;aula, els alumnes de 1r d&#8217;ESO participen en un projecte interdisciplinari on elaboren un quadern digital del grup-aula. En aquest quadern els alumnes realitzen activitats individuals i grupals per conèixer-se millor.<br />
<a href="https://agora.xtec.cat/ies-santa-eulalia/wp-content/uploads/usu1612/2019/12/IMG-20191120-WA0002.jpg"></a><br />
Tot partint d&#8217;unes normes bàsiques de treball&hellip;  <a href="https://agora.xtec.cat/ies-santa-eulalia/com-treballem/projectes/qui-som/" title="Read Qui som?">Llegeix més»</a></p>
