{"id":561,"date":"2017-03-09T12:36:11","date_gmt":"2017-03-09T11:36:11","guid":{"rendered":"http:\/\/agora.xtec.cat\/ies-santa-eulalia\/?page_id=561"},"modified":"2025-09-15T09:48:13","modified_gmt":"2025-09-15T07:48:13","slug":"departament-deducacio-fisica","status":"publish","type":"page","link":"https:\/\/agora.xtec.cat\/ies-santa-eulalia\/linstitut\/departaments\/departament-deducacio-fisica\/","title":{"rendered":"Educaci\u00f3 F\u00edsica"},"content":{"rendered":"<div>\n<p>En el Departament d&#8217;Educaci\u00f3 F\u00edsica, aquest any formen part del departament d&#8217;educaci\u00f3 f\u00edsica, les seg\u00fcents professores i professors:<\/p>\n<ul>\n<li><strong>Sofia Pujol\u00a0(Cap de Departament)<\/strong><\/li>\n<li><strong>Cristian Aleo<\/strong><\/li>\n<li><strong>Laura Riu<\/strong><\/li>\n<\/ul>\n<p><strong>Documents generals:<\/strong><\/p>\n<p><strong>Guies de la mat\u00e8ria per cursos:<\/strong><\/p>\n<p>ESO:<\/p>\n<p><a href=\"https:\/\/drive.google.com\/file\/d\/14wjk5yv5iqQUpidgOQ-7NmQO5F1vNWOc\/view?usp=drive_link\" target=\"_blank\" rel=\"noopener\"><span style=\"color: #000000;\">Guia de la mat\u00e8ria d&#8217;Educaci\u00f3 F\u00edsica de 1r d&#8217;ESO<\/span><\/a><br \/>\n<a href=\"https:\/\/drive.google.com\/file\/d\/165Os_bE_xhNHWxmwvhcJf6b1v8sGVhKH\/view?usp=drive_link\" target=\"_blank\" rel=\"noopener\"><span style=\"color: #000000;\"> Guia de la mat\u00e8ria d&#8217;Educaci\u00f3 F\u00edsica de 2n d&#8217;ESO<\/span><\/a><br \/>\n<a href=\"https:\/\/drive.google.com\/file\/d\/16YQuUH_Quaniogg1rSjFSjh0WttVm5K5\/view?usp=drive_link\" target=\"_blank\" rel=\"noopener\"><span style=\"color: #000000;\"> Guia de la mat\u00e8ria d&#8217;Educaci\u00f3 F\u00edsica de 3r d&#8217;ESO<\/span><\/a><br \/>\n<a href=\"https:\/\/drive.google.com\/file\/d\/1titcOh4-yrzLWJKf2FAp_AQq-ZB6Gy95\/view?usp=drive_link\" target=\"_blank\" rel=\"noopener\"><span style=\"color: #000000;\"> Guia de la mat\u00e8ria d&#8217;Educaci\u00f3 F\u00edsica de 4t d&#8217;ESO<\/span><\/a><\/p>\n<p><span style=\"color: #000000;\">Batxillerat:<br \/>\n<a href=\"https:\/\/drive.google.com\/file\/d\/1SPc0l1Z5g3vyXCUJeKT2aKq4x5_ucvQd\/view?usp=drive_link\" target=\"_blank\" rel=\"noopener\">Guia de la mat\u00e8ria d&#8217;Educaci\u00f3 F\u00edsica de Batxillerat\u00a0<\/a>\u00a0<\/span><span style=\"color: #0b5394;\"><span style=\"color: #000000;\">\u00a0<\/span>\u00a0 \u00a0<\/span><\/p>\n<h2><strong>\u00a0 \u00a0 \u00a0 \u00a0 \u00a0 \u00a0 \u00a0 \u00a0 \u00a0 \u00a0 \u00a0 \u00a0 \u00a0 \u00a0<\/strong><\/h2>\n<h2><strong>\u00a0 \u00a0 \u00a0 \u00a0 \u00a0 \u00a0 \u00a0 \u00a0 \u00a0 \u00a0 \u00a0 \u00a0 \u00a0 \u00a0<a href=\"http:\/\/agora.xtec.cat\/ies-santa-eulalia\/categoria\/e-f\/\">ACTIVITATS<\/a><\/strong>\u00a0 \u00a0 \u00a0\u00a0<img decoding=\"async\" src=\"https:\/\/i1.wp.com\/escoladelta.cat\/wp-content\/uploads\/2015\/01\/EF.jpg?resize=562%2C236\" alt=\"Resultat d'imatges de EDUCACIO FISICA\" \/><\/h2>\n<p>&nbsp;<\/p>\n<\/div>\n","protected":false},"excerpt":{"rendered":"<p>En el Departament d&#8217;Educaci\u00f3 F\u00edsica, aquest any formen part del departament d&#8217;educaci\u00f3 f\u00edsica, les seg\u00fcents professores i professors:<\/p>\n<ul>\n<li>Sofia Pujol\u00a0(Cap de Departament)<\/li>\n<li>Cristian Aleo<\/li>\n<li>Laura Riu<\/li>\n<\/ul>\n<p>Documents generals:<br \/>\nGuies de la mat\u00e8ria per cursos:<br \/>\nESO:<br \/>\n<a href=\"https:\/\/drive.google.com\/file\/d\/14wjk5yv5iqQUpidgOQ-7NmQO5F1vNWOc\/view?usp=drive_link\" target=\"_blank\" rel=\"noopener\">Guia de la mat\u00e8ria d&#8217;Educaci\u00f3 F\u00edsica de 1r d&#8217;ESO<\/a><br \/>\n<a href=\"https:\/\/drive.google.com\/file\/d\/165Os_bE_xhNHWxmwvhcJf6b1v8sGVhKH\/view?usp=drive_link\" target=\"_blank\" rel=\"noopener\"> Guia de&hellip;  <a href=\"https:\/\/agora.xtec.cat\/ies-santa-eulalia\/linstitut\/departaments\/departament-deducacio-fisica\/\" title=\"Read Educaci\u00f3 F\u00edsica\">Llegeix m\u00e9s\u00bb<\/a><\/p>\n","protected":false},"author":1,"featured_media":0,"parent":528,"menu_order":0,"comment_status":"closed","ping_status":"closed","template":"page-templates\/side-menu.php","meta":{"_bbp_topic_count":0,"_bbp_reply_count":0,"_bbp_total_topic_count":0,"_bbp_total_reply_count":0,"_bbp_voice_count":0,"_bbp_anonymous_reply_count":0,"_bbp_topic_count_hidden":0,"_bbp_reply_count_hidden":0,"_bbp_forum_subforum_count":0,"footnotes":""},"class_list":["post-561","page","type-page","status-publish","hentry"],"post_mailing_queue_ids":[],"_links":{"self":[{"href":"https:\/\/agora.xtec.cat\/ies-santa-eulalia\/wp-json\/wp\/v2\/pages\/561","targetHints":{"allow":["GET"]}}],"collection":[{"href":"https:\/\/agora.xtec.cat\/ies-santa-eulalia\/wp-json\/wp\/v2\/pages"}],"about":[{"href":"https:\/\/agora.xtec.cat\/ies-santa-eulalia\/wp-json\/wp\/v2\/types\/page"}],"author":[{"embeddable":true,"href":"https:\/\/agora.xtec.cat\/ies-santa-eulalia\/wp-json\/wp\/v2\/users\/1"}],"replies":[{"embeddable":true,"href":"https:\/\/agora.xtec.cat\/ies-santa-eulalia\/wp-json\/wp\/v2\/comments?post=561"}],"version-history":[{"count":7,"href":"https:\/\/agora.xtec.cat\/ies-santa-eulalia\/wp-json\/wp\/v2\/pages\/561\/revisions"}],"predecessor-version":[{"id":13054,"href":"https:\/\/agora.xtec.cat\/ies-santa-eulalia\/wp-json\/wp\/v2\/pages\/561\/revisions\/13054"}],"up":[{"embeddable":true,"href":"https:\/\/agora.xtec.cat\/ies-santa-eulalia\/wp-json\/wp\/v2\/pages\/528"}],"wp:attachment":[{"href":"https:\/\/agora.xtec.cat\/ies-santa-eulalia\/wp-json\/wp\/v2\/media?parent=561"}],"curies":[{"name":"wp","href":"https:\/\/api.w.org\/{rel}","templated":true}]}}

Educació Física

<div>
<p>En el Departament d&#8217;Educació Física, aquest any formen part del departament d&#8217;educació física, les següents professores i professors:</p>
<ul>
<li><strong>Sofia Pujol (Cap de Departament)</strong></li>
<li><strong>Cristian Aleo</strong></li>
<li><strong>Laura Riu</strong></li>
</ul>
<p><strong>Documents generals:</strong></p>
<p><strong>Guies de la matèria per cursos:</strong></p>
<p>ESO:</p>
<p><a href="https://drive.google.com/file/d/14wjk5yv5iqQUpidgOQ-7NmQO5F1vNWOc/view?usp=drive_link" target="_blank" rel="noopener"><span style="color: #000000;">Guia de la matèria d&#8217;Educació Física de 1r d&#8217;ESO</span></a><br />
<a href="https://drive.google.com/file/d/165Os_bE_xhNHWxmwvhcJf6b1v8sGVhKH/view?usp=drive_link" target="_blank" rel="noopener"><span style="color: #000000;"> Guia de la matèria d&#8217;Educació Física de 2n d&#8217;ESO</span></a><br />
<a href="https://drive.google.com/file/d/16YQuUH_Quaniogg1rSjFSjh0WttVm5K5/view?usp=drive_link" target="_blank" rel="noopener"><span style="color: #000000;"> Guia de la matèria d&#8217;Educació Física de 3r d&#8217;ESO</span></a><br />
<a href="https://drive.google.com/file/d/1titcOh4-yrzLWJKf2FAp_AQq-ZB6Gy95/view?usp=drive_link" target="_blank" rel="noopener"><span style="color: #000000;"> Guia de la matèria d&#8217;Educació Física de 4t d&#8217;ESO</span></a></p>
<p><span style="color: #000000;">Batxillerat:<br />
<a href="https://drive.google.com/file/d/1SPc0l1Z5g3vyXCUJeKT2aKq4x5_ucvQd/view?usp=drive_link" target="_blank" rel="noopener">Guia de la matèria d&#8217;Educació Física de Batxillerat </a> </span><span style="color: #0b5394;"><span style="color: #000000;"> </span>   </span></p>
<h2><strong>                           </strong></h2>
<h2><strong>                           <a href="http://agora.xtec.cat/ies-santa-eulalia/categoria/e-f/">ACTIVITATS</a></strong>      <img decoding="async" src="https://i1.wp.com/escoladelta.cat/wp-content/uploads/2015/01/EF.jpg?resize=562%2C236" alt="Resultat d'imatges de EDUCACIO FISICA" /></h2>
<p>&nbsp;</p>
</div>

<p>En el Departament d&#8217;Educació Física, aquest any formen part del departament d&#8217;educació física, les següents professores i professors:</p>
<ul>
<li>Sofia Pujol (Cap de Departament)</li>
<li>Cristian Aleo</li>
<li>Laura Riu</li>
</ul>
<p>Documents generals:<br />
Guies de la matèria per cursos:<br />
ESO:<br />
<a href="https://drive.google.com/file/d/14wjk5yv5iqQUpidgOQ-7NmQO5F1vNWOc/view?usp=drive_link" target="_blank" rel="noopener">Guia de la matèria d&#8217;Educació Física de 1r d&#8217;ESO</a><br />
<a href="https://drive.google.com/file/d/165Os_bE_xhNHWxmwvhcJf6b1v8sGVhKH/view?usp=drive_link" target="_blank" rel="noopener"> Guia de&hellip;  <a href="https://agora.xtec.cat/ies-santa-eulalia/linstitut/departaments/departament-deducacio-fisica/" title="Read Educació Física">Llegeix més»</a></p>
