{"id":5601,"date":"2019-12-11T11:07:51","date_gmt":"2019-12-11T10:07:51","guid":{"rendered":"http:\/\/agora.xtec.cat\/ies-santa-eulalia\/?page_id=5601"},"modified":"2023-10-04T10:48:24","modified_gmt":"2023-10-04T08:48:24","slug":"hora-de-lectura","status":"publish","type":"page","link":"https:\/\/agora.xtec.cat\/ies-santa-eulalia\/administracio-i-serveis\/biblioteca\/hora-de-lectura\/","title":{"rendered":"Hora de Lectura"},"content":{"rendered":"<p><strong> <img loading=\"lazy\" decoding=\"async\" class=\"size-full wp-image-3362 alignright\" src=\"https:\/\/agora.xtec.cat\/ies-santa-eulalia\/wp-content\/uploads\/usu1612\/2019\/01\/alumnes.jpg\" alt=\"\" width=\"300\" height=\"200\" \/><\/strong><\/p>\n<p>Per afavorir el plaer de llegir i\u00a0 l\u2019h\u00e0bit de lectura al nostre centre, una hora durant cada setmana es dedica a llegir a classe i a fer activitats relacionades amb la lectura.<\/p>\n<p>Aquesta hora va canviant de dia de la setmana i d\u2019hora; en acabar les hores d\u2019un dia, es passa al dia seg\u00fcent, i aix\u00ed successivament. D\u2019aquesta manera, no afecta mai a les mateixes assignatures ni al mateix professorat.<\/p>\n<p>Aquest calendari el trobareu una mica m\u00e9s endavant en aquesta mateixa p\u00e0gina i \u00e9s conegut per tothom perqu\u00e8 es pengen cartells a les zones comunes que adverteixen de la propera hora de lectura.<\/p>\n<p><strong>INDICACIONS PER A L\u2019HORA DE LECTURA\u00a0<\/strong><\/p>\n<p>Es far\u00e0 una hora de lectura a la setmana rotat\u00f2ria a partir de les nou del mat\u00ed i fins a la cinquena hora.<\/p>\n<ul>\n<li><strong>Al llarg d\u2019aquesta sessi\u00f3<\/strong>, tot l\u2019alumnat d\u2019ESO haur\u00e0 de llegir en silenci respectant la lectura de la resta de companyes i companys de l\u2019aula. El llibre de lectura l\u2019ha de portar l\u2019alumnat de casa i ha de ser en suport de paper. Poden llegir qualsevol llibre, de ficci\u00f3 o no ficci\u00f3. En cap cas a l\u2019hora de lectura es podr\u00e0 llegir un llibre de text, apunts o estudiar.<\/li>\n<li><strong>Quan un alumne\/una alumna no porti el llibre de lectura<\/strong>, s\u2019indicar\u00e0 a les observacions del programa de faltes per a que el tutor o la tutora en tingui coneixement i se li far\u00e0 fer una c\u00f2pia (pot ser de qualsevol llibre de text de l\u2019alumne o d\u2019algun escrit que li faciliti el professorat responsable del grup a l\u2019hora de lectura).<\/li>\n<li><strong>L\u2019acumulaci\u00f3 de tres observacions\u00a0<\/strong>de falta de llibre de lectura comportar\u00e0 una amonestaci\u00f3.<\/li>\n<li><strong>Tot l\u2019alumnat disposar\u00e0 d\u2019un Diari de lectura<\/strong>, en el qual omplir\u00e0 la fitxa bibliogr\u00e0fica i un espai creatiu per fer un dibuix, resum, redactar un final alternatiu, suggerir una determinada can\u00e7\u00f3\u2026 de cadascun dels llibres llegits al llarg del curs.<\/li>\n<li><strong>Els \u00faltims deu minuts de classe es destinaran a actualitzar el Diari de lectura per part de l\u2019alumnat<\/strong>.<\/li>\n<li><strong>La supervisi\u00f3 del Diari de lectura\u00a0<\/strong>consistir\u00e0 a fer un seguiment aleatori de les tasques pr\u00f2pies d\u2019aquesta hora, lectura i actualitzaci\u00f3 del diari.\u00a0Aquesta supervisi\u00f3 es far\u00e0 peri\u00f2dicament pel professorat corresponent a l\u2019hora de lectura del grup i podr\u00e0 \u00a0ser tinguda en compte per avaluar les assignatures de l\u2019\u00e0rea de Lleng\u00fces o d\u2019altres que ho considerin escaient.<\/li>\n<\/ul>\n<p>&nbsp;<\/p>\n<h3>Sessions i calendari de l&#8217;hora de lectura<\/h3>\n<table style=\"height: 468px;\" width=\"925\">\n<tbody>\n<tr>\n<td style=\"width: 304px; background-color: #cf7800; text-align: center;\">\n<h5><strong><span style=\"color: #ffffff;\">PRIMER TRIMESTRE<\/span><\/strong><\/h5>\n<\/td>\n<td style=\"width: 304px; background-color: #cf7800; text-align: center;\">\n<h5><strong><span style=\"color: #ffffff;\">SEGON TRIMESTRE<\/span><\/strong><\/h5>\n<\/td>\n<td style=\"width: 307px; background-color: #cf7800; text-align: center;\">\n<h5><strong><span style=\"color: #ffffff;\">TERCER TRIMESTRE<\/span><\/strong><\/h5>\n<\/td>\n<\/tr>\n<tr>\n<td style=\"width: 304px;\"><strong><a href=\"https:\/\/agora.xtec.cat\/ies-santa-eulalia\/wp-content\/uploads\/usu1612\/2021\/10\/image2.jpg\"><img loading=\"lazy\" decoding=\"async\" class=\"alignnone size-full wp-image-8077\" src=\"https:\/\/agora.xtec.cat\/ies-santa-eulalia\/wp-content\/uploads\/usu1612\/2021\/10\/image2.jpg\" alt=\"\" width=\"297\" height=\"408\" srcset=\"https:\/\/agora.xtec.cat\/ies-santa-eulalia\/wp-content\/uploads\/usu1612\/2021\/10\/image2.jpg 297w, https:\/\/agora.xtec.cat\/ies-santa-eulalia\/wp-content\/uploads\/usu1612\/2021\/10\/image2-218x300.jpg 218w\" sizes=\"auto, (max-width: 297px) 100vw, 297px\" \/><\/a><\/strong><\/p>\n<p><b>Dilluns 2 d\u2019octubre 9:00 hores<\/b><\/p>\n<p><b>Dilluns 9 d\u2019octubre 10:20 hores<\/b><\/p>\n<p><b>Dilluns 16 d\u2019octubre 11:20 hores<\/b><\/p>\n<p><b>Dilluns 23 d\u2019octubre 12:35 hores<\/b><\/p>\n<p><b>Dimarts 31 d&#8217;octubre 9:00 hores<\/b><\/p>\n<p><b>Dimarts 7 de novembre 10:20 hores<\/b><\/p>\n<p><b>Dimarts 14 de novembre 11:20 hores<\/b><\/p>\n<p><b>Dimarts 21 de novembre 12:35 hores<\/b><\/td>\n<td style=\"width: 304px;\"><b>Dimecres 29 de novembre 9:00 hores<\/b><\/p>\n<p><b>Dimecres 13 de desembre 10:20 hores<\/b><\/p>\n<p><b>Dimecres 10 de gener 11:20 hores<\/b><\/p>\n<p><b>Dimecres 17 de gener 12:35 hores<\/b><\/p>\n<p><b>Dijous 25 de gener 9:00 hores<\/b><\/p>\n<p><b>Dijous 1 de febrer 10:20 hores<\/b><\/p>\n<p><b>Dijous 8 de febrer 11:20 hores<\/b><\/p>\n<p><b>Dijous 15 de febrer 12:35 hores<\/b><\/p>\n<p><b>Divendres 23 de febrer 9:00 hores<\/b><\/p>\n<p><b>Divendres 1 de mar\u00e7 10:20 hores<\/b><\/p>\n<p><b>Divendres 8 de mar\u00e7 11:20 hores<\/b><\/td>\n<td style=\"width: 307px;\"><strong>Divendres 15 de mar\u00e7 de 12:35 hores<\/strong><\/p>\n<p><b>Dimarts 19 de mar\u00e7 9:00 hores<\/b><\/p>\n<p><b><strong>Dimarts 2<\/strong> d&#8217;abril 10:20 hores<\/b><\/p>\n<p><b><strong>Dimarts<\/strong> 9 d&#8217;abril 11:20 hores<\/b><\/p>\n<p><b><strong>Dimarts<\/strong> 16 d\u2019abril 12:35 hores<\/b><\/p>\n<p><b>Dimecres 24 d\u2019abril 9:00 hores<\/b><\/p>\n<p>&nbsp;<\/p>\n<p><strong><a href=\"https:\/\/agora.xtec.cat\/ies-santa-eulalia\/wp-content\/uploads\/usu1612\/2021\/10\/15151866-5c90f92b714cffca18d26ae43002e851.png\"><img loading=\"lazy\" decoding=\"async\" class=\"alignnone size-full wp-image-8079\" src=\"https:\/\/agora.xtec.cat\/ies-santa-eulalia\/wp-content\/uploads\/usu1612\/2021\/10\/15151866-5c90f92b714cffca18d26ae43002e851.png\" alt=\"\" width=\"366\" height=\"313\" srcset=\"https:\/\/agora.xtec.cat\/ies-santa-eulalia\/wp-content\/uploads\/usu1612\/2021\/10\/15151866-5c90f92b714cffca18d26ae43002e851.png 366w, https:\/\/agora.xtec.cat\/ies-santa-eulalia\/wp-content\/uploads\/usu1612\/2021\/10\/15151866-5c90f92b714cffca18d26ae43002e851-300x257.png 300w\" sizes=\"auto, (max-width: 366px) 100vw, 366px\" \/><\/a><\/strong><\/td>\n<\/tr>\n<\/tbody>\n<\/table>\n<p>&nbsp;<\/p>\n","protected":false},"excerpt":{"rendered":"<p>\nPer afavorir el plaer de llegir i\u00a0 l\u2019h\u00e0bit de lectura al nostre centre, una hora durant cada setmana es dedica a llegir a classe i a fer activitats relacionades amb la lectura.<br \/>\nAquesta hora va canviant de dia de la setmana i d\u2019hora; en acabar&hellip;  <a href=\"https:\/\/agora.xtec.cat\/ies-santa-eulalia\/administracio-i-serveis\/biblioteca\/hora-de-lectura\/\" title=\"Read Hora de Lectura\">Llegeix m\u00e9s\u00bb<\/a><\/p>\n","protected":false},"author":1,"featured_media":0,"parent":5263,"menu_order":0,"comment_status":"closed","ping_status":"closed","template":"page-templates\/side-menu.php","meta":{"_bbp_topic_count":0,"_bbp_reply_count":0,"_bbp_total_topic_count":0,"_bbp_total_reply_count":0,"_bbp_voice_count":0,"_bbp_anonymous_reply_count":0,"_bbp_topic_count_hidden":0,"_bbp_reply_count_hidden":0,"_bbp_forum_subforum_count":0,"footnotes":""},"class_list":["post-5601","page","type-page","status-publish","hentry"],"post_mailing_queue_ids":[],"_links":{"self":[{"href":"https:\/\/agora.xtec.cat\/ies-santa-eulalia\/wp-json\/wp\/v2\/pages\/5601","targetHints":{"allow":["GET"]}}],"collection":[{"href":"https:\/\/agora.xtec.cat\/ies-santa-eulalia\/wp-json\/wp\/v2\/pages"}],"about":[{"href":"https:\/\/agora.xtec.cat\/ies-santa-eulalia\/wp-json\/wp\/v2\/types\/page"}],"author":[{"embeddable":true,"href":"https:\/\/agora.xtec.cat\/ies-santa-eulalia\/wp-json\/wp\/v2\/users\/1"}],"replies":[{"embeddable":true,"href":"https:\/\/agora.xtec.cat\/ies-santa-eulalia\/wp-json\/wp\/v2\/comments?post=5601"}],"version-history":[{"count":4,"href":"https:\/\/agora.xtec.cat\/ies-santa-eulalia\/wp-json\/wp\/v2\/pages\/5601\/revisions"}],"predecessor-version":[{"id":10711,"href":"https:\/\/agora.xtec.cat\/ies-santa-eulalia\/wp-json\/wp\/v2\/pages\/5601\/revisions\/10711"}],"up":[{"embeddable":true,"href":"https:\/\/agora.xtec.cat\/ies-santa-eulalia\/wp-json\/wp\/v2\/pages\/5263"}],"wp:attachment":[{"href":"https:\/\/agora.xtec.cat\/ies-santa-eulalia\/wp-json\/wp\/v2\/media?parent=5601"}],"curies":[{"name":"wp","href":"https:\/\/api.w.org\/{rel}","templated":true}]}}

<p><strong> <img loading="lazy" decoding="async" class="size-full wp-image-3362 alignright" src="https://agora.xtec.cat/ies-santa-eulalia/wp-content/uploads/usu1612/2019/01/alumnes.jpg" alt="" width="300" height="200" /></strong></p>
<p>Per afavorir el plaer de llegir i  l’hàbit de lectura al nostre centre, una hora durant cada setmana es dedica a llegir a classe i a fer activitats relacionades amb la lectura.</p>
<p>Aquesta hora va canviant de dia de la setmana i d’hora; en acabar les hores d’un dia, es passa al dia següent, i així successivament. D’aquesta manera, no afecta mai a les mateixes assignatures ni al mateix professorat.</p>
<p>Aquest calendari el trobareu una mica més endavant en aquesta mateixa pàgina i és conegut per tothom perquè es pengen cartells a les zones comunes que adverteixen de la propera hora de lectura.</p>
<p><strong>INDICACIONS PER A L’HORA DE LECTURA </strong></p>
<p>Es farà una hora de lectura a la setmana rotatòria a partir de les nou del matí i fins a la cinquena hora.</p>
<ul>
<li><strong>Al llarg d’aquesta sessió</strong>, tot l’alumnat d’ESO haurà de llegir en silenci respectant la lectura de la resta de companyes i companys de l’aula. El llibre de lectura l’ha de portar l’alumnat de casa i ha de ser en suport de paper. Poden llegir qualsevol llibre, de ficció o no ficció. En cap cas a l’hora de lectura es podrà llegir un llibre de text, apunts o estudiar.</li>
<li><strong>Quan un alumne/una alumna no porti el llibre de lectura</strong>, s’indicarà a les observacions del programa de faltes per a que el tutor o la tutora en tingui coneixement i se li farà fer una còpia (pot ser de qualsevol llibre de text de l’alumne o d’algun escrit que li faciliti el professorat responsable del grup a l’hora de lectura).</li>
<li><strong>L’acumulació de tres observacions </strong>de falta de llibre de lectura comportarà una amonestació.</li>
<li><strong>Tot l’alumnat disposarà d’un Diari de lectura</strong>, en el qual omplirà la fitxa bibliogràfica i un espai creatiu per fer un dibuix, resum, redactar un final alternatiu, suggerir una determinada cançó… de cadascun dels llibres llegits al llarg del curs.</li>
<li><strong>Els últims deu minuts de classe es destinaran a actualitzar el Diari de lectura per part de l’alumnat</strong>.</li>
<li><strong>La supervisió del Diari de lectura </strong>consistirà a fer un seguiment aleatori de les tasques pròpies d’aquesta hora, lectura i actualització del diari. Aquesta supervisió es farà periòdicament pel professorat corresponent a l’hora de lectura del grup i podrà  ser tinguda en compte per avaluar les assignatures de l’àrea de Llengües o d’altres que ho considerin escaient.</li>
</ul>
<p>&nbsp;</p>
<h3>Sessions i calendari de l&#8217;hora de lectura</h3>
<table style="height: 468px;" width="925">
<tbody>
<tr>
<td style="width: 304px; background-color: #cf7800; text-align: center;">
<h5><strong><span style="color: #ffffff;">PRIMER TRIMESTRE</span></strong></h5>
</td>
<td style="width: 304px; background-color: #cf7800; text-align: center;">
<h5><strong><span style="color: #ffffff;">SEGON TRIMESTRE</span></strong></h5>
</td>
<td style="width: 307px; background-color: #cf7800; text-align: center;">
<h5><strong><span style="color: #ffffff;">TERCER TRIMESTRE</span></strong></h5>
</td>
</tr>
<tr>
<td style="width: 304px;"><strong><a href="https://agora.xtec.cat/ies-santa-eulalia/wp-content/uploads/usu1612/2021/10/image2.jpg"><img loading="lazy" decoding="async" class="alignnone size-full wp-image-8077" src="https://agora.xtec.cat/ies-santa-eulalia/wp-content/uploads/usu1612/2021/10/image2.jpg" alt="" width="297" height="408" srcset="https://agora.xtec.cat/ies-santa-eulalia/wp-content/uploads/usu1612/2021/10/image2.jpg 297w, https://agora.xtec.cat/ies-santa-eulalia/wp-content/uploads/usu1612/2021/10/image2-218x300.jpg 218w" sizes="auto, (max-width: 297px) 100vw, 297px" /></a></strong></p>
<p><b>Dilluns 2 d’octubre 9:00 hores</b></p>
<p><b>Dilluns 9 d’octubre 10:20 hores</b></p>
<p><b>Dilluns 16 d’octubre 11:20 hores</b></p>
<p><b>Dilluns 23 d’octubre 12:35 hores</b></p>
<p><b>Dimarts 31 d&#8217;octubre 9:00 hores</b></p>
<p><b>Dimarts 7 de novembre 10:20 hores</b></p>
<p><b>Dimarts 14 de novembre 11:20 hores</b></p>
<p><b>Dimarts 21 de novembre 12:35 hores</b></td>
<td style="width: 304px;"><b>Dimecres 29 de novembre 9:00 hores</b></p>
<p><b>Dimecres 13 de desembre 10:20 hores</b></p>
<p><b>Dimecres 10 de gener 11:20 hores</b></p>
<p><b>Dimecres 17 de gener 12:35 hores</b></p>
<p><b>Dijous 25 de gener 9:00 hores</b></p>
<p><b>Dijous 1 de febrer 10:20 hores</b></p>
<p><b>Dijous 8 de febrer 11:20 hores</b></p>
<p><b>Dijous 15 de febrer 12:35 hores</b></p>
<p><b>Divendres 23 de febrer 9:00 hores</b></p>
<p><b>Divendres 1 de març 10:20 hores</b></p>
<p><b>Divendres 8 de març 11:20 hores</b></td>
<td style="width: 307px;"><strong>Divendres 15 de març de 12:35 hores</strong></p>
<p><b>Dimarts 19 de març 9:00 hores</b></p>
<p><b><strong>Dimarts 2</strong> d&#8217;abril 10:20 hores</b></p>
<p><b><strong>Dimarts</strong> 9 d&#8217;abril 11:20 hores</b></p>
<p><b><strong>Dimarts</strong> 16 d’abril 12:35 hores</b></p>
<p><b>Dimecres 24 d’abril 9:00 hores</b></p>
<p>&nbsp;</p>
<p><strong><a href="https://agora.xtec.cat/ies-santa-eulalia/wp-content/uploads/usu1612/2021/10/15151866-5c90f92b714cffca18d26ae43002e851.png"><img loading="lazy" decoding="async" class="alignnone size-full wp-image-8079" src="https://agora.xtec.cat/ies-santa-eulalia/wp-content/uploads/usu1612/2021/10/15151866-5c90f92b714cffca18d26ae43002e851.png" alt="" width="366" height="313" srcset="https://agora.xtec.cat/ies-santa-eulalia/wp-content/uploads/usu1612/2021/10/15151866-5c90f92b714cffca18d26ae43002e851.png 366w, https://agora.xtec.cat/ies-santa-eulalia/wp-content/uploads/usu1612/2021/10/15151866-5c90f92b714cffca18d26ae43002e851-300x257.png 300w" sizes="auto, (max-width: 366px) 100vw, 366px" /></a></strong></td>
</tr>
</tbody>
</table>
<p>&nbsp;</p>

<p>
Per afavorir el plaer de llegir i  l’hàbit de lectura al nostre centre, una hora durant cada setmana es dedica a llegir a classe i a fer activitats relacionades amb la lectura.<br />
Aquesta hora va canviant de dia de la setmana i d’hora; en acabar&hellip;  <a href="https://agora.xtec.cat/ies-santa-eulalia/administracio-i-serveis/biblioteca/hora-de-lectura/" title="Read Hora de Lectura">Llegeix més»</a></p>
