{"id":539,"date":"2017-03-09T12:19:28","date_gmt":"2017-03-09T11:19:28","guid":{"rendered":"http:\/\/agora.xtec.cat\/ies-santa-eulalia\/?page_id=539"},"modified":"2025-09-09T11:45:38","modified_gmt":"2025-09-09T09:45:38","slug":"departament-de-llengues-estrangeres-frances","status":"publish","type":"page","link":"https:\/\/agora.xtec.cat\/ies-santa-eulalia\/linstitut\/departaments\/departament-de-llengues-estrangeres-frances\/","title":{"rendered":"Lleng\u00fces Estrangeres: Franc\u00e8s"},"content":{"rendered":"<p>En el Departament de Lleng\u00fces Estrangeres: Franc\u00e8s, aquest curs formem part del departament, els\/les seg\u00fcents docents:<\/p>\n<p><b><span style=\"text-decoration: underline;\">Professorat<\/span>:<\/b><\/p>\n<p><strong>Laura Cabrero<\/strong><\/p>\n<p><strong><span style=\"text-decoration: underline;\">Guies de la mat\u00e8ria per cursos<\/span>:<\/strong><\/p>\n<p>ESO:<\/p>\n<p><a href=\"https:\/\/drive.google.com\/file\/d\/1N1EusETOWmcCU90lunFaIv9KYAWsbHtg\/view?usp=drive_link\" target=\"_blank\" rel=\"noopener\">Guia de la mat\u00e8ria de franc\u00e8s de 1r d\u2019ESO<\/a><\/p>\n<p><a href=\"https:\/\/drive.google.com\/file\/d\/1LzcBtwmwNPXXBeu4S_HoBScH6TiTwgVv\/view?usp=drive_link\" target=\"_blank\" rel=\"noopener\">Guia de la mat\u00e8ria de franc\u00e8s de 2n d\u2019ESO<\/a><br \/>\n<a href=\"https:\/\/drive.google.com\/file\/d\/1hSoF9ZfhRAxsmpoFbN3_64Stlu5AQQrm\/view?usp=drive_link\" target=\"_blank\" rel=\"noopener\">Guia de la mat\u00e8ria de franc\u00e8s de 3r d\u2019ESO<\/a><br \/>\n<a href=\"https:\/\/drive.google.com\/file\/d\/1KfLO88-YvVJyYsI33cLsU_UjgGz0FtgS\/view?usp=drive_link\" target=\"_blank\" rel=\"noopener\">Guia de la mat\u00e8ria de franc\u00e8s de 4t d\u2019ESO<\/a><\/p>\n<p>&nbsp;<\/p>\n<p>&nbsp;<\/p>\n<p>&nbsp;<\/p>\n<h2><\/h2>\n<h2><a href=\"http:\/\/agora.xtec.cat\/ies-santa-eulalia\/categoria\/novetats-llengues-estrangeres-frances\/\" target=\"_blank\" rel=\"noopener\">ACTIVITATS<\/a><\/h2>\n<p>&nbsp;<\/p>\n<p>&nbsp;<\/p>\n","protected":false},"excerpt":{"rendered":"<p>En el Departament de Lleng\u00fces Estrangeres: Franc\u00e8s, aquest curs formem part del departament, els\/les seg\u00fcents docents:<br \/>\nProfessorat:<br \/>\nLaura Cabrero<br \/>\nGuies de la mat\u00e8ria per cursos:<br \/>\nESO:<br \/>\n<a href=\"https:\/\/drive.google.com\/file\/d\/1N1EusETOWmcCU90lunFaIv9KYAWsbHtg\/view?usp=drive_link\" target=\"_blank\" rel=\"noopener\">Guia de la mat\u00e8ria de franc\u00e8s de 1r d\u2019ESO<\/a><br \/>\n<a href=\"https:\/\/drive.google.com\/file\/d\/1LzcBtwmwNPXXBeu4S_HoBScH6TiTwgVv\/view?usp=drive_link\" target=\"_blank\" rel=\"noopener\">Guia de la mat\u00e8ria de franc\u00e8s de 2n d\u2019ESO<\/a><br \/>\n<a href=\"https:\/\/drive.google.com\/file\/d\/1hSoF9ZfhRAxsmpoFbN3_64Stlu5AQQrm\/view?usp=drive_link\"&hellip;  <a href=\"https:\/\/agora.xtec.cat\/ies-santa-eulalia\/linstitut\/departaments\/departament-de-llengues-estrangeres-frances\/\" title=\"Read Lleng\u00fces Estrangeres: Franc\u00e8s\">Llegeix m\u00e9s\u00bb<\/a><\/p>\n","protected":false},"author":1,"featured_media":0,"parent":528,"menu_order":0,"comment_status":"closed","ping_status":"closed","template":"page-templates\/side-menu.php","meta":{"_bbp_topic_count":0,"_bbp_reply_count":0,"_bbp_total_topic_count":0,"_bbp_total_reply_count":0,"_bbp_voice_count":0,"_bbp_anonymous_reply_count":0,"_bbp_topic_count_hidden":0,"_bbp_reply_count_hidden":0,"_bbp_forum_subforum_count":0,"footnotes":""},"class_list":["post-539","page","type-page","status-publish","hentry"],"post_mailing_queue_ids":[],"_links":{"self":[{"href":"https:\/\/agora.xtec.cat\/ies-santa-eulalia\/wp-json\/wp\/v2\/pages\/539","targetHints":{"allow":["GET"]}}],"collection":[{"href":"https:\/\/agora.xtec.cat\/ies-santa-eulalia\/wp-json\/wp\/v2\/pages"}],"about":[{"href":"https:\/\/agora.xtec.cat\/ies-santa-eulalia\/wp-json\/wp\/v2\/types\/page"}],"author":[{"embeddable":true,"href":"https:\/\/agora.xtec.cat\/ies-santa-eulalia\/wp-json\/wp\/v2\/users\/1"}],"replies":[{"embeddable":true,"href":"https:\/\/agora.xtec.cat\/ies-santa-eulalia\/wp-json\/wp\/v2\/comments?post=539"}],"version-history":[{"count":7,"href":"https:\/\/agora.xtec.cat\/ies-santa-eulalia\/wp-json\/wp\/v2\/pages\/539\/revisions"}],"predecessor-version":[{"id":13026,"href":"https:\/\/agora.xtec.cat\/ies-santa-eulalia\/wp-json\/wp\/v2\/pages\/539\/revisions\/13026"}],"up":[{"embeddable":true,"href":"https:\/\/agora.xtec.cat\/ies-santa-eulalia\/wp-json\/wp\/v2\/pages\/528"}],"wp:attachment":[{"href":"https:\/\/agora.xtec.cat\/ies-santa-eulalia\/wp-json\/wp\/v2\/media?parent=539"}],"curies":[{"name":"wp","href":"https:\/\/api.w.org\/{rel}","templated":true}]}}

Llengües Estrangeres: Francès

<p>En el Departament de Llengües Estrangeres: Francès, aquest curs formem part del departament, els/les següents docents:</p>
<p><b><span style="text-decoration: underline;">Professorat</span>:</b></p>
<p><strong>Laura Cabrero</strong></p>
<p><strong><span style="text-decoration: underline;">Guies de la matèria per cursos</span>:</strong></p>
<p>ESO:</p>
<p><a href="https://drive.google.com/file/d/1N1EusETOWmcCU90lunFaIv9KYAWsbHtg/view?usp=drive_link" target="_blank" rel="noopener">Guia de la matèria de francès de 1r d’ESO</a></p>
<p><a href="https://drive.google.com/file/d/1LzcBtwmwNPXXBeu4S_HoBScH6TiTwgVv/view?usp=drive_link" target="_blank" rel="noopener">Guia de la matèria de francès de 2n d’ESO</a><br />
<a href="https://drive.google.com/file/d/1hSoF9ZfhRAxsmpoFbN3_64Stlu5AQQrm/view?usp=drive_link" target="_blank" rel="noopener">Guia de la matèria de francès de 3r d’ESO</a><br />
<a href="https://drive.google.com/file/d/1KfLO88-YvVJyYsI33cLsU_UjgGz0FtgS/view?usp=drive_link" target="_blank" rel="noopener">Guia de la matèria de francès de 4t d’ESO</a></p>
<p>&nbsp;</p>
<p>&nbsp;</p>
<p>&nbsp;</p>
<h2></h2>
<h2><a href="http://agora.xtec.cat/ies-santa-eulalia/categoria/novetats-llengues-estrangeres-frances/" target="_blank" rel="noopener">ACTIVITATS</a></h2>
<p>&nbsp;</p>
<p>&nbsp;</p>

<p>En el Departament de Llengües Estrangeres: Francès, aquest curs formem part del departament, els/les següents docents:<br />
Professorat:<br />
Laura Cabrero<br />
Guies de la matèria per cursos:<br />
ESO:<br />
<a href="https://drive.google.com/file/d/1N1EusETOWmcCU90lunFaIv9KYAWsbHtg/view?usp=drive_link" target="_blank" rel="noopener">Guia de la matèria de francès de 1r d’ESO</a><br />
<a href="https://drive.google.com/file/d/1LzcBtwmwNPXXBeu4S_HoBScH6TiTwgVv/view?usp=drive_link" target="_blank" rel="noopener">Guia de la matèria de francès de 2n d’ESO</a><br />
<a href="https://drive.google.com/file/d/1hSoF9ZfhRAxsmpoFbN3_64Stlu5AQQrm/view?usp=drive_link"&hellip;  <a href="https://agora.xtec.cat/ies-santa-eulalia/linstitut/departaments/departament-de-llengues-estrangeres-frances/" title="Read Llengües Estrangeres: Francès">Llegeix més»</a></p>
