{"id":5263,"date":"2019-10-30T11:02:21","date_gmt":"2019-10-30T10:02:21","guid":{"rendered":"http:\/\/agora.xtec.cat\/ies-santa-eulalia\/?page_id=5263"},"modified":"2024-09-09T14:03:23","modified_gmt":"2024-09-09T12:03:23","slug":"biblioteca","status":"publish","type":"page","link":"https:\/\/agora.xtec.cat\/ies-santa-eulalia\/administracio-i-serveis\/biblioteca\/","title":{"rendered":"Biblioteca"},"content":{"rendered":"<p><img loading=\"lazy\" decoding=\"async\" class=\" wp-image-3367 alignleft\" src=\"https:\/\/agora.xtec.cat\/ies-santa-eulalia\/wp-content\/uploads\/usu1612\/2019\/01\/logo.jpg\" alt=\"\" width=\"161\" height=\"166\" \/><\/p>\n<p><strong>Biblioteca oberta<\/strong><\/p>\n<p><span style=\"font-weight: 400;\">La biblioteca torna a estar oberta durant els patis per a qu\u00e8 el nostre alumnat pugui utilitzar-la com un entorn d&#8217;estudi i de consulta de llibres.<\/span><\/p>\n<p><strong>Horari de pr\u00e9stec <\/strong>(curs 2023-2024)<strong>:<\/strong><\/p>\n<p><span style=\"font-weight: 400;\">L&#8217;alumnat de l\u2019institut que ho desitgi pot demanar en pr\u00e9stec els libres de la biblioteca, tot\u00a0 \u00a0 \u00a0 \u00a0 \u00a0 \u00a0 \u00a0 \u00a0 \u00a0 \u00a0 \u00a0 \u00a0 \u00a0 \u00a0 \u00a0 \u00a0 \u00a0 \u00a0 \u00a0 \u00a0 \u00a0 \u00a0 \u00a0 \u00a0 \u00a0 \u00a0 \u00a0 \u00a0 \u00a0 \u00a0 \u00a0 \u00a0 \u00a0 \u00a0 \u00a0 \u00a0 \u00a0 \u00a0 \u00a0 consultant el Fons del cat\u00e0leg digital <\/span><a href=\"https:\/\/aplicacions.gestioeducativa.gencat.cat\/epergam\/web\/biblioteca.jsp?codi=08019307\"><span style=\"font-weight: 400;\">epergam<\/span><\/a><span style=\"font-weight: 400;\">.<\/span><\/p>\n<p>L&#8217;horari de pr\u00e9stec d&#8217;aquest curs s\u00f3n els<strong> dilluns i dijous al segon pati.<\/strong><\/p>\n<p>&nbsp;<\/p>\n<p><strong>Altres activitats que us proposem:<\/strong><\/p>\n<p><img loading=\"lazy\" decoding=\"async\" class=\"wp-image-3366 alignleft\" src=\"https:\/\/agora.xtec.cat\/ies-santa-eulalia\/wp-content\/uploads\/usu1612\/2019\/01\/llibres.jpg\" alt=\"\" width=\"249\" height=\"272\" \/><\/p>\n<p>&nbsp;<\/p>\n<ul>\n<li>Vegeu l\u2019aparador de l\u2019entrada de l\u2019institut amb noves adquisicions, o b\u00e9, suggeriments de lectura.<\/li>\n<li>Podeu consultar el cat\u00e0leg digital del fons bibliogr\u00e0fic de la biblioteca al seg\u00fcent enlla\u00e7: <a href=\"https:\/\/aplicacions.gestioeducativa.gencat.cat\/epergam\/web\/biblioteca.jsp?codi=08019307\">epergam<\/a>. A m\u00e9s de literatura de ficci\u00f3, hi trobareu c\u00f2mics, llibres de text, diccionaris, atles, enciclop\u00e8dies generals i tem\u00e0tiques, assaigs, treballs de recerca d\u2019alumnes de l\u2019institut\u2026<\/li>\n<\/ul>\n<p style=\"text-align: center;\">Des de fa for\u00e7a anys la Comissi\u00f3 de Biblioteca elabora un calendari on es programa una hora de lectura setmanal al llarg del curs. Durant aquesta estona, tot l\u2019alumnat dels cursos d\u2019ESO del centre ha de llegir a l\u2019aula acompanyat pel professorat encarregat del grup. Feu <strong>clic<\/strong> a la imatge per trobar la informaci\u00f3 referent a aquest projecte.<\/p>\n<p style=\"text-align: center;\"><a href=\"https:\/\/agora.xtec.cat\/ies-santa-eulalia\/administracio-i-serveis\/biblioteca\/hora-de-lectura\/\"><img loading=\"lazy\" decoding=\"async\" class=\"alignnone size-full wp-image-5301\" src=\"https:\/\/agora.xtec.cat\/ies-santa-eulalia\/wp-content\/uploads\/usu1612\/2019\/10\/titolhoralectura.png\" alt=\"\" width=\"431\" height=\"71\" srcset=\"https:\/\/agora.xtec.cat\/ies-santa-eulalia\/wp-content\/uploads\/usu1612\/2019\/10\/titolhoralectura.png 431w, https:\/\/agora.xtec.cat\/ies-santa-eulalia\/wp-content\/uploads\/usu1612\/2019\/10\/titolhoralectura-300x49.png 300w\" sizes=\"auto, (max-width: 431px) 100vw, 431px\" \/><br \/>\n<\/a><a href=\"https:\/\/agora.xtec.cat\/ies-santa-eulalia\/administracio-i-serveis\/biblioteca\/hora-de-lectura\/\"><img loading=\"lazy\" decoding=\"async\" class=\"alignnone wp-image-5607 size-medium\" src=\"https:\/\/agora.xtec.cat\/ies-santa-eulalia\/wp-content\/uploads\/usu1612\/2019\/12\/20-ilustraciones-fant\u00e1sticas-para-fomentar-la-lectura-9c-213x300.jpg\" alt=\"\" width=\"213\" height=\"300\" srcset=\"https:\/\/agora.xtec.cat\/ies-santa-eulalia\/wp-content\/uploads\/usu1612\/2019\/12\/20-ilustraciones-fant\u00e1sticas-para-fomentar-la-lectura-9c-213x300.jpg 213w, https:\/\/agora.xtec.cat\/ies-santa-eulalia\/wp-content\/uploads\/usu1612\/2019\/12\/20-ilustraciones-fant\u00e1sticas-para-fomentar-la-lectura-9c.jpg 497w\" sizes=\"auto, (max-width: 213px) 100vw, 213px\" \/><\/a><\/p>\n<p>&nbsp;<\/p>\n","protected":false},"excerpt":{"rendered":"<p>Biblioteca oberta<br \/>\nLa biblioteca torna a estar oberta durant els patis per a qu\u00e8 el nostre alumnat pugui utilitzar-la com un entorn d&#8217;estudi i de consulta de llibres.<br \/>\nHorari de pr\u00e9stec (curs 2023-2024):<br \/>\nL&#8217;alumnat de l\u2019institut que ho desitgi pot demanar en pr\u00e9stec els libres de la biblioteca,&hellip;  <a href=\"https:\/\/agora.xtec.cat\/ies-santa-eulalia\/administracio-i-serveis\/biblioteca\/\" title=\"Read Biblioteca\">Llegeix m\u00e9s\u00bb<\/a><\/p>\n","protected":false},"author":1,"featured_media":0,"parent":4826,"menu_order":30,"comment_status":"closed","ping_status":"closed","template":"page-templates\/side-menu.php","meta":{"_bbp_topic_count":0,"_bbp_reply_count":0,"_bbp_total_topic_count":0,"_bbp_total_reply_count":0,"_bbp_voice_count":0,"_bbp_anonymous_reply_count":0,"_bbp_topic_count_hidden":0,"_bbp_reply_count_hidden":0,"_bbp_forum_subforum_count":0,"footnotes":""},"class_list":["post-5263","page","type-page","status-publish","hentry"],"post_mailing_queue_ids":[],"_links":{"self":[{"href":"https:\/\/agora.xtec.cat\/ies-santa-eulalia\/wp-json\/wp\/v2\/pages\/5263","targetHints":{"allow":["GET"]}}],"collection":[{"href":"https:\/\/agora.xtec.cat\/ies-santa-eulalia\/wp-json\/wp\/v2\/pages"}],"about":[{"href":"https:\/\/agora.xtec.cat\/ies-santa-eulalia\/wp-json\/wp\/v2\/types\/page"}],"author":[{"embeddable":true,"href":"https:\/\/agora.xtec.cat\/ies-santa-eulalia\/wp-json\/wp\/v2\/users\/1"}],"replies":[{"embeddable":true,"href":"https:\/\/agora.xtec.cat\/ies-santa-eulalia\/wp-json\/wp\/v2\/comments?post=5263"}],"version-history":[{"count":5,"href":"https:\/\/agora.xtec.cat\/ies-santa-eulalia\/wp-json\/wp\/v2\/pages\/5263\/revisions"}],"predecessor-version":[{"id":11821,"href":"https:\/\/agora.xtec.cat\/ies-santa-eulalia\/wp-json\/wp\/v2\/pages\/5263\/revisions\/11821"}],"up":[{"embeddable":true,"href":"https:\/\/agora.xtec.cat\/ies-santa-eulalia\/wp-json\/wp\/v2\/pages\/4826"}],"wp:attachment":[{"href":"https:\/\/agora.xtec.cat\/ies-santa-eulalia\/wp-json\/wp\/v2\/media?parent=5263"}],"curies":[{"name":"wp","href":"https:\/\/api.w.org\/{rel}","templated":true}]}}

<p><img loading="lazy" decoding="async" class=" wp-image-3367 alignleft" src="https://agora.xtec.cat/ies-santa-eulalia/wp-content/uploads/usu1612/2019/01/logo.jpg" alt="" width="161" height="166" /></p>
<p><strong>Biblioteca oberta</strong></p>
<p><span style="font-weight: 400;">La biblioteca torna a estar oberta durant els patis per a què el nostre alumnat pugui utilitzar-la com un entorn d&#8217;estudi i de consulta de llibres.</span></p>
<p><strong>Horari de préstec </strong>(curs 2023-2024)<strong>:</strong></p>
<p><span style="font-weight: 400;">L&#8217;alumnat de l’institut que ho desitgi pot demanar en préstec els libres de la biblioteca, tot                                                                              consultant el Fons del catàleg digital </span><a href="https://aplicacions.gestioeducativa.gencat.cat/epergam/web/biblioteca.jsp?codi=08019307"><span style="font-weight: 400;">epergam</span></a><span style="font-weight: 400;">.</span></p>
<p>L&#8217;horari de préstec d&#8217;aquest curs són els<strong> dilluns i dijous al segon pati.</strong></p>
<p>&nbsp;</p>
<p><strong>Altres activitats que us proposem:</strong></p>
<p><img loading="lazy" decoding="async" class="wp-image-3366 alignleft" src="https://agora.xtec.cat/ies-santa-eulalia/wp-content/uploads/usu1612/2019/01/llibres.jpg" alt="" width="249" height="272" /></p>
<p>&nbsp;</p>
<ul>
<li>Vegeu l’aparador de l’entrada de l’institut amb noves adquisicions, o bé, suggeriments de lectura.</li>
<li>Podeu consultar el catàleg digital del fons bibliogràfic de la biblioteca al següent enllaç: <a href="https://aplicacions.gestioeducativa.gencat.cat/epergam/web/biblioteca.jsp?codi=08019307">epergam</a>. A més de literatura de ficció, hi trobareu còmics, llibres de text, diccionaris, atles, enciclopèdies generals i temàtiques, assaigs, treballs de recerca d’alumnes de l’institut…</li>
</ul>
<p style="text-align: center;">Des de fa força anys la Comissió de Biblioteca elabora un calendari on es programa una hora de lectura setmanal al llarg del curs. Durant aquesta estona, tot l’alumnat dels cursos d’ESO del centre ha de llegir a l’aula acompanyat pel professorat encarregat del grup. Feu <strong>clic</strong> a la imatge per trobar la informació referent a aquest projecte.</p>
<p style="text-align: center;"><a href="https://agora.xtec.cat/ies-santa-eulalia/administracio-i-serveis/biblioteca/hora-de-lectura/"><img loading="lazy" decoding="async" class="alignnone size-full wp-image-5301" src="https://agora.xtec.cat/ies-santa-eulalia/wp-content/uploads/usu1612/2019/10/titolhoralectura.png" alt="" width="431" height="71" srcset="https://agora.xtec.cat/ies-santa-eulalia/wp-content/uploads/usu1612/2019/10/titolhoralectura.png 431w, https://agora.xtec.cat/ies-santa-eulalia/wp-content/uploads/usu1612/2019/10/titolhoralectura-300x49.png 300w" sizes="auto, (max-width: 431px) 100vw, 431px" /><br />
</a><a href="https://agora.xtec.cat/ies-santa-eulalia/administracio-i-serveis/biblioteca/hora-de-lectura/"><img loading="lazy" decoding="async" class="alignnone wp-image-5607 size-medium" src="https://agora.xtec.cat/ies-santa-eulalia/wp-content/uploads/usu1612/2019/12/20-ilustraciones-fantásticas-para-fomentar-la-lectura-9c-213x300.jpg" alt="" width="213" height="300" srcset="https://agora.xtec.cat/ies-santa-eulalia/wp-content/uploads/usu1612/2019/12/20-ilustraciones-fantásticas-para-fomentar-la-lectura-9c-213x300.jpg 213w, https://agora.xtec.cat/ies-santa-eulalia/wp-content/uploads/usu1612/2019/12/20-ilustraciones-fantásticas-para-fomentar-la-lectura-9c.jpg 497w" sizes="auto, (max-width: 213px) 100vw, 213px" /></a></p>
<p>&nbsp;</p>

<p>Biblioteca oberta<br />
La biblioteca torna a estar oberta durant els patis per a què el nostre alumnat pugui utilitzar-la com un entorn d&#8217;estudi i de consulta de llibres.<br />
Horari de préstec (curs 2023-2024):<br />
L&#8217;alumnat de l’institut que ho desitgi pot demanar en préstec els libres de la biblioteca,&hellip;  <a href="https://agora.xtec.cat/ies-santa-eulalia/administracio-i-serveis/biblioteca/" title="Read Biblioteca">Llegeix més»</a></p>
