{"id":4963,"date":"2019-10-08T21:29:16","date_gmt":"2019-10-08T19:29:16","guid":{"rendered":"http:\/\/agora.xtec.cat\/ies-santa-eulalia\/?page_id=4963"},"modified":"2019-10-14T08:53:59","modified_gmt":"2019-10-14T06:53:59","slug":"comissions","status":"publish","type":"page","link":"https:\/\/agora.xtec.cat\/ies-santa-eulalia\/com-treballem\/comissions\/","title":{"rendered":"Comissions"},"content":{"rendered":"<h6><\/h6>\n<h6 style=\"text-align: left;\"><span style=\"color: #000000;\"><img loading=\"lazy\" decoding=\"async\" class=\"wp-image-5042 alignleft\" src=\"https:\/\/agora.xtec.cat\/ies-santa-eulalia\/wp-content\/uploads\/usu1612\/2019\/10\/comiss.png\" alt=\"\" width=\"184\" height=\"197\" \/>Els professors i professores del Santa Eul\u00e0lia dediquem una part del nostre horari al treball en equip, <\/span><span style=\"color: #000000;\">amb la idea de crear un <span style=\"color: #008000;\"><strong>valor afegit<\/strong><\/span> pel nostre institut a partir de la col\u00b7laboraci\u00f3 de tots nosaltres.<\/span><\/h6>\n<h6 style=\"text-align: left;\"><span style=\"color: #000000;\">Per fer-ho, ens reunim una hora a la setmana per treballar tem\u00e0tiques ben diferents: \u00e9s el que anomenem <span style=\"color: #ff6600;\"><strong>comissions de treball<\/strong><\/span>.<\/span><\/h6>\n<h6 style=\"text-align: left;\"><span style=\"color: #000000;\">N&#8217;hi ha de molts tipus, per\u00f2 totes tenen quelcom en com\u00fa, influeixen en el nostre dia a dia i en el futur, marcant la direcci\u00f3 que volem pel nostre centre.<\/span><\/h6>\n<h6 style=\"text-align: left;\"><span style=\"color: #000000;\">Feu un cop d&#8217;ull a les diferents comissions a la seg\u00fcent <\/span><span style=\"color: #000000;\"><span style=\"color: #0000ff;\"><strong>presentaci\u00f3:<\/strong><\/span><\/span><\/h6>\n<p>&nbsp;<\/p>\n<p><iframe loading=\"lazy\" src=\"https:\/\/prezi.com\/view\/nxCWXRSGHWFSxuHYx0cQ\/embed\" width=\"1024\" height=\"768\" allowfullscreen=\"allowfullscreen\"> <\/iframe><\/p>\n","protected":false},"excerpt":{"rendered":"<p>Els professors i professores del Santa Eul\u00e0lia dediquem una part del nostre horari al treball en equip, amb la idea de crear un valor afegit pel nostre institut a partir de la col\u00b7laboraci\u00f3 de tots nosaltres.<br \/>\nPer fer-ho, ens reunim una hora a la setmana per&hellip;  <a href=\"https:\/\/agora.xtec.cat\/ies-santa-eulalia\/com-treballem\/comissions\/\" title=\"Read Comissions\">Llegeix m\u00e9s\u00bb<\/a><\/p>\n","protected":false},"author":1,"featured_media":0,"parent":4822,"menu_order":0,"comment_status":"closed","ping_status":"closed","template":"page-templates\/side-menu.php","meta":{"_bbp_topic_count":0,"_bbp_reply_count":0,"_bbp_total_topic_count":0,"_bbp_total_reply_count":0,"_bbp_voice_count":0,"_bbp_anonymous_reply_count":0,"_bbp_topic_count_hidden":0,"_bbp_reply_count_hidden":0,"_bbp_forum_subforum_count":0,"footnotes":""},"class_list":["post-4963","page","type-page","status-publish","hentry"],"post_mailing_queue_ids":[],"_links":{"self":[{"href":"https:\/\/agora.xtec.cat\/ies-santa-eulalia\/wp-json\/wp\/v2\/pages\/4963","targetHints":{"allow":["GET"]}}],"collection":[{"href":"https:\/\/agora.xtec.cat\/ies-santa-eulalia\/wp-json\/wp\/v2\/pages"}],"about":[{"href":"https:\/\/agora.xtec.cat\/ies-santa-eulalia\/wp-json\/wp\/v2\/types\/page"}],"author":[{"embeddable":true,"href":"https:\/\/agora.xtec.cat\/ies-santa-eulalia\/wp-json\/wp\/v2\/users\/1"}],"replies":[{"embeddable":true,"href":"https:\/\/agora.xtec.cat\/ies-santa-eulalia\/wp-json\/wp\/v2\/comments?post=4963"}],"version-history":[{"count":3,"href":"https:\/\/agora.xtec.cat\/ies-santa-eulalia\/wp-json\/wp\/v2\/pages\/4963\/revisions"}],"predecessor-version":[{"id":5048,"href":"https:\/\/agora.xtec.cat\/ies-santa-eulalia\/wp-json\/wp\/v2\/pages\/4963\/revisions\/5048"}],"up":[{"embeddable":true,"href":"https:\/\/agora.xtec.cat\/ies-santa-eulalia\/wp-json\/wp\/v2\/pages\/4822"}],"wp:attachment":[{"href":"https:\/\/agora.xtec.cat\/ies-santa-eulalia\/wp-json\/wp\/v2\/media?parent=4963"}],"curies":[{"name":"wp","href":"https:\/\/api.w.org\/{rel}","templated":true}]}}

<h6></h6>
<h6 style="text-align: left;"><span style="color: #000000;"><img loading="lazy" decoding="async" class="wp-image-5042 alignleft" src="https://agora.xtec.cat/ies-santa-eulalia/wp-content/uploads/usu1612/2019/10/comiss.png" alt="" width="184" height="197" />Els professors i professores del Santa Eulàlia dediquem una part del nostre horari al treball en equip, </span><span style="color: #000000;">amb la idea de crear un <span style="color: #008000;"><strong>valor afegit</strong></span> pel nostre institut a partir de la col·laboració de tots nosaltres.</span></h6>
<h6 style="text-align: left;"><span style="color: #000000;">Per fer-ho, ens reunim una hora a la setmana per treballar temàtiques ben diferents: és el que anomenem <span style="color: #ff6600;"><strong>comissions de treball</strong></span>.</span></h6>
<h6 style="text-align: left;"><span style="color: #000000;">N&#8217;hi ha de molts tipus, però totes tenen quelcom en comú, influeixen en el nostre dia a dia i en el futur, marcant la direcció que volem pel nostre centre.</span></h6>
<h6 style="text-align: left;"><span style="color: #000000;">Feu un cop d&#8217;ull a les diferents comissions a la següent </span><span style="color: #000000;"><span style="color: #0000ff;"><strong>presentació:</strong></span></span></h6>
<p>&nbsp;</p>
<p><iframe loading="lazy" src="https://prezi.com/view/nxCWXRSGHWFSxuHYx0cQ/embed" width="1024" height="768" allowfullscreen="allowfullscreen"> </iframe></p>

<p>Els professors i professores del Santa Eulàlia dediquem una part del nostre horari al treball en equip, amb la idea de crear un valor afegit pel nostre institut a partir de la col·laboració de tots nosaltres.<br />
Per fer-ho, ens reunim una hora a la setmana per&hellip;  <a href="https://agora.xtec.cat/ies-santa-eulalia/com-treballem/comissions/" title="Read Comissions">Llegeix més»</a></p>
