{"id":4859,"date":"2019-10-02T11:06:41","date_gmt":"2019-10-02T09:06:41","guid":{"rendered":"http:\/\/agora.xtec.cat\/ies-santa-eulalia\/?page_id=4859"},"modified":"2025-09-10T12:36:02","modified_gmt":"2025-09-10T10:36:02","slug":"batxillerat-nocturn","status":"publish","type":"page","link":"https:\/\/agora.xtec.cat\/ies-santa-eulalia\/estudis\/batxillerat-nocturn\/","title":{"rendered":"Batxillerat Nocturn"},"content":{"rendered":"<table style=\"height: 119px; width: 795px;\" width=\"658\">\n<tbody>\n<tr>\n<td style=\"width: 321px;\">\n<h3><img loading=\"lazy\" decoding=\"async\" class=\"size-full wp-image-7327\" src=\"https:\/\/agora.xtec.cat\/ies-santa-eulalia\/wp-content\/uploads\/usu1612\/2021\/04\/bachillerato.jpg\" alt=\"\" width=\"420\" height=\"280\" srcset=\"https:\/\/agora.xtec.cat\/ies-santa-eulalia\/wp-content\/uploads\/usu1612\/2021\/04\/bachillerato.jpg 420w, https:\/\/agora.xtec.cat\/ies-santa-eulalia\/wp-content\/uploads\/usu1612\/2021\/04\/bachillerato-300x200.jpg 300w\" sizes=\"auto, (max-width: 420px) 100vw, 420px\" \/><\/h3>\n<\/td>\n<td style=\"width: 466px;\">\n<h3 style=\"text-align: center;\">Estigues atent, sigues viu, desperta!<\/h3>\n<h4 style=\"text-align: center;\">TENS UNA ALTRA OPORTUNITAT PER FER BATXILLERAT.<\/h4>\n<h2 style=\"text-align: center;\">\u00a0Aprofita ara!<\/h2>\n<\/td>\n<\/tr>\n<\/tbody>\n<\/table>\n<p style=\"text-align: left;\"><span style=\"color: #993366;\"><strong><em>L&#8217;has de fer si&#8230;<\/em><\/strong><\/span><\/p>\n<p style=\"text-align: center;\">El <strong>batxillerat nocturn<\/strong> est\u00e0 adre\u00e7at a tothom qui vulgui adquirir coneixements i aptituds pel seu desenvolupament personal i professional.<\/p>\n<p style=\"text-align: left;\"><span style=\"color: #993366;\"><strong><em>Et trobar\u00e0s amb&#8230;<\/em><\/strong><\/span><\/p>\n<p style=\"text-align: center;\"><span style=\"font-weight: 400;\">Persones que tenen el mat\u00ed ocupat per diferents circumst\u00e0ncies,\u00a0 persones que estan ja dins el mercat laboral, persones que van deixar els estudis i volen tornar a rependre\u2019ls i que tenen molt d\u2019inter\u00e8s i ganes d\u2019estudiar per obtenir una titulaci\u00f3 que els permeti accedir posteriorment a d\u2019altres estudis (Universitat, Cicles Formatius de Grau Superior, oposicions\u2026).<\/span><\/p>\n<p style=\"text-align: left;\"><span style=\"color: #993366;\"><strong><em>I quins s\u00f3n els requisits d&#8217;admissi\u00f3?<\/em><\/strong><\/span><\/p>\n<ul>\n<li style=\"list-style-type: none;\">\n<ul>\n<li style=\"text-align: center;\">D&#8217;edat: has de tenir m\u00e9s de 18 anys o b\u00e9 tenir entre 16 i 18 anys i acreditar, per motius laborals o altres, la impossibilitat de seguir els estudis en r\u00e8gim de di\u00fcrn.<\/li>\n<li style=\"text-align: left;\">Acad\u00e8mics: has de tenir el t\u00edtol de la eso, un cicle formatiu de grau mitj\u00e0 o b\u00e9 altres estudis equivalents (BUP, FP, etc)<\/li>\n<\/ul>\n<\/li>\n<\/ul>\n<p style=\"text-align: left;\"><span style=\"color: #993366;\"><em><strong>D&#8217;acord, estic interessat, quin horari far\u00e9?:<\/strong><\/em><\/span><\/p>\n<p style=\"text-align: center;\">L&#8217;horari de classes \u00e9s de 17h a 22h<\/p>\n<p style=\"text-align: left;\"><span style=\"color: #993366;\"><em><strong>Puc triar quina modalitat de batxillerat fer?<\/strong><\/em><\/span><\/p>\n<p style=\"text-align: center;\">Al nostre centre, t&#8217;oferim la possibilitat de triar entre el batxillerat cient\u00edfico-tecnol\u00f2gic i el human\u00edstic-social. Pensa que hi ha la possibilitat de fer alguna mat\u00e8ria a dist\u00e0ncia (IOC) i que et convalidin alguna mat\u00e8ria ( treball de recerca \/ estada a l&#8217;empresa).<\/p>\n<p>&nbsp;<\/p>\n<p><strong>Si tens qualsevol dubte o vols m\u00e9s informaci\u00f3 posa&#8217;t en contacte amb nosaltres i t&#8217;ajudarem. Pots trucar per tel\u00e8fon o b\u00e9 enviarnos un correu a<\/strong> <strong><a href=\"mailto:preinscripcio@institutsantaeulalia.cat\">preinscripcio@institutsantaeulalia.cat<\/a><\/strong><\/p>\n<table style=\"border-collapse: collapse; width: 100%; height: 39px;\">\n<tbody>\n<tr style=\"height: 39px;\">\n<td style=\"width: 50%; height: 39px;\">\n<h4>1r de Batxillerat C (Nocturn)<\/h4>\n<ul>\n<li style=\"list-style-type: none;\">\n<ul>\n<li>Activitats<\/li>\n<li>Criteris d\u2019avaluaci\u00f3<\/li>\n<li><a href=\"https:\/\/drive.google.com\/file\/d\/1GF5GPSy6AdR9S6S59iXCZxDswTx4bWrj\/view\">Llibres<\/a><\/li>\n<\/ul>\n<\/li>\n<\/ul>\n<ul>\n<li><strong>Tutora<\/strong>: Isabel Freijo<\/li>\n<\/ul>\n<\/td>\n<td style=\"width: 50%; height: 39px;\">\n<h4>2n de Batxillerat C (Nocturn)<\/h4>\n<ul>\n<li style=\"list-style-type: none;\">\n<ul>\n<li>Activitats<\/li>\n<li>Criteris d\u2019avaluaci\u00f3<\/li>\n<li><a href=\"https:\/\/drive.google.com\/file\/d\/1GF5GPSy6AdR9S6S59iXCZxDswTx4bWrj\/view\">Llibres<\/a><\/li>\n<\/ul>\n<\/li>\n<\/ul>\n<ul>\n<li><strong>Tutora<\/strong>: Isabel Freijo<\/li>\n<\/ul>\n<\/td>\n<\/tr>\n<\/tbody>\n<\/table>\n","protected":false},"excerpt":{"rendered":"<p>Estigues atent, sigues viu, desperta!<br \/>\nTENS UNA ALTRA OPORTUNITAT PER FER BATXILLERAT.<br \/>\n\u00a0Aprofita ara!<\/p>\n<p>L&#8217;has de fer si&#8230;<br \/>\nEl batxillerat nocturn est\u00e0 adre\u00e7at a tothom qui vulgui adquirir coneixements i aptituds pel seu desenvolupament personal i professional.<br \/>\nEt trobar\u00e0s amb&#8230;<br \/>\nPersones que tenen el mat\u00ed ocupat per diferents circumst\u00e0ncies,\u00a0 persones que&hellip;  <a href=\"https:\/\/agora.xtec.cat\/ies-santa-eulalia\/estudis\/batxillerat-nocturn\/\" title=\"Read Batxillerat Nocturn\">Llegeix m\u00e9s\u00bb<\/a><\/p>\n","protected":false},"author":1,"featured_media":0,"parent":195,"menu_order":0,"comment_status":"closed","ping_status":"closed","template":"","meta":{"_bbp_topic_count":0,"_bbp_reply_count":0,"_bbp_total_topic_count":0,"_bbp_total_reply_count":0,"_bbp_voice_count":0,"_bbp_anonymous_reply_count":0,"_bbp_topic_count_hidden":0,"_bbp_reply_count_hidden":0,"_bbp_forum_subforum_count":0,"footnotes":""},"class_list":["post-4859","page","type-page","status-publish","hentry"],"post_mailing_queue_ids":[],"_links":{"self":[{"href":"https:\/\/agora.xtec.cat\/ies-santa-eulalia\/wp-json\/wp\/v2\/pages\/4859","targetHints":{"allow":["GET"]}}],"collection":[{"href":"https:\/\/agora.xtec.cat\/ies-santa-eulalia\/wp-json\/wp\/v2\/pages"}],"about":[{"href":"https:\/\/agora.xtec.cat\/ies-santa-eulalia\/wp-json\/wp\/v2\/types\/page"}],"author":[{"embeddable":true,"href":"https:\/\/agora.xtec.cat\/ies-santa-eulalia\/wp-json\/wp\/v2\/users\/1"}],"replies":[{"embeddable":true,"href":"https:\/\/agora.xtec.cat\/ies-santa-eulalia\/wp-json\/wp\/v2\/comments?post=4859"}],"version-history":[{"count":6,"href":"https:\/\/agora.xtec.cat\/ies-santa-eulalia\/wp-json\/wp\/v2\/pages\/4859\/revisions"}],"predecessor-version":[{"id":11768,"href":"https:\/\/agora.xtec.cat\/ies-santa-eulalia\/wp-json\/wp\/v2\/pages\/4859\/revisions\/11768"}],"up":[{"embeddable":true,"href":"https:\/\/agora.xtec.cat\/ies-santa-eulalia\/wp-json\/wp\/v2\/pages\/195"}],"wp:attachment":[{"href":"https:\/\/agora.xtec.cat\/ies-santa-eulalia\/wp-json\/wp\/v2\/media?parent=4859"}],"curies":[{"name":"wp","href":"https:\/\/api.w.org\/{rel}","templated":true}]}}