{"id":4696,"date":"2019-06-26T15:24:17","date_gmt":"2019-06-26T13:24:17","guid":{"rendered":"http:\/\/agora.xtec.cat\/ies-santa-eulalia\/?page_id=4696"},"modified":"2020-06-26T10:35:12","modified_gmt":"2020-06-26T08:35:12","slug":"informacions-dinici-de-curs-2019-20","status":"publish","type":"page","link":"https:\/\/agora.xtec.cat\/ies-santa-eulalia\/informacions-dinici-de-curs-2019-20\/","title":{"rendered":"Informacions d&#8217;inici de curs 2020-21"},"content":{"rendered":"<p>&nbsp;<\/p>\n<p>A continuaci\u00f3 us fem coneixedores i coneixedors d&#8217;aquelles informacions que us poden ser \u00fatils de cara a comen\u00e7ar a plantejar com iniciar el proper curs escolar al centre:<\/p>\n<p>&nbsp;<\/p>\n<table style=\"height: 39px; width: 1026px;\" width=\"858\">\n<tbody>\n<tr style=\"height: 39px;\">\n<td style=\"width: 754px; height: 39px; background-color: #636363; text-align: center;\">\n<h5><span style=\"color: #ffffff;\">Consulteu el <strong><span style=\"color: #ff6600;\">calendari<\/span> <\/strong>d&#8217;inici de curs pel proper setembre.\u00a0<\/span><\/h5>\n<\/td>\n<td style=\"width: 264px; height: 39px; border-style: hidden;\"><a href=\"https:\/\/drive.google.com\/open?id=1j5NDpTNW3CRIVi43W9CacGjzU0bUFpp8\"><img loading=\"lazy\" decoding=\"async\" class=\"alignnone size-full wp-image-4697\" src=\"https:\/\/agora.xtec.cat\/ies-santa-eulalia\/wp-content\/uploads\/usu1612\/2019\/06\/calendari.jpg\" alt=\"\" width=\"670\" height=\"378\" srcset=\"https:\/\/agora.xtec.cat\/ies-santa-eulalia\/wp-content\/uploads\/usu1612\/2019\/06\/calendari.jpg 670w, https:\/\/agora.xtec.cat\/ies-santa-eulalia\/wp-content\/uploads\/usu1612\/2019\/06\/calendari-300x169.jpg 300w\" sizes=\"auto, (max-width: 670px) 100vw, 670px\" \/><\/a><\/td>\n<\/tr>\n<\/tbody>\n<\/table>\n<table style=\"height: 39px; width: 1020px;\" width=\"858\">\n<tbody>\n<tr style=\"height: 39px;\">\n<td style=\"width: 756px; height: 39px; background-color: #616161;\">\n<h5 style=\"text-align: center;\"><span style=\"color: #ffffff;\">Cliqueu per consultar quin ser\u00e0 el<strong><span style=\"color: #ff6600;\"> llistat de llibres<\/span> <\/strong>que necessitareu el proper curs <\/span><\/h5>\n<h5 style=\"text-align: center;\"><span style=\"color: #ffffff;\">(tamb\u00e9 ho trobareu <strong><a href=\"https:\/\/agora.xtec.cat\/ies-santa-eulalia\/linstitut\/calendari-del-curs\/llibres-del-curs\/\"><span style=\"color: #ff0000;\">aqu\u00ed<\/span><\/a><\/strong>, al men\u00fa de la nostra p\u00e0gina, a l&#8217;apartat corresponent)<\/span><\/h5>\n<p>&nbsp;<\/p>\n<h5 style=\"text-align: center;\"><span style=\"color: #ffffff;\"><strong><span style=\"color: #cc99ff;\">Nota<\/span>: Es recomana no folrar ni guixar els llibres fins el primer dia de classe <\/strong><\/span><\/h5>\n<h5 style=\"text-align: center;\"><span style=\"color: #ffffff;\"><strong>en qu\u00e8 es confirmar\u00e0 que s\u00f3n els correctes.<\/strong><\/span><\/h5>\n<\/td>\n<td style=\"width: 256px; height: 39px; border-style: hidden;\"><a href=\"https:\/\/docs.google.com\/document\/d\/1Qw7di41R2ltuMhmdDYaNaqBgGc_hwQtYaRL3fjOxw9c\/edit\"><img loading=\"lazy\" decoding=\"async\" class=\"alignnone size-full wp-image-4698\" src=\"https:\/\/agora.xtec.cat\/ies-santa-eulalia\/wp-content\/uploads\/usu1612\/2019\/06\/llibres.jpeg\" alt=\"\" width=\"640\" height=\"380\" srcset=\"https:\/\/agora.xtec.cat\/ies-santa-eulalia\/wp-content\/uploads\/usu1612\/2019\/06\/llibres.jpeg 640w, https:\/\/agora.xtec.cat\/ies-santa-eulalia\/wp-content\/uploads\/usu1612\/2019\/06\/llibres-300x178.jpeg 300w\" sizes=\"auto, (max-width: 640px) 100vw, 640px\" \/><\/a><\/td>\n<\/tr>\n<\/tbody>\n<\/table>\n<table style=\"height: 39px; width: 1025px;\" width=\"858\">\n<tbody>\n<tr style=\"height: 39px;\">\n<td style=\"width: 667px; height: 39px; background-color: #5e5e5e; text-align: center;\">\n<h5><span style=\"color: #ffffff;\">Consulteu els <strong><span style=\"color: #ff6600;\">deures d&#8217;estiu<\/span><\/strong> recomanats per comen\u00e7ar el curs amb bon peu!\u00a0<\/span><\/h5>\n<\/td>\n<td style=\"width: 174px; height: 39px; border-style: hidden;\"><a href=\"https:\/\/drive.google.com\/drive\/u\/2\/folders\/16lECYKQJRxpe_V8ptnU2ienP7P41HWCr\"><img loading=\"lazy\" decoding=\"async\" class=\"alignnone size-full wp-image-4699\" src=\"https:\/\/agora.xtec.cat\/ies-santa-eulalia\/wp-content\/uploads\/usu1612\/2019\/06\/caixes-PRIMARIA.jpg\" alt=\"\" width=\"350\" height=\"210\" srcset=\"https:\/\/agora.xtec.cat\/ies-santa-eulalia\/wp-content\/uploads\/usu1612\/2019\/06\/caixes-PRIMARIA.jpg 350w, https:\/\/agora.xtec.cat\/ies-santa-eulalia\/wp-content\/uploads\/usu1612\/2019\/06\/caixes-PRIMARIA-300x180.jpg 300w\" sizes=\"auto, (max-width: 350px) 100vw, 350px\" \/><\/a><\/p>\n<h6 style=\"text-align: center;\">Si vens de prim\u00e0ria i comences l&#8217;ESO<\/h6>\n<\/td>\n<td style=\"width: 174px; border-style: hidden;\"><a href=\"https:\/\/drive.google.com\/drive\/folders\/12hiGD04nC5NCx8dZT_qAbl8yumfR8kfc?usp=sharing\"><img loading=\"lazy\" decoding=\"async\" class=\"alignnone wp-image-4700\" src=\"https:\/\/agora.xtec.cat\/ies-santa-eulalia\/wp-content\/uploads\/usu1612\/2019\/06\/banner_eso-e1561555863737.jpg\" alt=\"\" width=\"146\" height=\"99\" \/><\/a><\/p>\n<h6>Si ja est\u00e0s fent l&#8217;eso<\/h6>\n<\/td>\n<\/tr>\n<\/tbody>\n<\/table>\n<p>&nbsp;<\/p>\n","protected":false},"excerpt":{"rendered":"<p>&nbsp;<br \/>\nA continuaci\u00f3 us fem coneixedores i coneixedors d&#8217;aquelles informacions que us poden ser \u00fatils de cara a comen\u00e7ar a plantejar com iniciar el proper curs escolar al centre:<br \/>\n&nbsp;<\/p>\n<p>Consulteu el calendari d&#8217;inici de curs pel proper setembre.\u00a0<\/p>\n<p><a href=\"https:\/\/drive.google.com\/open?id=1j5NDpTNW3CRIVi43W9CacGjzU0bUFpp8\"><\/a><\/p>\n<p>Cliqueu per consultar quin ser\u00e0 el llistat de llibres&hellip;  <a href=\"https:\/\/agora.xtec.cat\/ies-santa-eulalia\/informacions-dinici-de-curs-2019-20\/\" title=\"Read Informacions d&#8217;inici de curs 2020-21\">Llegeix m\u00e9s\u00bb<\/a><\/p>\n","protected":false},"author":1,"featured_media":0,"parent":0,"menu_order":0,"comment_status":"closed","ping_status":"closed","template":"","meta":{"_bbp_topic_count":0,"_bbp_reply_count":0,"_bbp_total_topic_count":0,"_bbp_total_reply_count":0,"_bbp_voice_count":0,"_bbp_anonymous_reply_count":0,"_bbp_topic_count_hidden":0,"_bbp_reply_count_hidden":0,"_bbp_forum_subforum_count":0,"footnotes":""},"class_list":["post-4696","page","type-page","status-publish","hentry"],"post_mailing_queue_ids":[],"_links":{"self":[{"href":"https:\/\/agora.xtec.cat\/ies-santa-eulalia\/wp-json\/wp\/v2\/pages\/4696","targetHints":{"allow":["GET"]}}],"collection":[{"href":"https:\/\/agora.xtec.cat\/ies-santa-eulalia\/wp-json\/wp\/v2\/pages"}],"about":[{"href":"https:\/\/agora.xtec.cat\/ies-santa-eulalia\/wp-json\/wp\/v2\/types\/page"}],"author":[{"embeddable":true,"href":"https:\/\/agora.xtec.cat\/ies-santa-eulalia\/wp-json\/wp\/v2\/users\/1"}],"replies":[{"embeddable":true,"href":"https:\/\/agora.xtec.cat\/ies-santa-eulalia\/wp-json\/wp\/v2\/comments?post=4696"}],"version-history":[{"count":4,"href":"https:\/\/agora.xtec.cat\/ies-santa-eulalia\/wp-json\/wp\/v2\/pages\/4696\/revisions"}],"predecessor-version":[{"id":6388,"href":"https:\/\/agora.xtec.cat\/ies-santa-eulalia\/wp-json\/wp\/v2\/pages\/4696\/revisions\/6388"}],"wp:attachment":[{"href":"https:\/\/agora.xtec.cat\/ies-santa-eulalia\/wp-json\/wp\/v2\/media?parent=4696"}],"curies":[{"name":"wp","href":"https:\/\/api.w.org\/{rel}","templated":true}]}}

<p>&nbsp;</p>
<p>A continuació us fem coneixedores i coneixedors d&#8217;aquelles informacions que us poden ser útils de cara a començar a plantejar com iniciar el proper curs escolar al centre:</p>
<p>&nbsp;</p>
<table style="height: 39px; width: 1026px;" width="858">
<tbody>
<tr style="height: 39px;">
<td style="width: 754px; height: 39px; background-color: #636363; text-align: center;">
<h5><span style="color: #ffffff;">Consulteu el <strong><span style="color: #ff6600;">calendari</span> </strong>d&#8217;inici de curs pel proper setembre. </span></h5>
</td>
<td style="width: 264px; height: 39px; border-style: hidden;"><a href="https://drive.google.com/open?id=1j5NDpTNW3CRIVi43W9CacGjzU0bUFpp8"><img loading="lazy" decoding="async" class="alignnone size-full wp-image-4697" src="https://agora.xtec.cat/ies-santa-eulalia/wp-content/uploads/usu1612/2019/06/calendari.jpg" alt="" width="670" height="378" srcset="https://agora.xtec.cat/ies-santa-eulalia/wp-content/uploads/usu1612/2019/06/calendari.jpg 670w, https://agora.xtec.cat/ies-santa-eulalia/wp-content/uploads/usu1612/2019/06/calendari-300x169.jpg 300w" sizes="auto, (max-width: 670px) 100vw, 670px" /></a></td>
</tr>
</tbody>
</table>
<table style="height: 39px; width: 1020px;" width="858">
<tbody>
<tr style="height: 39px;">
<td style="width: 756px; height: 39px; background-color: #616161;">
<h5 style="text-align: center;"><span style="color: #ffffff;">Cliqueu per consultar quin serà el<strong><span style="color: #ff6600;"> llistat de llibres</span> </strong>que necessitareu el proper curs </span></h5>
<h5 style="text-align: center;"><span style="color: #ffffff;">(també ho trobareu <strong><a href="https://agora.xtec.cat/ies-santa-eulalia/linstitut/calendari-del-curs/llibres-del-curs/"><span style="color: #ff0000;">aquí</span></a></strong>, al menú de la nostra pàgina, a l&#8217;apartat corresponent)</span></h5>
<p>&nbsp;</p>
<h5 style="text-align: center;"><span style="color: #ffffff;"><strong><span style="color: #cc99ff;">Nota</span>: Es recomana no folrar ni guixar els llibres fins el primer dia de classe </strong></span></h5>
<h5 style="text-align: center;"><span style="color: #ffffff;"><strong>en què es confirmarà que són els correctes.</strong></span></h5>
</td>
<td style="width: 256px; height: 39px; border-style: hidden;"><a href="https://docs.google.com/document/d/1Qw7di41R2ltuMhmdDYaNaqBgGc_hwQtYaRL3fjOxw9c/edit"><img loading="lazy" decoding="async" class="alignnone size-full wp-image-4698" src="https://agora.xtec.cat/ies-santa-eulalia/wp-content/uploads/usu1612/2019/06/llibres.jpeg" alt="" width="640" height="380" srcset="https://agora.xtec.cat/ies-santa-eulalia/wp-content/uploads/usu1612/2019/06/llibres.jpeg 640w, https://agora.xtec.cat/ies-santa-eulalia/wp-content/uploads/usu1612/2019/06/llibres-300x178.jpeg 300w" sizes="auto, (max-width: 640px) 100vw, 640px" /></a></td>
</tr>
</tbody>
</table>
<table style="height: 39px; width: 1025px;" width="858">
<tbody>
<tr style="height: 39px;">
<td style="width: 667px; height: 39px; background-color: #5e5e5e; text-align: center;">
<h5><span style="color: #ffffff;">Consulteu els <strong><span style="color: #ff6600;">deures d&#8217;estiu</span></strong> recomanats per començar el curs amb bon peu! </span></h5>
</td>
<td style="width: 174px; height: 39px; border-style: hidden;"><a href="https://drive.google.com/drive/u/2/folders/16lECYKQJRxpe_V8ptnU2ienP7P41HWCr"><img loading="lazy" decoding="async" class="alignnone size-full wp-image-4699" src="https://agora.xtec.cat/ies-santa-eulalia/wp-content/uploads/usu1612/2019/06/caixes-PRIMARIA.jpg" alt="" width="350" height="210" srcset="https://agora.xtec.cat/ies-santa-eulalia/wp-content/uploads/usu1612/2019/06/caixes-PRIMARIA.jpg 350w, https://agora.xtec.cat/ies-santa-eulalia/wp-content/uploads/usu1612/2019/06/caixes-PRIMARIA-300x180.jpg 300w" sizes="auto, (max-width: 350px) 100vw, 350px" /></a></p>
<h6 style="text-align: center;">Si vens de primària i comences l&#8217;ESO</h6>
</td>
<td style="width: 174px; border-style: hidden;"><a href="https://drive.google.com/drive/folders/12hiGD04nC5NCx8dZT_qAbl8yumfR8kfc?usp=sharing"><img loading="lazy" decoding="async" class="alignnone wp-image-4700" src="https://agora.xtec.cat/ies-santa-eulalia/wp-content/uploads/usu1612/2019/06/banner_eso-e1561555863737.jpg" alt="" width="146" height="99" /></a></p>
<h6>Si ja estàs fent l&#8217;eso</h6>
</td>
</tr>
</tbody>
</table>
<p>&nbsp;</p>

<p>&nbsp;<br />
A continuació us fem coneixedores i coneixedors d&#8217;aquelles informacions que us poden ser útils de cara a començar a plantejar com iniciar el proper curs escolar al centre:<br />
&nbsp;</p>
<p>Consulteu el calendari d&#8217;inici de curs pel proper setembre. </p>
<p><a href="https://drive.google.com/open?id=1j5NDpTNW3CRIVi43W9CacGjzU0bUFpp8"></a></p>
<p>Cliqueu per consultar quin serà el llistat de llibres&hellip;  <a href="https://agora.xtec.cat/ies-santa-eulalia/informacions-dinici-de-curs-2019-20/" title="Read Informacions d&#8217;inici de curs 2020-21">Llegeix més»</a></p>
