{"id":2865,"date":"2018-10-17T09:19:22","date_gmt":"2018-10-17T07:19:22","guid":{"rendered":"http:\/\/agora.xtec.cat\/ies-santa-eulalia\/?page_id=2865"},"modified":"2024-09-04T13:18:25","modified_gmt":"2024-09-04T11:18:25","slug":"llibres-del-curs","status":"publish","type":"page","link":"https:\/\/agora.xtec.cat\/ies-santa-eulalia\/estudis\/llibres-del-curs\/","title":{"rendered":"Llibres del curs (2024-2025)"},"content":{"rendered":"<p>&nbsp;<\/p>\n<table style=\"height: 54px; width: 865px;\" width=\"787\">\n<tbody>\n<tr>\n<td style=\"width: 859px; background-color: #8f8f8f; text-align: center;\">\n<h4><span style=\"color: #ffffff;\"><strong>LLISTAT DE LLIBRES PER CURSOS I MAT\u00c8RIES\u00a0<\/strong><\/span><\/h4>\n<\/td>\n<\/tr>\n<\/tbody>\n<\/table>\n<h4 style=\"text-align: left; padding-left: 400px;\"><span style=\"color: #ffffff;\"><strong><span style=\"color: #cc99ff;\">Atenci\u00f3:<\/span>: <\/strong><\/span><\/h4>\n<h6 style=\"text-align: left;\"><em><span style=\"color: #ffffff;\"><strong><span style=\"color: #333333;\">Es recomana no folrar ni guixar els llibres fins el primer dia de classe <\/span><\/strong><\/span><span style=\"color: #333333;\"><strong>en qu\u00e8 es confirmar\u00e0 que s\u00f3n els correctes.<\/strong><\/span><\/em><\/h6>\n<p>&nbsp;<\/p>\n<table style=\"height: 191px; width: 855px;\" width=\"725\">\n<tbody>\n<tr>\n<td style=\"width: 86px; border-style: hidden;\" rowspan=\"4\"><img loading=\"lazy\" decoding=\"async\" class=\"alignnone wp-image-4638\" src=\"https:\/\/agora.xtec.cat\/ies-santa-eulalia\/wp-content\/uploads\/usu1612\/2019\/06\/esollibres.png\" alt=\"\" width=\"77\" height=\"178\" \/><\/td>\n<td style=\"width: 761px; text-align: center; border-style: solid;\">\n<h5><span style=\"color: #333399;\"><strong>Llibres per <a href=\"https:\/\/drive.google.com\/file\/d\/1gUtmcT-wYv6f6PgeyvHxSsUa4l9W9fKH\/view?usp=share_link\"><span style=\"color: #ff6600;\">primer<\/span><\/a> d&#8217;ESO 2024\/25<\/strong><\/span><\/h5>\n<\/td>\n<\/tr>\n<tr>\n<td style=\"width: 761px; text-align: center; border-style: solid;\">\n<h5><span style=\"color: #333399;\"><strong>Llibres per <a href=\"https:\/\/drive.google.com\/file\/d\/1DWaH6Q_SDEzyJche0tnGyAscy90B_6gB\/view?usp=drive_link\"><span style=\"color: #ff6600;\">segon<\/span><\/a> d&#8217;ESO 2024\/25<\/strong><\/span><\/h5>\n<\/td>\n<\/tr>\n<tr>\n<td style=\"width: 761px; text-align: center; border-style: solid;\">\n<h5><span style=\"color: #333399;\"><strong>Llibres per <a href=\"https:\/\/drive.google.com\/file\/d\/1V_SRS20-yCi_gagjGqBV-kfeFfHMvuu0\/view?usp=drive_link\"><span style=\"color: #ff6600;\">tercer<\/span><\/a> d&#8217;ESO 2024\/25<\/strong><\/span><\/h5>\n<\/td>\n<\/tr>\n<tr>\n<td style=\"width: 761px; text-align: center; border-style: solid;\">\n<h5><span style=\"color: #333399;\"><strong>Llibres per <a href=\"https:\/\/drive.google.com\/file\/d\/1SC9p1oUk7P3q4r96vgcPT8ijlg-DZJJc\/view?usp=drive_link\"><span style=\"color: #ff6600;\">quart<\/span><\/a> d&#8217;ESO 2024\/25<\/strong><\/span><\/h5>\n<\/td>\n<\/tr>\n<tr>\n<td style=\"width: 86px; border-style: hidden;\"><\/td>\n<td style=\"width: 761px; text-align: center; border-style: solid;\">\n<h5><strong><span style=\"color: #333399;\">Nota: Instruccions <a href=\"https:\/\/drive.google.com\/file\/d\/1EbYyHydVMG5oAUHYLowjutUIs2qf-Pon\/view?usp=sharing\"><span style=\"color: #ff6600;\">Science-Bits<\/span><\/a><\/span><\/strong><\/h5>\n<h6><em><strong><span style=\"color: #333399;\">(nom\u00e9s si no feu servir Iddink)<\/span><\/strong><\/em><\/h6>\n<\/td>\n<\/tr>\n<\/tbody>\n<\/table>\n<table style=\"height: 196px; width: 853px;\" width=\"730\">\n<tbody>\n<tr style=\"height: 49px;\">\n<td style=\"width: 84px; height: 196px; border-style: hidden; text-align: center;\" rowspan=\"4\"><strong><img loading=\"lazy\" decoding=\"async\" class=\"alignnone size-full wp-image-4639\" src=\"https:\/\/agora.xtec.cat\/ies-santa-eulalia\/wp-content\/uploads\/usu1612\/2019\/06\/batxllibres.png\" alt=\"\" width=\"82\" height=\"201\" \/><\/strong><\/td>\n<td style=\"width: 761px; text-align: center; height: 49px; border-style: solid;\">\n<h5><span style=\"color: #333399;\"><strong>Llibres pel <a href=\"https:\/\/drive.google.com\/file\/d\/1RRLr2wNcrAR8NYy_ps6AaLg1GKS9H4Cj\/view?usp=drive_link\"><span style=\"color: #008000;\">primer<\/span><\/a> curs de batxillerat (DI\u00dcRN) 2024\/25<\/strong><\/span><\/h5>\n<\/td>\n<\/tr>\n<tr style=\"height: 49px;\">\n<td style=\"width: 761px; text-align: center; height: 49px; border-style: solid;\">\n<h5><span style=\"color: #333399;\"><strong>Llibres pel <a href=\"https:\/\/drive.google.com\/file\/d\/1uPaCWT_K59uJG2VUgGELkteF162cwTQY\/view?usp=drive_link\"><span style=\"color: #008000;\">segon<\/span><\/a> curs de batxillerat (DI\u00dcRN) 2024\/25<\/strong><\/span><\/h5>\n<\/td>\n<\/tr>\n<tr style=\"height: 49px;\">\n<td style=\"width: 761px; text-align: center; height: 49px; border-style: solid;\">\n<h5><span style=\"color: #333399;\"><strong>Llibres pel <a href=\"https:\/\/drive.google.com\/file\/d\/1Qc9V_bkYO5_OOPk1JNvuv7ucGwyGptCc\/view?usp=drive_link\"><span style=\"color: #008000;\">primer<\/span><\/a> curs de batxillerat (NOCTURN) 2024\/25<\/strong><\/span><\/h5>\n<\/td>\n<\/tr>\n<tr style=\"height: 49px;\">\n<td style=\"width: 761px; text-align: center; height: 49px; border-style: solid;\">\n<h5><span style=\"color: #333399;\"><strong>Llibres pel <a href=\"https:\/\/drive.google.com\/file\/d\/1DUi4I4nAK8xMKxY9Msk1czWPkLfNkhe9\/view?usp=drive_link\"><span style=\"color: #008000;\">segon<\/span><\/a> curs de batxillerat (NOCTURN) 2024\/25<\/strong><\/span><\/h5>\n<\/td>\n<\/tr>\n<\/tbody>\n<\/table>\n<table style=\"height: 54px; width: 849px;\" width=\"787\">\n<tbody>\n<tr>\n<td style=\"width: 843px; background-color: #8f8f8f; text-align: center;\">\n<h4><span style=\"color: #ffffff;\"><strong>SERVEI ECOBOOKS IDDINK<\/strong><\/span><\/h4>\n<\/td>\n<\/tr>\n<\/tbody>\n<\/table>\n<p style=\"text-align: center;\">Podeu adquirir els liibres fent servir el servei Ecobooks Iddink.<\/p>\n<p style=\"text-align: center;\">Per saber com tornar els llibres del curs anterior, feu clic <a href=\"https:\/\/agora.xtec.cat\/ies-santa-eulalia\/wp-content\/uploads\/usu1612\/2020\/06\/info1.pdf\"><strong>AQU\u00cd<\/strong><\/a>.<\/p>\n<p style=\"text-align: center;\">Si teniu cap dubte, adreceu-vos a la p\u00e0gina web\u00a0<a href=\"http:\/\/www.iddink.cat\/\">www.iddink.cat<\/a>\u00a0o a l\u2019ampa del nostre centre \u00a0<a href=\"mailto:buzonampasantaeulalia@gmail.com\" target=\"_blank\" rel=\"noopener noreferrer\">buzonampasantaeulalia@gmail.<wbr \/>com<\/a><\/p>\n<h5 style=\"text-align: left;\"><\/h5>\n","protected":false},"excerpt":{"rendered":"<p>&nbsp;<\/p>\n<p>LLISTAT DE LLIBRES PER CURSOS I MAT\u00c8RIES\u00a0<\/p>\n<p>Atenci\u00f3::<br \/>\nEs recomana no folrar ni guixar els llibres fins el primer dia de classe en qu\u00e8 es confirmar\u00e0 que s\u00f3n els correctes.<br \/>\n&nbsp;<\/p>\n<p>Llibres per <a href=\"https:\/\/drive.google.com\/file\/d\/1gUtmcT-wYv6f6PgeyvHxSsUa4l9W9fKH\/view?usp=share_link\">primer<\/a> d&#8217;ESO 2024\/25<\/p>\n<p>Llibres per <a href=\"https:\/\/drive.google.com\/file\/d\/1DWaH6Q_SDEzyJche0tnGyAscy90B_6gB\/view?usp=drive_link\">segon<\/a> d&#8217;ESO 2024\/25<\/p>\n<p>Llibres per <a href=\"https:\/\/drive.google.com\/file\/d\/1V_SRS20-yCi_gagjGqBV-kfeFfHMvuu0\/view?usp=drive_link\">tercer<\/a> d&#8217;ESO 2024\/25<\/p>\n<p>Llibres per&hellip;  <a href=\"https:\/\/agora.xtec.cat\/ies-santa-eulalia\/estudis\/llibres-del-curs\/\" title=\"Read Llibres del curs (2024-2025)\">Llegeix m\u00e9s\u00bb<\/a><\/p>\n","protected":false},"author":1,"featured_media":0,"parent":195,"menu_order":0,"comment_status":"closed","ping_status":"closed","template":"page-templates\/side-menu.php","meta":{"_bbp_topic_count":0,"_bbp_reply_count":0,"_bbp_total_topic_count":0,"_bbp_total_reply_count":0,"_bbp_voice_count":0,"_bbp_anonymous_reply_count":0,"_bbp_topic_count_hidden":0,"_bbp_reply_count_hidden":0,"_bbp_forum_subforum_count":0,"footnotes":""},"class_list":["post-2865","page","type-page","status-publish","hentry"],"post_mailing_queue_ids":[],"_links":{"self":[{"href":"https:\/\/agora.xtec.cat\/ies-santa-eulalia\/wp-json\/wp\/v2\/pages\/2865","targetHints":{"allow":["GET"]}}],"collection":[{"href":"https:\/\/agora.xtec.cat\/ies-santa-eulalia\/wp-json\/wp\/v2\/pages"}],"about":[{"href":"https:\/\/agora.xtec.cat\/ies-santa-eulalia\/wp-json\/wp\/v2\/types\/page"}],"author":[{"embeddable":true,"href":"https:\/\/agora.xtec.cat\/ies-santa-eulalia\/wp-json\/wp\/v2\/users\/1"}],"replies":[{"embeddable":true,"href":"https:\/\/agora.xtec.cat\/ies-santa-eulalia\/wp-json\/wp\/v2\/comments?post=2865"}],"version-history":[{"count":6,"href":"https:\/\/agora.xtec.cat\/ies-santa-eulalia\/wp-json\/wp\/v2\/pages\/2865\/revisions"}],"predecessor-version":[{"id":11758,"href":"https:\/\/agora.xtec.cat\/ies-santa-eulalia\/wp-json\/wp\/v2\/pages\/2865\/revisions\/11758"}],"up":[{"embeddable":true,"href":"https:\/\/agora.xtec.cat\/ies-santa-eulalia\/wp-json\/wp\/v2\/pages\/195"}],"wp:attachment":[{"href":"https:\/\/agora.xtec.cat\/ies-santa-eulalia\/wp-json\/wp\/v2\/media?parent=2865"}],"curies":[{"name":"wp","href":"https:\/\/api.w.org\/{rel}","templated":true}]}}