{"id":1658,"date":"2018-02-02T11:11:24","date_gmt":"2018-02-02T10:11:24","guid":{"rendered":"http:\/\/agora.xtec.cat\/ies-santa-eulalia\/?page_id=1658"},"modified":"2020-11-04T10:08:48","modified_gmt":"2020-11-04T09:08:48","slug":"escola-de-mares-i-pares","status":"publish","type":"page","link":"https:\/\/agora.xtec.cat\/ies-santa-eulalia\/administracio-i-serveis\/escola-de-mares-i-pares\/","title":{"rendered":"Escola de Fam\u00edlies"},"content":{"rendered":"<p><img loading=\"lazy\" decoding=\"async\" class=\"wp-image-6639 aligncenter\" src=\"https:\/\/agora.xtec.cat\/ies-santa-eulalia\/wp-content\/uploads\/usu1612\/2020\/10\/paper-family-1186206-1598x1054-1-300x198.jpg\" alt=\"\" width=\"468\" height=\"309\" srcset=\"https:\/\/agora.xtec.cat\/ies-santa-eulalia\/wp-content\/uploads\/usu1612\/2020\/10\/paper-family-1186206-1598x1054-1-300x198.jpg 300w, https:\/\/agora.xtec.cat\/ies-santa-eulalia\/wp-content\/uploads\/usu1612\/2020\/10\/paper-family-1186206-1598x1054-1-768x507.jpg 768w, https:\/\/agora.xtec.cat\/ies-santa-eulalia\/wp-content\/uploads\/usu1612\/2020\/10\/paper-family-1186206-1598x1054-1-1024x675.jpg 1024w, https:\/\/agora.xtec.cat\/ies-santa-eulalia\/wp-content\/uploads\/usu1612\/2020\/10\/paper-family-1186206-1598x1054-1.jpg 1598w\" sizes=\"auto, (max-width: 468px) 100vw, 468px\" \/><\/p>\n<h6><\/h6>\n<p>Quan arribem de la cl\u00ednica\u00a0a casa amb el nostre nad\u00f3 sentim, de cop i volta, l&#8217;enorme responsabilitat que la seva\u00a0cura\u00a0suposar\u00e0\u00a0i \u00e9s veritat: \u00e9s una gran responsabilitat perqu\u00e8 del nostre amor i atenci\u00f3 dependr\u00e0, en gran mesura, la seva felicitat.\u00a0Comen\u00e7a en aquell moment una gran aventura per la qual ning\u00fa, en realitat, ens ha preparat.\u00a0Aquest fill\/a ve sense cap &#8220;manual d&#8217;instruccions&#8221; i en alguns moments ens sentirem sols davant el repte de la seva educaci\u00f3.\u00a0Conv\u00e9 deia Mafalda, el personatge de c\u00f2mic, perqu\u00e8 &#8220;pares i fills reben el mateix t\u00edtol, per\u00f2 cap d&#8217;ells ha\u00a0assistit\u00a0a un curs per exercir la seva professi\u00f3&#8221;.<\/p>\n<p>Davant d&#8217;aquest repte, molts pares, si l&#8217;educaci\u00f3 que ells van rebre dels seus els ha semblat satisfact\u00f2ria, intentaran educar els seus fills seguint aquestes\u00a0pautes,\u00a0per\u00f2 el que va servir per a ells potser no serveixi per als seus fills ja que estem en una societat que canvia\u00a0vertiginosament\u00a0en pocs anys.\u00a0D&#8217;altres, en canvi, queixosos de l&#8217;educaci\u00f3 rebuda, intentaran amb els seus fills aplicar criteris totalment oposats als que es van emprar en la seva educaci\u00f3. Tamb\u00e9 aqu\u00ed podem inc\u00f3rrer en anar-nos al pol oposat sense calcular-ne els efectes: persones que han rebut una educaci\u00f3 molt estricta i repressora poden tenir la temptaci\u00f3 de donar una llibertat sense l\u00edmits als seus fills i aix\u00f2 t\u00e9 tamb\u00e9 conseq\u00fc\u00e8ncies funestes sobre la seva educaci\u00f3.<\/p>\n<p>Per realitzar una educaci\u00f3 el m\u00e9s conscient possible de car\u00e0cter preventiu es creen les Escoles de pares, espais oberts de reflexi\u00f3 on poder posar consci\u00e8ncia sobre l&#8217;educaci\u00f3 dels nostres fills i on poder compartir amb altres aquesta experi\u00e8ncia.<\/p>\n<p>L&#8217;Escola de pares \u00e9s, en definitiva, un lloc per aprendre a &#8220;navegar&#8221; per aquesta realitat, tan fant\u00e0stica com complexa, de la fam\u00edlia.<\/p>\n<table style=\"height: 177px;\" width=\"785\">\n<tbody>\n<tr>\n<td style=\"width: 388px; text-align: center;\">\n<h5>Qu\u00e8 \u00e9s una escola de pares?<\/h5>\n<ul>\n<li>Un espai de trobada i reflexi\u00f3<\/li>\n<li>Un comprom\u00eds d&#8217;assist\u00e8ncia i participaci\u00f3<\/li>\n<li>Un lloc per compartir experi\u00e8ncies<\/li>\n<li style=\"text-align: center;\">Un treball en grup per adquirir comprensions que ens ajudin a la dif\u00edcil tasca d&#8217;educar<\/li>\n<\/ul>\n<\/td>\n<td style=\"width: 389px; text-align: center;\">\n<h5>Qu\u00e8\u00a0<strong>no<\/strong>\u00a0\u00e9s una escola de pares?<\/h5>\n<ul>\n<li>Un cicle de confer\u00e8ncies<\/li>\n<li>Un lloc on anar solament a escoltar<\/li>\n<li>Una consulta psicol\u00f2gica<\/li>\n<li>Un lloc on &#8220;passar l&#8217;estona&#8221;<\/li>\n<\/ul>\n<\/td>\n<\/tr>\n<\/tbody>\n<\/table>\n<p>&nbsp;<\/p>\n<h5>Calendari de sessions:<\/h5>\n<table style=\"height: 582px; width: 783px;\" width=\"443\">\n<tbody>\n<tr>\n<td style=\"width: 377px;\">\n<p style=\"text-align: center;\"><span style=\"color: #ff6600;\"><strong>PRIMERA SESSI\u00d3: <\/strong><\/span><\/p>\n<p style=\"text-align: center;\"><span style=\"color: #3366ff;\"><em><strong>&#8220;CREENCES QUE EMMALALTEIXEN I CREENCES QUE SANEN&#8221;<\/strong><\/em><\/span><\/p>\n<h4 style=\"text-align: center;\"><a href=\"https:\/\/agora.xtec.cat\/ies-santa-eulalia\/wp-content\/uploads\/usu1612\/2020\/10\/27.10.20-JOANA-GALLARDO.-SANTA-EUL\u00c0LIA-I-JAUME-BOTEY.pdf\"><img loading=\"lazy\" decoding=\"async\" class=\"wp-image-6641 aligncenter\" src=\"https:\/\/agora.xtec.cat\/ies-santa-eulalia\/wp-content\/uploads\/usu1612\/2020\/10\/escola-fam\u00edlies-225x300.png\" alt=\"\" width=\"339\" height=\"452\" srcset=\"https:\/\/agora.xtec.cat\/ies-santa-eulalia\/wp-content\/uploads\/usu1612\/2020\/10\/escola-fam\u00edlies-225x300.png 225w, https:\/\/agora.xtec.cat\/ies-santa-eulalia\/wp-content\/uploads\/usu1612\/2020\/10\/escola-fam\u00edlies-768x1023.png 768w, https:\/\/agora.xtec.cat\/ies-santa-eulalia\/wp-content\/uploads\/usu1612\/2020\/10\/escola-fam\u00edlies-769x1024.png 769w, https:\/\/agora.xtec.cat\/ies-santa-eulalia\/wp-content\/uploads\/usu1612\/2020\/10\/escola-fam\u00edlies.png 1252w\" sizes=\"auto, (max-width: 339px) 100vw, 339px\" \/><\/a><\/h4>\n<\/td>\n<td style=\"width: 398px;\"><\/td>\n<\/tr>\n<\/tbody>\n<\/table>\n<p>&nbsp;<\/p>\n","protected":false},"excerpt":{"rendered":"<p>Quan arribem de la cl\u00ednica\u00a0a casa amb el nostre nad\u00f3 sentim, de cop i volta, l&#8217;enorme responsabilitat que la seva\u00a0cura\u00a0suposar\u00e0\u00a0i \u00e9s veritat: \u00e9s una gran responsabilitat perqu\u00e8 del nostre amor i atenci\u00f3 dependr\u00e0, en gran mesura, la seva felicitat.\u00a0Comen\u00e7a en aquell moment una gran aventura&hellip;  <a href=\"https:\/\/agora.xtec.cat\/ies-santa-eulalia\/administracio-i-serveis\/escola-de-mares-i-pares\/\" title=\"Read Escola de Fam\u00edlies\">Llegeix m\u00e9s\u00bb<\/a><\/p>\n","protected":false},"author":1,"featured_media":0,"parent":4826,"menu_order":40,"comment_status":"closed","ping_status":"closed","template":"page-templates\/side-menu.php","meta":{"_bbp_topic_count":0,"_bbp_reply_count":0,"_bbp_total_topic_count":0,"_bbp_total_reply_count":0,"_bbp_voice_count":0,"_bbp_anonymous_reply_count":0,"_bbp_topic_count_hidden":0,"_bbp_reply_count_hidden":0,"_bbp_forum_subforum_count":0,"footnotes":""},"class_list":["post-1658","page","type-page","status-publish","hentry"],"post_mailing_queue_ids":[],"_links":{"self":[{"href":"https:\/\/agora.xtec.cat\/ies-santa-eulalia\/wp-json\/wp\/v2\/pages\/1658","targetHints":{"allow":["GET"]}}],"collection":[{"href":"https:\/\/agora.xtec.cat\/ies-santa-eulalia\/wp-json\/wp\/v2\/pages"}],"about":[{"href":"https:\/\/agora.xtec.cat\/ies-santa-eulalia\/wp-json\/wp\/v2\/types\/page"}],"author":[{"embeddable":true,"href":"https:\/\/agora.xtec.cat\/ies-santa-eulalia\/wp-json\/wp\/v2\/users\/1"}],"replies":[{"embeddable":true,"href":"https:\/\/agora.xtec.cat\/ies-santa-eulalia\/wp-json\/wp\/v2\/comments?post=1658"}],"version-history":[{"count":4,"href":"https:\/\/agora.xtec.cat\/ies-santa-eulalia\/wp-json\/wp\/v2\/pages\/1658\/revisions"}],"predecessor-version":[{"id":6686,"href":"https:\/\/agora.xtec.cat\/ies-santa-eulalia\/wp-json\/wp\/v2\/pages\/1658\/revisions\/6686"}],"up":[{"embeddable":true,"href":"https:\/\/agora.xtec.cat\/ies-santa-eulalia\/wp-json\/wp\/v2\/pages\/4826"}],"wp:attachment":[{"href":"https:\/\/agora.xtec.cat\/ies-santa-eulalia\/wp-json\/wp\/v2\/media?parent=1658"}],"curies":[{"name":"wp","href":"https:\/\/api.w.org\/{rel}","templated":true}]}}

Escola de Famílies

<p><img loading="lazy" decoding="async" class="wp-image-6639 aligncenter" src="https://agora.xtec.cat/ies-santa-eulalia/wp-content/uploads/usu1612/2020/10/paper-family-1186206-1598x1054-1-300x198.jpg" alt="" width="468" height="309" srcset="https://agora.xtec.cat/ies-santa-eulalia/wp-content/uploads/usu1612/2020/10/paper-family-1186206-1598x1054-1-300x198.jpg 300w, https://agora.xtec.cat/ies-santa-eulalia/wp-content/uploads/usu1612/2020/10/paper-family-1186206-1598x1054-1-768x507.jpg 768w, https://agora.xtec.cat/ies-santa-eulalia/wp-content/uploads/usu1612/2020/10/paper-family-1186206-1598x1054-1-1024x675.jpg 1024w, https://agora.xtec.cat/ies-santa-eulalia/wp-content/uploads/usu1612/2020/10/paper-family-1186206-1598x1054-1.jpg 1598w" sizes="auto, (max-width: 468px) 100vw, 468px" /></p>
<h6></h6>
<p>Quan arribem de la clínica a casa amb el nostre nadó sentim, de cop i volta, l&#8217;enorme responsabilitat que la seva cura suposarà i és veritat: és una gran responsabilitat perquè del nostre amor i atenció dependrà, en gran mesura, la seva felicitat. Comença en aquell moment una gran aventura per la qual ningú, en realitat, ens ha preparat. Aquest fill/a ve sense cap &#8220;manual d&#8217;instruccions&#8221; i en alguns moments ens sentirem sols davant el repte de la seva educació. Convé deia Mafalda, el personatge de còmic, perquè &#8220;pares i fills reben el mateix títol, però cap d&#8217;ells ha assistit a un curs per exercir la seva professió&#8221;.</p>
<p>Davant d&#8217;aquest repte, molts pares, si l&#8217;educació que ells van rebre dels seus els ha semblat satisfactòria, intentaran educar els seus fills seguint aquestes pautes, però el que va servir per a ells potser no serveixi per als seus fills ja que estem en una societat que canvia vertiginosament en pocs anys. D&#8217;altres, en canvi, queixosos de l&#8217;educació rebuda, intentaran amb els seus fills aplicar criteris totalment oposats als que es van emprar en la seva educació. També aquí podem incórrer en anar-nos al pol oposat sense calcular-ne els efectes: persones que han rebut una educació molt estricta i repressora poden tenir la temptació de donar una llibertat sense límits als seus fills i això té també conseqüències funestes sobre la seva educació.</p>
<p>Per realitzar una educació el més conscient possible de caràcter preventiu es creen les Escoles de pares, espais oberts de reflexió on poder posar consciència sobre l&#8217;educació dels nostres fills i on poder compartir amb altres aquesta experiència.</p>
<p>L&#8217;Escola de pares és, en definitiva, un lloc per aprendre a &#8220;navegar&#8221; per aquesta realitat, tan fantàstica com complexa, de la família.</p>
<table style="height: 177px;" width="785">
<tbody>
<tr>
<td style="width: 388px; text-align: center;">
<h5>Què és una escola de pares?</h5>
<ul>
<li>Un espai de trobada i reflexió</li>
<li>Un compromís d&#8217;assistència i participació</li>
<li>Un lloc per compartir experiències</li>
<li style="text-align: center;">Un treball en grup per adquirir comprensions que ens ajudin a la difícil tasca d&#8217;educar</li>
</ul>
</td>
<td style="width: 389px; text-align: center;">
<h5>Què <strong>no</strong> és una escola de pares?</h5>
<ul>
<li>Un cicle de conferències</li>
<li>Un lloc on anar solament a escoltar</li>
<li>Una consulta psicològica</li>
<li>Un lloc on &#8220;passar l&#8217;estona&#8221;</li>
</ul>
</td>
</tr>
</tbody>
</table>
<p>&nbsp;</p>
<h5>Calendari de sessions:</h5>
<table style="height: 582px; width: 783px;" width="443">
<tbody>
<tr>
<td style="width: 377px;">
<p style="text-align: center;"><span style="color: #ff6600;"><strong>PRIMERA SESSIÓ: </strong></span></p>
<p style="text-align: center;"><span style="color: #3366ff;"><em><strong>&#8220;CREENCES QUE EMMALALTEIXEN I CREENCES QUE SANEN&#8221;</strong></em></span></p>
<h4 style="text-align: center;"><a href="https://agora.xtec.cat/ies-santa-eulalia/wp-content/uploads/usu1612/2020/10/27.10.20-JOANA-GALLARDO.-SANTA-EULÀLIA-I-JAUME-BOTEY.pdf"><img loading="lazy" decoding="async" class="wp-image-6641 aligncenter" src="https://agora.xtec.cat/ies-santa-eulalia/wp-content/uploads/usu1612/2020/10/escola-famílies-225x300.png" alt="" width="339" height="452" srcset="https://agora.xtec.cat/ies-santa-eulalia/wp-content/uploads/usu1612/2020/10/escola-famílies-225x300.png 225w, https://agora.xtec.cat/ies-santa-eulalia/wp-content/uploads/usu1612/2020/10/escola-famílies-768x1023.png 768w, https://agora.xtec.cat/ies-santa-eulalia/wp-content/uploads/usu1612/2020/10/escola-famílies-769x1024.png 769w, https://agora.xtec.cat/ies-santa-eulalia/wp-content/uploads/usu1612/2020/10/escola-famílies.png 1252w" sizes="auto, (max-width: 339px) 100vw, 339px" /></a></h4>
</td>
<td style="width: 398px;"></td>
</tr>
</tbody>
</table>
<p>&nbsp;</p>

<p>Quan arribem de la clínica a casa amb el nostre nadó sentim, de cop i volta, l&#8217;enorme responsabilitat que la seva cura suposarà i és veritat: és una gran responsabilitat perquè del nostre amor i atenció dependrà, en gran mesura, la seva felicitat. Comença en aquell moment una gran aventura&hellip;  <a href="https://agora.xtec.cat/ies-santa-eulalia/administracio-i-serveis/escola-de-mares-i-pares/" title="Read Escola de Famílies">Llegeix més»</a></p>
