{"id":1316,"date":"2018-01-12T11:00:08","date_gmt":"2018-01-12T10:00:08","guid":{"rendered":"http:\/\/agora.xtec.cat\/ies-santa-eulalia\/?page_id=1316"},"modified":"2025-09-17T16:43:40","modified_gmt":"2025-09-17T14:43:40","slug":"orientacio-educativa","status":"publish","type":"page","link":"https:\/\/agora.xtec.cat\/ies-santa-eulalia\/linstitut\/departaments\/orientacio-educativa\/","title":{"rendered":"Orientaci\u00f3 educativa"},"content":{"rendered":"<p>Formen part del departament d&#8217;orientaci\u00f3 educativa les seg\u00fcents professores :<\/p>\n<div>\n<ul>\n<li><strong>Alicia Jim\u00e9nez (Cap de Departament)<\/strong><\/li>\n<li><strong>Olga Sanz<\/strong><\/li>\n<\/ul>\n<\/div>\n<p><strong>MAT\u00c8RIES<\/strong><\/p>\n<p><a href=\"https:\/\/drive.google.com\/file\/d\/1mWn8wyaO_glDDhRP34k8P4boE81dFO5I\/view?usp=drive_link\">Guia de la mat\u00e8ria de Lleng\u00fces Aplicades\/Cultura cl\u00e0ssica a 4t ESO<\/a><\/p>\n<p><a href=\"http:\/\/agora.xtec.cat\/ies-santa-eulalia\/categoria\/novetats-orientacio-educativa\/\">NOVETATS<\/a><\/p>\n<p>&nbsp;<\/p>\n","protected":false},"excerpt":{"rendered":"<p>Formen part del departament d&#8217;orientaci\u00f3 educativa les seg\u00fcents professores :<\/p>\n<ul>\n<li>Alicia Jim\u00e9nez (Cap de Departament)<\/li>\n<li>Olga Sanz<\/li>\n<\/ul>\n<p>MAT\u00c8RIES<br \/>\n<a href=\"https:\/\/drive.google.com\/file\/d\/1mWn8wyaO_glDDhRP34k8P4boE81dFO5I\/view?usp=drive_link\">Guia de la mat\u00e8ria de Lleng\u00fces Aplicades\/Cultura cl\u00e0ssica a 4t ESO<\/a><br \/>\n<a href=\"http:\/\/agora.xtec.cat\/ies-santa-eulalia\/categoria\/novetats-orientacio-educativa\/\">NOVETATS<\/a><br \/>\n&nbsp;<\/p>\n","protected":false},"author":1,"featured_media":0,"parent":528,"menu_order":0,"comment_status":"closed","ping_status":"closed","template":"page-templates\/side-menu.php","meta":{"_bbp_topic_count":0,"_bbp_reply_count":0,"_bbp_total_topic_count":0,"_bbp_total_reply_count":0,"_bbp_voice_count":0,"_bbp_anonymous_reply_count":0,"_bbp_topic_count_hidden":0,"_bbp_reply_count_hidden":0,"_bbp_forum_subforum_count":0,"footnotes":""},"class_list":["post-1316","page","type-page","status-publish","hentry"],"post_mailing_queue_ids":[],"_links":{"self":[{"href":"https:\/\/agora.xtec.cat\/ies-santa-eulalia\/wp-json\/wp\/v2\/pages\/1316","targetHints":{"allow":["GET"]}}],"collection":[{"href":"https:\/\/agora.xtec.cat\/ies-santa-eulalia\/wp-json\/wp\/v2\/pages"}],"about":[{"href":"https:\/\/agora.xtec.cat\/ies-santa-eulalia\/wp-json\/wp\/v2\/types\/page"}],"author":[{"embeddable":true,"href":"https:\/\/agora.xtec.cat\/ies-santa-eulalia\/wp-json\/wp\/v2\/users\/1"}],"replies":[{"embeddable":true,"href":"https:\/\/agora.xtec.cat\/ies-santa-eulalia\/wp-json\/wp\/v2\/comments?post=1316"}],"version-history":[{"count":6,"href":"https:\/\/agora.xtec.cat\/ies-santa-eulalia\/wp-json\/wp\/v2\/pages\/1316\/revisions"}],"predecessor-version":[{"id":13074,"href":"https:\/\/agora.xtec.cat\/ies-santa-eulalia\/wp-json\/wp\/v2\/pages\/1316\/revisions\/13074"}],"up":[{"embeddable":true,"href":"https:\/\/agora.xtec.cat\/ies-santa-eulalia\/wp-json\/wp\/v2\/pages\/528"}],"wp:attachment":[{"href":"https:\/\/agora.xtec.cat\/ies-santa-eulalia\/wp-json\/wp\/v2\/media?parent=1316"}],"curies":[{"name":"wp","href":"https:\/\/api.w.org\/{rel}","templated":true}]}}

Orientació educativa

<p>Formen part del departament d&#8217;orientació educativa les següents professores :</p>
<div>
<ul>
<li><strong>Alicia Jiménez (Cap de Departament)</strong></li>
<li><strong>Olga Sanz</strong></li>
</ul>
</div>
<p><strong>MATÈRIES</strong></p>
<p><a href="https://drive.google.com/file/d/1mWn8wyaO_glDDhRP34k8P4boE81dFO5I/view?usp=drive_link">Guia de la matèria de Llengües Aplicades/Cultura clàssica a 4t ESO</a></p>
<p><a href="http://agora.xtec.cat/ies-santa-eulalia/categoria/novetats-orientacio-educativa/">NOVETATS</a></p>
<p>&nbsp;</p>

<p>Formen part del departament d&#8217;orientació educativa les següents professores :</p>
<ul>
<li>Alicia Jiménez (Cap de Departament)</li>
<li>Olga Sanz</li>
</ul>
<p>MATÈRIES<br />
<a href="https://drive.google.com/file/d/1mWn8wyaO_glDDhRP34k8P4boE81dFO5I/view?usp=drive_link">Guia de la matèria de Llengües Aplicades/Cultura clàssica a 4t ESO</a><br />
<a href="http://agora.xtec.cat/ies-santa-eulalia/categoria/novetats-orientacio-educativa/">NOVETATS</a><br />
&nbsp;</p>
