{"id":1100,"date":"2017-11-03T11:17:32","date_gmt":"2017-11-03T10:17:32","guid":{"rendered":"http:\/\/agora.xtec.cat\/ies-santa-eulalia\/?page_id=1100"},"modified":"2021-09-15T13:31:02","modified_gmt":"2021-09-15T11:31:02","slug":"control-dassistencia","status":"publish","type":"page","link":"https:\/\/agora.xtec.cat\/ies-santa-eulalia\/com-treballem\/normes-dorganitzacio-i-funcionament\/control-dassistencia\/","title":{"rendered":"Control d&#8217;assist\u00e8ncia"},"content":{"rendered":"<p><a href=\"https:\/\/www.eulalia.cat\/\"><img loading=\"lazy\" decoding=\"async\" class=\"wp-image-5250 alignright\" src=\"https:\/\/agora.xtec.cat\/ies-santa-eulalia\/wp-content\/uploads\/usu1612\/2019\/10\/PUNTUALITAT.png\" alt=\"\" width=\"267\" height=\"200\" srcset=\"https:\/\/agora.xtec.cat\/ies-santa-eulalia\/wp-content\/uploads\/usu1612\/2019\/10\/PUNTUALITAT.png 809w, https:\/\/agora.xtec.cat\/ies-santa-eulalia\/wp-content\/uploads\/usu1612\/2019\/10\/PUNTUALITAT-300x225.png 300w, https:\/\/agora.xtec.cat\/ies-santa-eulalia\/wp-content\/uploads\/usu1612\/2019\/10\/PUNTUALITAT-768x576.png 768w, https:\/\/agora.xtec.cat\/ies-santa-eulalia\/wp-content\/uploads\/usu1612\/2019\/10\/PUNTUALITAT-200x150.png 200w\" sizes=\"auto, (max-width: 267px) 100vw, 267px\" \/><\/a><\/p>\n<p>El <a href=\"https:\/\/www.eulalia.cat\/\"><span style=\"color: #0000ff;\"><strong>Sistema informatitzat de Control d&#8217;assist\u00e8ncia<\/strong><\/span><\/a> permet detectar immediatament l&#8217;abs\u00e8ncia d&#8217;un\/a alumne\/a i comunicar-la via SMS, email o per l&#8217;aplicaci\u00f3 Tellfy (primers de la ESO) a les fam\u00edlies. Tamb\u00e9 permet gestionar retards, amonestacions i les families puguin accedir a l&#8217;aplicatiu per consultar les possibles incid\u00e8ncies (faltes, retards, comentaris del professorat &#8230;) del seu fill\/a.<\/p>\n<p>Per aquest motiu s&#8217;agraeix que pares i mares comuniquin a la Secretaria la previsi\u00f3 d&#8217;abs\u00e8ncies del seu fill\/a, si la coneixen amb anterioritat.<\/p>\n<p>Les faltes d&#8217;assist\u00e8ncia a classe s&#8217;han de justificar amb un full signat per les fam\u00edlies, que es pot recollir a Consergeria o descarregar <a href=\"https:\/\/agora.xtec.cat\/ies-santa-eulalia\/wp-content\/uploads\/usu1612\/2019\/11\/justificacio_faltes_alumnes.pdf\"><strong><span style=\"color: #993366;\">aqu\u00ed<\/span><\/strong><\/a><\/p>\n<h4><\/h4>\n<h3>Entrada al centre<\/h3>\n<p>La porta del centre romandr\u00e0 oberta a primera hora del mat\u00ed durant 10 minuts, de 8h a 8:10h del mat\u00ed.<\/p>\n<ul>\n<li>Els <span style=\"color: #008000;\"><strong>alumnes d&#8217;ESO<\/strong><\/span> que facin tard, <span style=\"color: #008000;\"><strong>podran entrar a classe<\/strong><\/span> per\u00f2 es far\u00e0 constar el retard. Si la impuntualitat es repeteix, rebran una amonestaci\u00f3 (cada tres retards)<\/li>\n<li>Els <span style=\"color: #008000;\"><span style=\"color: #ff6600;\"><strong>alumnes de Batxillerat<\/strong><\/span><span style=\"color: #000000;\">, si arriben m\u00e9s tard de les 8:10h,<\/span><span style=\"color: #ff6600;\"> <strong>no poden entrar a classe<\/strong><\/span><\/span>, excepte si porten un justificant. Si un alumne de Batxillerat arriba al centre passada aquesta hora, s&#8217;haur\u00e0 d&#8217;esperar a la sala de professors fins les 9h, i aquella hora els constar\u00e0 com a falta d&#8217;assist\u00e8ncia.<\/li>\n<li>La resta del mat\u00ed, les portes del centre romandran tancades. Si un alumne arriba al centre i la porta est\u00e0 tancada se li facilitar\u00e0 l&#8217;entrada i els professors prendran nota del retard o les abs\u00e8ncies al programa de faltes, que les seves fam\u00edlies o tutors legals poden justificar posteriorment.<\/li>\n<\/ul>\n<h3>Sortida del centre<\/h3>\n<ul>\n<li>En horari lectiu, queda <span style=\"color: #ff0000;\"><strong>prohibit<\/strong><\/span> als <span style=\"color: #008000;\"><strong>alumnes d&#8217;ESO<\/strong><\/span>\u00a0sortir del centre sense autoritzaci\u00f3 expressa del professorat.\n<ul>\n<li>L&#8217;alumne de l&#8217;eso que vol sortir del centre ha de presentar una autoritzaci\u00f3 escrita dels seus pares o representants legals al professor de l&#8217;aula si l&#8217;ha de sortir abans d&#8217;acabar la classe i<strong><span style=\"color: #008000;\"> s&#8217;ha de dirigir a la sala de professors i preguntar per un professor de gu\u00e0rdia<\/span>.<\/strong><\/li>\n<li>El professor de gu\u00e0rdia emplenar\u00e0 un <span style=\"color: #008000;\"><strong>full d&#8217;autoritzaci\u00f3 de sortida<\/strong><\/span> on s&#8217;indicar\u00e0 el nom, les causes i l&#8217;hora en que abandona el centre, i que signar\u00e0 aquest mateix professor i la persona que el recull.<\/li>\n<\/ul>\n<\/li>\n<li>L&#8217;alumnat de quart d&#8217;ESO pot sortir del centre a les hores del pati, pr\u00e8via autoritzaci\u00f3 per part dels pares o representants legals.<\/li>\n<li>L&#8217;alumnat de <strong><span style=\"color: #ff6600;\">batxillerat<\/span><\/strong> pot sortir del centre si no assisteix el seu professor, aix\u00ed com a les hores del pati.<\/li>\n<\/ul>\n","protected":false},"excerpt":{"rendered":"<p><a href=\"https:\/\/www.eulalia.cat\/\"><\/a><br \/>\nEl <a href=\"https:\/\/www.eulalia.cat\/\">Sistema informatitzat de Control d&#8217;assist\u00e8ncia<\/a> permet detectar immediatament l&#8217;abs\u00e8ncia d&#8217;un\/a alumne\/a i comunicar-la via SMS, email o per l&#8217;aplicaci\u00f3 Tellfy (primers de la ESO) a les fam\u00edlies. Tamb\u00e9 permet gestionar retards, amonestacions i les families puguin accedir a l&#8217;aplicatiu per consultar les&hellip;  <a href=\"https:\/\/agora.xtec.cat\/ies-santa-eulalia\/com-treballem\/normes-dorganitzacio-i-funcionament\/control-dassistencia\/\" title=\"Read Control d&#8217;assist\u00e8ncia\">Llegeix m\u00e9s\u00bb<\/a><\/p>\n","protected":false},"author":1,"featured_media":0,"parent":49,"menu_order":0,"comment_status":"closed","ping_status":"closed","template":"page-templates\/side-menu.php","meta":{"_bbp_topic_count":0,"_bbp_reply_count":0,"_bbp_total_topic_count":0,"_bbp_total_reply_count":0,"_bbp_voice_count":0,"_bbp_anonymous_reply_count":0,"_bbp_topic_count_hidden":0,"_bbp_reply_count_hidden":0,"_bbp_forum_subforum_count":0,"footnotes":""},"class_list":["post-1100","page","type-page","status-publish","hentry"],"post_mailing_queue_ids":[],"_links":{"self":[{"href":"https:\/\/agora.xtec.cat\/ies-santa-eulalia\/wp-json\/wp\/v2\/pages\/1100","targetHints":{"allow":["GET"]}}],"collection":[{"href":"https:\/\/agora.xtec.cat\/ies-santa-eulalia\/wp-json\/wp\/v2\/pages"}],"about":[{"href":"https:\/\/agora.xtec.cat\/ies-santa-eulalia\/wp-json\/wp\/v2\/types\/page"}],"author":[{"embeddable":true,"href":"https:\/\/agora.xtec.cat\/ies-santa-eulalia\/wp-json\/wp\/v2\/users\/1"}],"replies":[{"embeddable":true,"href":"https:\/\/agora.xtec.cat\/ies-santa-eulalia\/wp-json\/wp\/v2\/comments?post=1100"}],"version-history":[{"count":4,"href":"https:\/\/agora.xtec.cat\/ies-santa-eulalia\/wp-json\/wp\/v2\/pages\/1100\/revisions"}],"predecessor-version":[{"id":7958,"href":"https:\/\/agora.xtec.cat\/ies-santa-eulalia\/wp-json\/wp\/v2\/pages\/1100\/revisions\/7958"}],"up":[{"embeddable":true,"href":"https:\/\/agora.xtec.cat\/ies-santa-eulalia\/wp-json\/wp\/v2\/pages\/49"}],"wp:attachment":[{"href":"https:\/\/agora.xtec.cat\/ies-santa-eulalia\/wp-json\/wp\/v2\/media?parent=1100"}],"curies":[{"name":"wp","href":"https:\/\/api.w.org\/{rel}","templated":true}]}}