{"id":1590,"date":"2018-01-29T11:37:25","date_gmt":"2018-01-29T10:37:25","guid":{"rendered":"http:\/\/agora.xtec.cat\/ies-santa-eulalia\/wp-content\/uploads\/usu1612\/2018\/01\/1A-PROMOCI\u00d3-ALTERN-MEDIACI\u00d3.jpg"},"modified":"2018-01-29T11:40:19","modified_gmt":"2018-01-29T10:40:19","slug":"1a-promocio-altern-mediacio","status":"inherit","type":"attachment","link":"https:\/\/agora.xtec.cat\/ies-santa-eulalia\/comissions\/servei-de-mediacio-escolar\/attachment\/1a-promocio-altern-mediacio\/","title":{"rendered":"1A PROMOCI\u00d3 ALTERN MEDIACI\u00d3"},"author":60,"featured_media":0,"comment_status":"open","ping_status":"closed","template":"","meta":{"_bbp_topic_count":0,"_bbp_reply_count":0,"_bbp_total_topic_count":0,"_bbp_total_reply_count":0,"_bbp_voice_count":0,"_bbp_anonymous_reply_count":0,"_bbp_topic_count_hidden":0,"_bbp_reply_count_hidden":0,"_bbp_forum_subforum_count":0},"class_list":["post-1590","attachment","type-attachment","status-inherit","hentry"],"description":{"rendered":"<p class=\"attachment\"><a href='https:\/\/agora.xtec.cat\/ies-santa-eulalia\/wp-content\/uploads\/usu1612\/2018\/01\/1A-PROMOCI\u00d3-ALTERN-MEDIACI\u00d3.jpg'><img loading=\"lazy\" decoding=\"async\" width=\"300\" height=\"169\" src=\"https:\/\/agora.xtec.cat\/ies-santa-eulalia\/wp-content\/uploads\/usu1612\/2018\/01\/1A-PROMOCI\u00d3-ALTERN-MEDIACI\u00d3-300x169.jpg\" class=\"attachment-medium size-medium\" alt=\"\" srcset=\"https:\/\/agora.xtec.cat\/ies-santa-eulalia\/wp-content\/uploads\/usu1612\/2018\/01\/1A-PROMOCI\u00d3-ALTERN-MEDIACI\u00d3-300x169.jpg 300w, https:\/\/agora.xtec.cat\/ies-santa-eulalia\/wp-content\/uploads\/usu1612\/2018\/01\/1A-PROMOCI\u00d3-ALTERN-MEDIACI\u00d3-768x432.jpg 768w, https:\/\/agora.xtec.cat\/ies-santa-eulalia\/wp-content\/uploads\/usu1612\/2018\/01\/1A-PROMOCI\u00d3-ALTERN-MEDIACI\u00d3.jpg 826w\" sizes=\"auto, (max-width: 300px) 100vw, 300px\" \/><\/a><\/p>\n"},"caption":{"rendered":"<p>IV Trobada Centres Mediadors de l\u00b4H&hellip;  <a href=\"https:\/\/agora.xtec.cat\/ies-santa-eulalia\/comissions\/servei-de-mediacio-escolar\/attachment\/1a-promocio-altern-mediacio\/\" title=\"Read 1A PROMOCI\u00d3 ALTERN MEDIACI\u00d3\">Llegeix m\u00e9s\u00bb<\/a><\/p>\n"},"alt_text":"","media_type":"image","mime_type":"image\/jpeg","media_details":{"width":826,"height":465,"file":"2018\/01\/1A-PROMOCI\u00d3-ALTERN-MEDIACI\u00d3.jpg","sizes":{"thumbnail":{"file":"1A-PROMOCI\u00d3-ALTERN-MEDIACI\u00d3-150x150.jpg","width":150,"height":150,"mime_type":"image\/jpeg","source_url":"https:\/\/agora.xtec.cat\/ies-santa-eulalia\/wp-content\/uploads\/usu1612\/2018\/01\/1A-PROMOCI\u00d3-ALTERN-MEDIACI\u00d3-150x150.jpg"},"medium":{"file":"1A-PROMOCI\u00d3-ALTERN-MEDIACI\u00d3-300x169.jpg","width":300,"height":169,"mime_type":"image\/jpeg","source_url":"https:\/\/agora.xtec.cat\/ies-santa-eulalia\/wp-content\/uploads\/usu1612\/2018\/01\/1A-PROMOCI\u00d3-ALTERN-MEDIACI\u00d3-300x169.jpg"},"medium_large":{"file":"1A-PROMOCI\u00d3-ALTERN-MEDIACI\u00d3-768x432.jpg","width":768,"height":432,"mime_type":"image\/jpeg","source_url":"https:\/\/agora.xtec.cat\/ies-santa-eulalia\/wp-content\/uploads\/usu1612\/2018\/01\/1A-PROMOCI\u00d3-ALTERN-MEDIACI\u00d3-768x432.jpg"},"thumb-300":{"file":"1A-PROMOCI\u00d3-ALTERN-MEDIACI\u00d3-300x250.jpg","width":300,"height":250,"mime_type":"image\/jpeg","source_url":"https:\/\/agora.xtec.cat\/ies-santa-eulalia\/wp-content\/uploads\/usu1612\/2018\/01\/1A-PROMOCI\u00d3-ALTERN-MEDIACI\u00d3-300x250.jpg"},"thumb-200":{"file":"1A-PROMOCI\u00d3-ALTERN-MEDIACI\u00d3-200x150.jpg","width":200,"height":150,"mime_type":"image\/jpeg","source_url":"https:\/\/agora.xtec.cat\/ies-santa-eulalia\/wp-content\/uploads\/usu1612\/2018\/01\/1A-PROMOCI\u00d3-ALTERN-MEDIACI\u00d3-200x150.jpg"},"full":{"file":"1A-PROMOCI\u00d3-ALTERN-MEDIACI\u00d3.jpg","width":826,"height":465,"mime_type":"image\/jpeg","source_url":"https:\/\/agora.xtec.cat\/ies-santa-eulalia\/wp-content\/uploads\/usu1612\/2018\/01\/1A-PROMOCI\u00d3-ALTERN-MEDIACI\u00d3.jpg"}},"image_meta":{"aperture":"2.2","credit":"","camera":"GT-I9505","caption":"","created_timestamp":"1461754801","copyright":"","focal_length":"4.2","iso":"50","shutter_speed":"0.0079365079365079","title":"","orientation":"0","keywords":[]}},"post":1413,"source_url":"https:\/\/agora.xtec.cat\/ies-santa-eulalia\/wp-content\/uploads\/usu1612\/2018\/01\/1A-PROMOCI\u00d3-ALTERN-MEDIACI\u00d3.jpg","_links":{"self":[{"href":"https:\/\/agora.xtec.cat\/ies-santa-eulalia\/wp-json\/wp\/v2\/media\/1590","targetHints":{"allow":["GET"]}}],"collection":[{"href":"https:\/\/agora.xtec.cat\/ies-santa-eulalia\/wp-json\/wp\/v2\/media"}],"about":[{"href":"https:\/\/agora.xtec.cat\/ies-santa-eulalia\/wp-json\/wp\/v2\/types\/attachment"}],"author":[{"embeddable":true,"href":"https:\/\/agora.xtec.cat\/ies-santa-eulalia\/wp-json\/wp\/v2\/users\/60"}],"replies":[{"embeddable":true,"href":"https:\/\/agora.xtec.cat\/ies-santa-eulalia\/wp-json\/wp\/v2\/comments?post=1590"}]}}

http://agora.xtec.cat/ies-santa-eulalia/wp-content/uploads/usu1612/2018/01/1A-PROMOCIÓ-ALTERN-MEDIACIÓ.jpg

1A PROMOCIÓ ALTERN MEDIACIÓ

<p class="attachment"><a href='https://agora.xtec.cat/ies-santa-eulalia/wp-content/uploads/usu1612/2018/01/1A-PROMOCIÓ-ALTERN-MEDIACIÓ.jpg'><img loading="lazy" decoding="async" width="300" height="169" src="https://agora.xtec.cat/ies-santa-eulalia/wp-content/uploads/usu1612/2018/01/1A-PROMOCIÓ-ALTERN-MEDIACIÓ-300x169.jpg" class="attachment-medium size-medium" alt="" srcset="https://agora.xtec.cat/ies-santa-eulalia/wp-content/uploads/usu1612/2018/01/1A-PROMOCIÓ-ALTERN-MEDIACIÓ-300x169.jpg 300w, https://agora.xtec.cat/ies-santa-eulalia/wp-content/uploads/usu1612/2018/01/1A-PROMOCIÓ-ALTERN-MEDIACIÓ-768x432.jpg 768w, https://agora.xtec.cat/ies-santa-eulalia/wp-content/uploads/usu1612/2018/01/1A-PROMOCIÓ-ALTERN-MEDIACIÓ.jpg 826w" sizes="auto, (max-width: 300px) 100vw, 300px" /></a></p>

<p>IV Trobada Centres Mediadors de l´H&hellip;  <a href="https://agora.xtec.cat/ies-santa-eulalia/comissions/servei-de-mediacio-escolar/attachment/1a-promocio-altern-mediacio/" title="Read 1A PROMOCIÓ ALTERN MEDIACIÓ">Llegeix més»</a></p>

2018/01/1A-PROMOCIÓ-ALTERN-MEDIACIÓ.jpg

1A-PROMOCIÓ-ALTERN-MEDIACIÓ-150x150.jpg

https://agora.xtec.cat/ies-santa-eulalia/wp-content/uploads/usu1612/2018/01/1A-PROMOCIÓ-ALTERN-MEDIACIÓ-150x150.jpg

1A-PROMOCIÓ-ALTERN-MEDIACIÓ-300x169.jpg

https://agora.xtec.cat/ies-santa-eulalia/wp-content/uploads/usu1612/2018/01/1A-PROMOCIÓ-ALTERN-MEDIACIÓ-300x169.jpg

1A-PROMOCIÓ-ALTERN-MEDIACIÓ-768x432.jpg

https://agora.xtec.cat/ies-santa-eulalia/wp-content/uploads/usu1612/2018/01/1A-PROMOCIÓ-ALTERN-MEDIACIÓ-768x432.jpg

1A-PROMOCIÓ-ALTERN-MEDIACIÓ-300x250.jpg

https://agora.xtec.cat/ies-santa-eulalia/wp-content/uploads/usu1612/2018/01/1A-PROMOCIÓ-ALTERN-MEDIACIÓ-300x250.jpg

1A-PROMOCIÓ-ALTERN-MEDIACIÓ-200x150.jpg

https://agora.xtec.cat/ies-santa-eulalia/wp-content/uploads/usu1612/2018/01/1A-PROMOCIÓ-ALTERN-MEDIACIÓ-200x150.jpg

1A-PROMOCIÓ-ALTERN-MEDIACIÓ.jpg

https://agora.xtec.cat/ies-santa-eulalia/wp-content/uploads/usu1612/2018/01/1A-PROMOCIÓ-ALTERN-MEDIACIÓ.jpg
