{"id":16980,"date":"2018-03-11T17:42:34","date_gmt":"2018-03-11T16:42:34","guid":{"rendered":"http:\/\/agora.xtec.cat\/ies-sabadell\/?page_id=16980"},"modified":"2025-05-09T18:50:20","modified_gmt":"2025-05-09T16:50:20","slug":"informacio-pau-i-orientacio-destudis","status":"publish","type":"page","link":"https:\/\/agora.xtec.cat\/ies-sabadell\/informacio-pau-i-orientacio-destudis\/","title":{"rendered":"Orientaci\u00f3 acad\u00e8mica i informacions PAU"},"content":{"rendered":"<p>L&#8217;alumnat de batxillerat del nostre institut segueix un programa d&#8217;orientaci\u00f3 personal amb la finalitat d&#8217;ajudar-lo en l&#8217;elecci\u00f3 de la seva formaci\u00f3 o itinerari professional posterior al batxillerat. Aix\u00f2 inclou informaci\u00f3 sobre les diferents alternatives: les PAU, els cicles formatius de grau superior i la universitat, amb els corresponents processos de preinscripci\u00f3 i matriculaci\u00f3. En aquesta p\u00e0gina teniu a la vostra disposici\u00f3 els principals llocs web sobre estudis posteriors al batxillerat (graus i FP), PAU i preinscripci\u00f3 universit\u00e0ria.<\/p>\n<h4>Orientaci\u00f3 acad\u00e8mica<\/h4>\n<ul>\n<li><strong>\u201c<a href=\"https:\/\/unportal.cat\/\">Unportal.cat<\/a>\u201d,<\/strong> el web de l\u2019educaci\u00f3 superior a Catalunya, amb informacions molt completes sobre tots els centres p\u00fablics i privats. Acc\u00e9s a moltes m\u00e9s informacions gr\u00e0cies a la subscripci\u00f3 anual exclusiva per a l&#8217;alumnat, fam\u00edlies i professorat del centre.<\/li>\n<li><a href=\"https:\/\/www.educaweb.cat\/continguts\/educatius\/\">&#8220;<strong>Educaweb<\/strong><\/a>&#8220;<strong>: <\/strong>Orientaci\u00f3 acad\u00e8mica universit\u00e0ria i de formaci\u00f3 professional.<\/li>\n<li><a href=\"https:\/\/preparats.cat\/\">&#8220;<strong>Preparats.cat<\/strong>&#8220;<\/a>: Web d&#8217;orientaci\u00f3 acad\u00e8mica, en obert, per a l&#8217;alumnat de batxillerat<\/li>\n<li><a href=\"https:\/\/estudis.aqu.cat\/euc\/ca\/Comu\/Inici\"><strong>Portal &#8220;AQU.EUC<\/strong>\u201d <\/a>. Estudis universitaris de Catalunya. Web de l&#8217;Ag\u00e8ncia per a la Qualitat del Sistema Universitari de Catalunya<\/li>\n<li><strong>Portal <a href=\"https:\/\/triaeducativa.gencat.cat\/ca\/fp\/\">&#8220;Tria educativa&#8221;:<\/a><\/strong> secci\u00f3 del web oficial del Departament d&#8217;Educaci\u00f3 per Estudiar a Catalunya FP, Graus universitaris,&#8230;<\/li>\n<li><strong><a href=\"http:\/\/universitats.gencat.cat\/ca\/inici\/index.html\">\u201cCanal Universitats\u201d<\/a>, <\/strong>sobre les PAU, la preinscripci\u00f3 universit\u00e0ria, l&#8217;oferta formativa universit\u00e0ria i les beques.<\/li>\n<\/ul>\n<p>&nbsp;<\/p>\n<h4>Informaci\u00f3 general sobre les PAU i l\u2019acc\u00e9s a la universitat:<\/h4>\n<ul>\n<li><strong><a href=\"http:\/\/universitats.gencat.cat\/ca\/inici\/index.html\">\u201cCanal Universitats\u201d<\/a>, <\/strong>sobre les PAU, la preinscripci\u00f3 universit\u00e0ria, l&#8217;oferta formativa universit\u00e0ria i les beques.<\/li>\n<li><a href=\"https:\/\/accesuniversitat.gencat.cat\/accesuniversitat\/login\"><strong>Portal &#8220;Accesnet<\/strong>&#8220;<\/a><strong>,<\/strong> Portal oficial pels tr\u00e0mits de prematr\u00edcula, matr\u00edcula a les PAU i preinscripci\u00f3 universit\u00e0ria.<\/li>\n<li><a href=\"https:\/\/universitats.gencat.cat\/web\/.content\/01_acces_i_admissio\/preinscripcions\/documentacio\/Ponderacions-2025_v5.pdf\"><strong>Ponderacions PAU 2025<\/strong>.<\/a>\u00a0\u00a0<a href=\"https:\/\/universitats.gencat.cat\/web\/.content\/01_acces_i_admissio\/preinscripcions\/documentacio\/Ponderacions-2026_v4.pdf\">Ponderacions de les mat\u00e8ries de Batxillerat per a les PAU 2026\u00a0 <span style=\"color: #ff0000;\"><strong>(actualitzat 09\/05\/2025)<\/strong><\/span><\/a><\/li>\n<li><strong><a href=\"https:\/\/universitats.gencat.cat\/ca\/preinscripcions\/notes-tall\/index.html\">Notes de tall i places universit\u00e0ries convocat\u00f2ria 2024<\/a>. <\/strong>Notes d&#8217;acc\u00e9s als estudis universitaris del curs . \u00daltima nota de les PAU amb qu\u00e8 es va entrar a cada grau universitari. Centres d&#8217;estudis i places universit\u00e0ries orientatives. <span style=\"color: #ff0000;\"><strong>(actualitzat 09\/05\/2025)<\/strong><\/span><\/li>\n<li><a href=\"https:\/\/aplicacions.universitats.gencat.cat\/posat\/AppJava\/frontoffice\/;jsessionid=42F3B298840300252E6B5A1D5045442D.lt22stx2?0\">\u201c<\/a><strong><a href=\"https:\/\/aplicacions.universitats.gencat.cat\/posat\/AppJava\/frontoffice\/;jsessionid=00797C95AC6DBC8D4D636AF9D1FD8723.lt22stx1?0\">Posa\u2019t a prova<\/a>\u201d.<\/strong><a href=\"http:\/\/aplicacions.universitats.gencat.cat\/posat\/AppJava\/frontoffice\/;jsessionid=T8sV58-nmXBbWO5_FWqbhocvSTfw79R50DoYxZ0TP-uq_mORaiYO!691619408!2133204043?0\">\u00a0<\/a>Tests interactius amb q\u00fcestions de diferents mat\u00e8ries de les PAU per incentivar l\u2019estudi i l\u2019autoavaluaci\u00f3.<\/li>\n<li>Presentaci\u00f3 en Power-Point sobre l&#8217;<strong><a href=\"http:\/\/Benvolgudes fam\u00edlies de 2n de batxillerat, Us fem arribar enlla\u00e7ada la presentaci\u00f3 oficial &quot;Acc\u00e9s i admissi\u00f3 a la universitat 2025&quot;, que els vostres fills i filles ja han comentat a la tutoria lectiva d'aquesta setmana. Podeu comentar i anotar a casa els detalls i terminis per acabar de tenir clar tots els passos per arribar a la universitat en aquesta convocat\u00f2ria 2025. Molts \u00e0nims! Coordinaci\u00f3 de Batxillerat i Equip Directiu\">Acc\u00e9s i l&#8217;Admissi\u00f3 a la Universitat: PAU 2025<\/a><span style=\"color: #ff0000;\"> (actualitzat 09\/05\/2025)<\/span><\/strong><\/li>\n<\/ul>\n<h4>Enlla\u00e7os a les diferents universitats p\u00fabliques catalanes:<\/h4>\n<ul>\n<li>UAB, Universitat Aut\u00f2noma de Barcelona, <a href=\"http:\/\/www.uab.cat\/estudiar\/\">http:\/\/www.uab.cat\/estudiar\/<\/a><\/li>\n<li>UPC, Universitat Polit\u00e8cnica de Catalunya (Barcelona, Terrassa, Manresa&#8230;), <a href=\"https:\/\/www.upc.edu\/ca\">https:\/\/www.upc.edu\/ca<\/a><\/li>\n<li>UB, Universitat de Barcelona, <a href=\"http:\/\/www.ub.edu\/web\/ub\/ca\/index.html\">http:\/\/www.ub.edu\/web\/ub\/ca\/index.html<\/a>?<\/li>\n<li>UPF, Universitat Pompeu Fabra (Barcelona), <a href=\"https:\/\/www.upf.edu\/inici\">https:\/\/www.upf.edu\/inici<\/a><\/li>\n<li>UdG, Universitat de Girona, <a href=\"https:\/\/www.udg.edu\/ca\/\">https:\/\/www.udg.edu\/ca\/<\/a><\/li>\n<li>URV, Universitat Rovira i Virgili (Tarragona), <a href=\"http:\/\/www.urv.cat\/ca\/\">urv.cat\/ca\/<\/a><\/li>\n<li>UdL, Universitat de Lleida, <a href=\"http:\/\/www.udl.cat\/ca\/\">udl.cat\/ca\/<\/a><\/li>\n<li>UOC, Universitat Oberta de Catalunya, universitat a dist\u00e0ncia, <a href=\"http:\/\/www.uoc.edu\/portal\/ca\">uoc.edu\/portal\/ca<\/a><\/li>\n<li>UNED, Universidad Nacional de Educaci\u00f3n a Distancia, <a href=\"http:\/\/portal.uned.es\/\">http:\/\/portal.uned.es\/<\/a><\/li>\n<\/ul>\n<p><strong>-Beques universit\u00e0ries. AGAUR\u201d,<\/strong> Ag\u00e8ncia de Gesti\u00f3 d\u2019Ajuts Universitaris i de Recerca <a href=\"http:\/\/agaur.gencat.cat\/ca\/inici\">http:\/\/agaur.gencat.cat\/ca\/inici<\/a><\/p>\n","protected":false},"excerpt":{"rendered":"<p>L&#8217;alumnat de batxillerat del nostre institut segueix un programa d&#8217;orientaci\u00f3 personal amb la finalitat d&#8217;ajudar-lo en l&#8217;elecci\u00f3 de la seva formaci\u00f3 o itinerari professional posterior al batxillerat. Aix\u00f2 inclou informaci\u00f3 sobre les diferents alternatives: les PAU, els cicles formatius de grau superior i la universitat,&hellip;  <a href=\"https:\/\/agora.xtec.cat\/ies-sabadell\/informacio-pau-i-orientacio-destudis\/\" title=\"Read Orientaci\u00f3 acad\u00e8mica i informacions PAU\">Llegeix m\u00e9s\u00bb<\/a><\/p>\n","protected":false},"author":2,"featured_media":0,"parent":0,"menu_order":0,"comment_status":"closed","ping_status":"closed","template":"","meta":{"_bbp_topic_count":0,"_bbp_reply_count":0,"_bbp_total_topic_count":0,"_bbp_total_reply_count":0,"_bbp_voice_count":0,"_bbp_anonymous_reply_count":0,"_bbp_topic_count_hidden":0,"_bbp_reply_count_hidden":0,"_bbp_forum_subforum_count":0,"footnotes":""},"class_list":["post-16980","page","type-page","status-publish","hentry"],"post_mailing_queue_ids":[],"_links":{"self":[{"href":"https:\/\/agora.xtec.cat\/ies-sabadell\/wp-json\/wp\/v2\/pages\/16980","targetHints":{"allow":["GET"]}}],"collection":[{"href":"https:\/\/agora.xtec.cat\/ies-sabadell\/wp-json\/wp\/v2\/pages"}],"about":[{"href":"https:\/\/agora.xtec.cat\/ies-sabadell\/wp-json\/wp\/v2\/types\/page"}],"author":[{"embeddable":true,"href":"https:\/\/agora.xtec.cat\/ies-sabadell\/wp-json\/wp\/v2\/users\/2"}],"replies":[{"embeddable":true,"href":"https:\/\/agora.xtec.cat\/ies-sabadell\/wp-json\/wp\/v2\/comments?post=16980"}],"version-history":[{"count":7,"href":"https:\/\/agora.xtec.cat\/ies-sabadell\/wp-json\/wp\/v2\/pages\/16980\/revisions"}],"predecessor-version":[{"id":24239,"href":"https:\/\/agora.xtec.cat\/ies-sabadell\/wp-json\/wp\/v2\/pages\/16980\/revisions\/24239"}],"wp:attachment":[{"href":"https:\/\/agora.xtec.cat\/ies-sabadell\/wp-json\/wp\/v2\/media?parent=16980"}],"curies":[{"name":"wp","href":"https:\/\/api.w.org\/{rel}","templated":true}]}}