{"id":16140,"date":"2017-03-09T10:29:02","date_gmt":"2017-03-09T09:29:02","guid":{"rendered":"http:\/\/agora.xtec.cat\/ies-sabadell\/?page_id=16140"},"modified":"2025-11-30T15:54:50","modified_gmt":"2025-11-30T14:54:50","slug":"criteris-davaluacio-del-batxillerat","status":"publish","type":"page","link":"https:\/\/agora.xtec.cat\/ies-sabadell\/criteris-davaluacio-del-batxillerat\/","title":{"rendered":"Criteris d&#8217;avaluaci\u00f3 del Batxillerat"},"content":{"rendered":"<p>En els seg\u00fcents enlla\u00e7os podeu consultar els criteris d&#8217;avaluaci\u00f3 \u00a0i recuperaci\u00f3 de totes les assignatures de Batxillerat que s&#8217;imparteixen a l&#8217;institut.\u00a0De les\u00a0assignatures que es cursen a l&#8217;IOC us n&#8217;heu d&#8217;informar\u00a0<a href=\"https:\/\/ioc.xtec.cat\/educacio\/\">a la seva web<\/a>.<\/p>\n<ul>\n<li><a href=\"https:\/\/drive.google.com\/drive\/folders\/1i0xel6h_FzTkdczH6_BlkTjQ3YZhDV7F\">Criteris d&#8217;avaluaci\u00f3 de les assignatures de <strong>1r i 2n<\/strong> Batxillerat. 2025-2026\u00a0<\/a><\/li>\n<\/ul>\n<p><a href=\"https:\/\/docs.google.com\/document\/d\/1zOt1jZ9E5i15h9nlC3RzAdDf2lkEtRW76KgVJwGMv74\/edit?usp=sharing\">Concrecions sobre la possibilitat de modificar la qualificaci\u00f3 d\u2019una mat\u00e8ria no superada amb acord de l\u2019equip docent en l\u2019avaluaci\u00f3 final de 2n de Bat.<\/a><\/p>\n<p><strong>-Sobre la recuperaci\u00f3 de mat\u00e8ries pendents de 1r de Batxillerat:\u00a0<\/strong><\/p>\n<ul>\n<li>L&#8217;alumnat ser\u00e0 informat de les activitats de recuperaci\u00f3 pr\u00f2pies de cada mat\u00e8ria pendent\u00a0 de 1r i les haur\u00e0 d&#8217;anar realizant puntualment al llarg del curs. En les mat\u00e8ries amb continu\u00eftat a 2n, el fet de no dur a terme les activitats de recuperaci\u00f3 de la mat\u00e8ria de 1r\u00a0 comportar\u00e0 que als butlletins de notes de les avaluacions trimestrals corresponents la mat\u00e8ria de 2n aparegui com a &#8220;No qualificada&#8221;.<\/li>\n<li>L&#8217;aprovat per acord de la junta d&#8217;avaluaci\u00f3 de les mat\u00e8ries pendents de 1r est\u00e0 sotmesa a les mateixes condicions que la resta de mat\u00e8ries i que s&#8217;exposen en l&#8217;apartat anterior: &#8220;<a href=\"https:\/\/docs.google.com\/document\/d\/1zOt1jZ9E5i15h9nlC3RzAdDf2lkEtRW76KgVJwGMv74\/edit?usp=sharing\">Concrecions sobre la possibilitat de modificar la qualificaci\u00f3 d\u2019una mat\u00e8ria no superada amb acord de l\u2019equip docent en l\u2019avaluaci\u00f3 final de 2n de Bat&#8221;.<\/a><\/li>\n<\/ul>\n<p>&nbsp;<\/p>\n<p><strong>MANUAL D&#8217;ESTIL DEL BATXILLERAT<\/strong><\/p>\n<ul>\n<li>Per a l&#8217;elaboraci\u00f3 de treballs, \u00e9s convenient que facis servir aquest <a href=\"https:\/\/drive.google.com\/file\/d\/1OZLM_xcA0vSwPRyVTiYBabEB0_tCUKM2\/view?usp=sharing\">Manual d&#8217;estil de Batxillerat.<\/a> <strong><span style=\"color: #ff0000;\">(Actualitzat Setembre 2024)<\/span><\/strong><\/li>\n<\/ul>\n<p>&nbsp;<\/p>\n","protected":false},"excerpt":{"rendered":"<p>En els seg\u00fcents enlla\u00e7os podeu consultar els criteris d&#8217;avaluaci\u00f3 \u00a0i recuperaci\u00f3 de totes les assignatures de Batxillerat que s&#8217;imparteixen a l&#8217;institut.\u00a0De les\u00a0assignatures que es cursen a l&#8217;IOC us n&#8217;heu d&#8217;informar\u00a0<a href=\"https:\/\/ioc.xtec.cat\/educacio\/\">a la seva web<\/a>.<\/p>\n<ul>\n<li><a href=\"https:\/\/drive.google.com\/drive\/folders\/1i0xel6h_FzTkdczH6_BlkTjQ3YZhDV7F\">Criteris d&#8217;avaluaci\u00f3 de les assignatures de 1r i 2n Batxillerat. 2025-2026\u00a0<\/a><\/li>\n<\/ul>\n<p><a&hellip;  <a href=\"https:\/\/agora.xtec.cat\/ies-sabadell\/criteris-davaluacio-del-batxillerat\/\" title=\"Read Criteris d&#8217;avaluaci\u00f3 del Batxillerat\">Llegeix m\u00e9s\u00bb<\/a><\/p>\n","protected":false},"author":2,"featured_media":0,"parent":0,"menu_order":0,"comment_status":"closed","ping_status":"closed","template":"","meta":{"_bbp_topic_count":0,"_bbp_reply_count":0,"_bbp_total_topic_count":0,"_bbp_total_reply_count":0,"_bbp_voice_count":0,"_bbp_anonymous_reply_count":0,"_bbp_topic_count_hidden":0,"_bbp_reply_count_hidden":0,"_bbp_forum_subforum_count":0,"footnotes":""},"class_list":["post-16140","page","type-page","status-publish","hentry"],"post_mailing_queue_ids":[],"_links":{"self":[{"href":"https:\/\/agora.xtec.cat\/ies-sabadell\/wp-json\/wp\/v2\/pages\/16140","targetHints":{"allow":["GET"]}}],"collection":[{"href":"https:\/\/agora.xtec.cat\/ies-sabadell\/wp-json\/wp\/v2\/pages"}],"about":[{"href":"https:\/\/agora.xtec.cat\/ies-sabadell\/wp-json\/wp\/v2\/types\/page"}],"author":[{"embeddable":true,"href":"https:\/\/agora.xtec.cat\/ies-sabadell\/wp-json\/wp\/v2\/users\/2"}],"replies":[{"embeddable":true,"href":"https:\/\/agora.xtec.cat\/ies-sabadell\/wp-json\/wp\/v2\/comments?post=16140"}],"version-history":[{"count":8,"href":"https:\/\/agora.xtec.cat\/ies-sabadell\/wp-json\/wp\/v2\/pages\/16140\/revisions"}],"predecessor-version":[{"id":24893,"href":"https:\/\/agora.xtec.cat\/ies-sabadell\/wp-json\/wp\/v2\/pages\/16140\/revisions\/24893"}],"wp:attachment":[{"href":"https:\/\/agora.xtec.cat\/ies-sabadell\/wp-json\/wp\/v2\/media?parent=16140"}],"curies":[{"name":"wp","href":"https:\/\/api.w.org\/{rel}","templated":true}]}}