{"id":15083,"date":"2016-02-02T13:45:59","date_gmt":"2016-02-02T12:45:59","guid":{"rendered":"http:\/\/agora.xtec.cat\/ies-sabadell\/?page_id=15083"},"modified":"2016-11-29T08:54:05","modified_gmt":"2016-11-29T07:54:05","slug":"equivalencia-entre-unitats-formatives-uf-i-el-sistema-de-credits-ects","status":"publish","type":"page","link":"https:\/\/agora.xtec.cat\/ies-sabadell\/erasmus-plus\/equivalencia-entre-unitats-formatives-uf-i-el-sistema-de-credits-ects\/","title":{"rendered":"Unitats Formatives i el sistema de cr\u00e8dits ECTS"},"content":{"rendered":"<p>Els nostres curr\u00edculums estableixen una mitja de 30 cr\u00e8dits ECTS per semestre. Cada unitat formativa t\u00e9 un nombre assignat d&#8217;ECTS, establert pel Departament d&#8217;Ensenyament de la Generalitat de Catalunya.<\/p>\n<p>Els cicles LOE tenen assignats cr\u00e8dits ECTS a cadascun dels m\u00f2duls, incloent-hi l\u2019FCT (veure els curr\u00edculums publicats). Aquests cr\u00e8dits d\u2019FCT s\u00f3n reconeguts a la tornada dels beneficiaris, proporcionalment al temps passat a l\u2019empresa estrangera.<\/p>\n<p>Oferim dos cicles formatius de grau superior:<\/p>\n<ul>\n<li><a href=\"http:\/\/agora.xtec.cat\/ies-sabadell\/inici-sense-contingut\/projecte-erasmus\/equivalencia-entre-unitats-formatives-uf-i-el-sistema-de-credits-ects-asix\/\">Administraci\u00f3 de sistemes inform\u00e0tics i Xarxes<\/a><\/li>\n<li><a href=\"http:\/\/agora.xtec.cat\/ies-sabadell\/inici-sense-contingut\/projecte-erasmus\/equivalencia-entre-unitats-formatives-uf-i-el-sistema-de-credits-ects-dam\/\">Disseny d&#8217;aplicacions multiplataforma<\/a><\/li>\n<\/ul>\n","protected":false},"excerpt":{"rendered":"<p>Els nostres curr\u00edculums estableixen una mitja de 30 cr\u00e8dits ECTS per semestre. Cada unitat formativa t\u00e9 un nombre assignat d&#8217;ECTS, establert pel Departament d&#8217;Ensenyament de la Generalitat de Catalunya.<br \/>\nEls cicles LOE tenen assignats cr\u00e8dits ECTS a cadascun dels m\u00f2duls, incloent-hi l\u2019FCT (veure els curr\u00edculums publicats).&hellip;  <a href=\"https:\/\/agora.xtec.cat\/ies-sabadell\/erasmus-plus\/equivalencia-entre-unitats-formatives-uf-i-el-sistema-de-credits-ects\/\" title=\"Read Unitats Formatives i el sistema de cr\u00e8dits ECTS\">Llegeix m\u00e9s\u00bb<\/a><\/p>\n","protected":false},"author":10,"featured_media":0,"parent":15018,"menu_order":0,"comment_status":"closed","ping_status":"closed","template":"","meta":{"_bbp_topic_count":0,"_bbp_reply_count":0,"_bbp_total_topic_count":0,"_bbp_total_reply_count":0,"_bbp_voice_count":0,"_bbp_anonymous_reply_count":0,"_bbp_topic_count_hidden":0,"_bbp_reply_count_hidden":0,"_bbp_forum_subforum_count":0,"footnotes":""},"class_list":["post-15083","page","type-page","status-publish","hentry"],"post_mailing_queue_ids":[],"_links":{"self":[{"href":"https:\/\/agora.xtec.cat\/ies-sabadell\/wp-json\/wp\/v2\/pages\/15083","targetHints":{"allow":["GET"]}}],"collection":[{"href":"https:\/\/agora.xtec.cat\/ies-sabadell\/wp-json\/wp\/v2\/pages"}],"about":[{"href":"https:\/\/agora.xtec.cat\/ies-sabadell\/wp-json\/wp\/v2\/types\/page"}],"author":[{"embeddable":true,"href":"https:\/\/agora.xtec.cat\/ies-sabadell\/wp-json\/wp\/v2\/users\/10"}],"replies":[{"embeddable":true,"href":"https:\/\/agora.xtec.cat\/ies-sabadell\/wp-json\/wp\/v2\/comments?post=15083"}],"version-history":[{"count":3,"href":"https:\/\/agora.xtec.cat\/ies-sabadell\/wp-json\/wp\/v2\/pages\/15083\/revisions"}],"predecessor-version":[{"id":15903,"href":"https:\/\/agora.xtec.cat\/ies-sabadell\/wp-json\/wp\/v2\/pages\/15083\/revisions\/15903"}],"up":[{"embeddable":true,"href":"https:\/\/agora.xtec.cat\/ies-sabadell\/wp-json\/wp\/v2\/pages\/15018"}],"wp:attachment":[{"href":"https:\/\/agora.xtec.cat\/ies-sabadell\/wp-json\/wp\/v2\/media?parent=15083"}],"curies":[{"name":"wp","href":"https:\/\/api.w.org\/{rel}","templated":true}]}}