{"id":650,"date":"2018-01-29T13:18:08","date_gmt":"2018-01-29T12:18:08","guid":{"rendered":"http:\/\/agora.xtec.cat\/ies-rubio-hospitalet\/?page_id=650"},"modified":"2018-01-29T21:27:09","modified_gmt":"2018-01-29T20:27:09","slug":"musica","status":"publish","type":"page","link":"https:\/\/agora.xtec.cat\/ies-rubio-hospitalet\/departaments\/musica\/","title":{"rendered":"M\u00fasica"},"content":{"rendered":"<div>\n<h5><span style=\"font-size: x-large;\"><b><u>Documents d&#8217;inter\u00e8s:<\/u><\/b><\/span><\/h5>\n<p><span style=\"font-family: verdana, sans-serif; font-size: medium; color: #000000;\">\u00a0<\/span><\/p>\n<p><span style=\"color: #000000;\"><span style=\"font-family: verdana, sans-serif; font-size: medium;\">Aquests s\u00f3n els<b>\u00a0<a style=\"color: #000000;\" href=\"https:\/\/docs.google.com\/document\/d\/1tCW9V4OnG3fONldy_1z9F_wfwxWYiqjx9BwROSmlmQY\/edit?usp=sharing\" target=\"_blank\" rel=\"noopener noreferrer\">criteris d&#8217;avaluaci\u00f3<\/a>\u00a0<\/b><\/span><span style=\"font-family: verdana, sans-serif; font-size: medium;\">d&#8217;ESO de l&#8217;\u00e0rea de M\u00fasica.<\/span><\/span><\/p>\n<p><span style=\"color: #000000; font-family: verdana, sans-serif; font-size: medium;\">\u00a0<\/span><\/p>\n<\/div>\n<blockquote>\n<ul>\n<li><span style=\"font-family: verdana, sans-serif; font-size: medium; color: #000000;\"><a style=\"color: #000000;\" href=\"https:\/\/drive.google.com\/file\/d\/0B7M6EPtH3pxsMktCVDJ1YWhpcVE\/view?usp=sharing\" target=\"_blank\" rel=\"noopener noreferrer\">Planificaci\u00f3 de curs<\/a>\u00a0dels alumnes de <strong>1r ESO<\/strong><\/span><\/li>\n<\/ul>\n<p>&nbsp;<\/p>\n<ul style=\"list-style-type: square;\">\n<li><span style=\"font-family: verdana, sans-serif; font-size: medium; color: #000000;\"><a style=\"color: #000000;\" href=\"https:\/\/docs.google.com\/document\/d\/1togiViHUbN0cbQ7-lVN2t1vctNetmi2dbMv01bBNK-I\/edit?usp=sharing\" target=\"_blank\" rel=\"noopener noreferrer\">Planificaci\u00f3 de curs<\/a>\u00a0dels alumnes de <strong>3r ESO<\/strong><\/span><\/li>\n<\/ul>\n<p><span style=\"font-family: verdana, sans-serif; font-size: medium; color: #000000;\">\u00a0<\/span><\/p>\n<ul style=\"list-style-type: square;\">\n<li><span style=\"font-family: verdana, sans-serif; font-size: medium; color: #000000;\"><a style=\"color: #000000;\" href=\"https:\/\/docs.google.com\/document\/d\/14txDyBuOYBP6LMcMcJ4x6n9KAO75wVFfJAHhwHzTsSk\/edit?usp=sharing\" target=\"_blank\" rel=\"noopener noreferrer\">Planificaci\u00f3 de curs<\/a>\u00a0dels alumnes de<strong> 4t ESO<\/strong><\/span><\/li>\n<\/ul>\n<\/blockquote>\n<p>&nbsp;<\/p>\n<p>&nbsp;<\/p>\n<div>\n<h4><span style=\"font-size: large;\"><strong><span style=\"color: #000000; font-family: verdana, sans-serif;\">Quina m\u00fasica sonava el dia que v\u00e0reu n\u00e9ixer?<\/span><\/strong><\/span><\/h4>\n<\/div>\n<h4><span style=\"font-family: verdana, sans-serif; font-size: medium;\"><span lang=\"EN-US\">\u00a0<\/span><\/span><\/h4>\n<p style=\"text-align: justify;\"><span style=\"font-family: verdana, sans-serif; font-size: medium;\"><span lang=\"EN-US\"><a href=\"https:\/\/sites.google.com\/a\/xtec.cat\/rubioiors\/departaments\/expressio\/1world_music_character_large.jpg?attredirects=0\"><img loading=\"lazy\" decoding=\"async\" class=\"alignleft\" src=\"https:\/\/sites.google.com\/a\/xtec.cat\/rubioiors\/_\/rsrc\/1488802212212\/departaments\/expressio\/1world_music_character_large.jpg?height=200&amp;width=199\" width=\"180\" height=\"181\" border=\"0\" \/><\/a>Voleu sa<\/span><span lang=\"EN-US\"><span style=\"color: #444343;\">ber qu\u00e8 sonava a les r\u00e0dios del m\u00f3n el dia que vau n\u00e9<span style=\"color: #000000;\">ixer?\u00a0La web\u00a0<\/span><\/span><span style=\"color: #000000;\"><a style=\"color: #000000;\" href=\"http:\/\/www.everyhit.com\/dates\/\" rel=\"nofollow\"><b>Everyhit.com<\/b><\/a><\/span><\/span><span style=\"color: #000000;\"><b><span lang=\"EN-US\">\u00a0<\/span><\/b><\/span><span lang=\"EN-US\"><span style=\"color: #000000;\">u<\/span>s proposa de saber exactament quina\u00a0<\/span><\/span><span style=\"font-family: verdana, sans-serif; font-size: medium;\">era la <b>can\u00e7\u00f3 n\u00famero u <\/b>a les llistes de vendes del<b> Regne<\/b> <b>Unit<\/b> el dia que vau n\u00e9i<span lang=\"EN-US\">xer, o en qualsevol altra data assenyalada que\u00a0<\/span><\/span><span style=\"font-size: medium;\"><span style=\"font-family: verdana, sans-serif;\"><span lang=\"EN-US\">desitgeu, de<\/span><\/span>s de l&#8217;1 de gener de 1945 fins ara.\u00a0<\/span><\/p>\n<p style=\"text-align: justify;\"><span style=\"font-family: verdana, sans-serif; font-size: medium;\"><span lang=\"EN-US\">La web tamb\u00e9 informa dels artistes nascuts aquell mateix dia.<\/span><\/span><span lang=\"EN-US\"><span style=\"font-family: verdana, sans-serif; font-size: medium;\">I per saber exactament el mateix per\u00f2 als<b> Estats Units<\/b>, i amb dades des de 1940, ho podeu consultar en\u00a0<a href=\"https:\/\/en.wikipedia.org\/wiki\/List_of_Billboard_number-one_singles\" rel=\"nofollow\"><b>aquest enlla\u00e7<\/b><\/a>\u00a0de la Wikip\u00e8dia.<\/span><\/span><\/p>\n<div><\/div>\n<div><\/div>\n<div><\/div>\n<div><\/div>\n<div><\/div>\n<div><\/div>\n<div><\/div>\n<div><\/div>\n<h4><span style=\"color: #000000;\">\u00a0<\/span><\/h4>\n<h4 style=\"text-align: justify;\"><span style=\"color: #000000;\">M\u00fasiques del m\u00f3n<\/span><\/h4>\n<div style=\"text-align: justify;\"><\/div>\n<p style=\"text-align: justify;\"><span style=\"font-family: verdana, sans-serif; font-size: medium; color: #000000;\">Creen un <a style=\"color: #000000;\" href=\"http:\/\/everynoise.com\/engenremap.html\" target=\"_blank\" rel=\"nofollow noopener noreferrer\"><b>mapa interactiu<\/b><\/a>\u00a0per a descobrir f\u00e0cilment com sonen les m\u00fasiques de tot el m\u00f3n. Clicant damunt el nom de cada g\u00e8nere podreu escoltar fragments de can\u00e7ons per a saber com sonen.<\/span><\/p>\n<p style=\"text-align: justify;\"><span style=\"font-family: verdana, sans-serif; font-size: medium; color: #000000;\"><img decoding=\"async\" class=\"alignleft\" src=\"https:\/\/sites.google.com\/a\/xtec.cat\/rubioiors\/_\/rsrc\/1488802212212\/departaments\/expressio\/images.jpg\" border=\"0\" \/><\/span><br \/>\n<span style=\"color: #000000;\">Hi ha una opci\u00f3\u00a0<b>\u2018scan\u2019<\/b>\u00a0per a escoltar els g\u00e8neres en funci\u00f3 esc\u00e0nner aleatori, i tamb\u00e9 hi ha una\u00a0<a style=\"color: #000000;\" href=\"http:\/\/everynoise.com\/everynoise1d.cgi?scope=all\" target=\"_blank\" rel=\"nofollow noopener noreferrer\"><b><span style=\"font-size: medium;\">p\u00e0gina<\/span><\/b><\/a>\u00a0amb tots els g\u00e8neres vinculats a llistes musicals de Spotify.<\/span><\/p>\n<div style=\"text-align: justify;\"><b><span style=\"font-size: medium;\">\u00a0<\/span><\/b><\/div>\n<div style=\"text-align: justify;\"><b><span style=\"font-size: medium;\">\u00a0<\/span><\/b><\/div>\n","protected":false},"excerpt":{"rendered":"<p>Documents d&#8217;inter\u00e8s: \u00a0 Aquests s\u00f3n els\u00a0criteris d&#8217;avaluaci\u00f3\u00a0d&#8217;ESO de l&#8217;\u00e0rea de M\u00fasica. \u00a0 Planificaci\u00f3 de curs\u00a0dels alumnes de 1r ESO &nbsp; Planificaci\u00f3 de curs\u00a0dels alumnes de 3r ESO \u00a0 Planificaci\u00f3 de curs\u00a0dels alumnes de 4t ESO &nbsp; &nbsp; Quina m\u00fasica sonava el dia que v\u00e0reu n\u00e9ixer? \u00a0 Voleu saber qu\u00e8 sonava a les r\u00e0dios del m\u00f3n [&hellip;]<\/p>\n","protected":false},"author":1,"featured_media":0,"parent":623,"menu_order":70,"comment_status":"closed","ping_status":"closed","template":"page-templates\/side-menu.php","meta":{"_bbp_topic_count":0,"_bbp_reply_count":0,"_bbp_total_topic_count":0,"_bbp_total_reply_count":0,"_bbp_voice_count":0,"_bbp_anonymous_reply_count":0,"_bbp_topic_count_hidden":0,"_bbp_reply_count_hidden":0,"_bbp_forum_subforum_count":0,"site-sidebar-layout":"default","site-content-layout":"","ast-site-content-layout":"","site-content-style":"default","site-sidebar-style":"default","ast-global-header-display":"","ast-banner-title-visibility":"","ast-main-header-display":"","ast-hfb-above-header-display":"","ast-hfb-below-header-display":"","ast-hfb-mobile-header-display":"","site-post-title":"","ast-breadcrumbs-content":"","ast-featured-img":"","footer-sml-layout":"","theme-transparent-header-meta":"","adv-header-id-meta":"","stick-header-meta":"","header-above-stick-meta":"","header-main-stick-meta":"","header-below-stick-meta":"","astra-migrate-meta-layouts":"default","ast-page-background-enabled":"default","ast-page-background-meta":{"desktop":{"background-color":"var(--ast-global-color-4)","background-image":"","background-repeat":"repeat","background-position":"center center","background-size":"auto","background-attachment":"scroll","background-type":"","background-media":"","overlay-type":"","overlay-color":"","overlay-opacity":"","overlay-gradient":""},"tablet":{"background-color":"","background-image":"","background-repeat":"repeat","background-position":"center center","background-size":"auto","background-attachment":"scroll","background-type":"","background-media":"","overlay-type":"","overlay-color":"","overlay-opacity":"","overlay-gradient":""},"mobile":{"background-color":"","background-image":"","background-repeat":"repeat","background-position":"center center","background-size":"auto","background-attachment":"scroll","background-type":"","background-media":"","overlay-type":"","overlay-color":"","overlay-opacity":"","overlay-gradient":""}},"ast-content-background-meta":{"desktop":{"background-color":"var(--ast-global-color-5)","background-image":"","background-repeat":"repeat","background-position":"center center","background-size":"auto","background-attachment":"scroll","background-type":"","background-media":"","overlay-type":"","overlay-color":"","overlay-opacity":"","overlay-gradient":""},"tablet":{"background-color":"var(--ast-global-color-5)","background-image":"","background-repeat":"repeat","background-position":"center center","background-size":"auto","background-attachment":"scroll","background-type":"","background-media":"","overlay-type":"","overlay-color":"","overlay-opacity":"","overlay-gradient":""},"mobile":{"background-color":"var(--ast-global-color-5)","background-image":"","background-repeat":"repeat","background-position":"center center","background-size":"auto","background-attachment":"scroll","background-type":"","background-media":"","overlay-type":"","overlay-color":"","overlay-opacity":"","overlay-gradient":""}},"footnotes":""},"class_list":["post-650","page","type-page","status-publish","hentry"],"post_mailing_queue_ids":[],"_links":{"self":[{"href":"https:\/\/agora.xtec.cat\/ies-rubio-hospitalet\/wp-json\/wp\/v2\/pages\/650","targetHints":{"allow":["GET"]}}],"collection":[{"href":"https:\/\/agora.xtec.cat\/ies-rubio-hospitalet\/wp-json\/wp\/v2\/pages"}],"about":[{"href":"https:\/\/agora.xtec.cat\/ies-rubio-hospitalet\/wp-json\/wp\/v2\/types\/page"}],"author":[{"embeddable":true,"href":"https:\/\/agora.xtec.cat\/ies-rubio-hospitalet\/wp-json\/wp\/v2\/users\/1"}],"replies":[{"embeddable":true,"href":"https:\/\/agora.xtec.cat\/ies-rubio-hospitalet\/wp-json\/wp\/v2\/comments?post=650"}],"version-history":[{"count":3,"href":"https:\/\/agora.xtec.cat\/ies-rubio-hospitalet\/wp-json\/wp\/v2\/pages\/650\/revisions"}],"predecessor-version":[{"id":761,"href":"https:\/\/agora.xtec.cat\/ies-rubio-hospitalet\/wp-json\/wp\/v2\/pages\/650\/revisions\/761"}],"up":[{"embeddable":true,"href":"https:\/\/agora.xtec.cat\/ies-rubio-hospitalet\/wp-json\/wp\/v2\/pages\/623"}],"wp:attachment":[{"href":"https:\/\/agora.xtec.cat\/ies-rubio-hospitalet\/wp-json\/wp\/v2\/media?parent=650"}],"curies":[{"name":"wp","href":"https:\/\/api.w.org\/{rel}","templated":true}]}}