{"id":646,"date":"2018-01-29T13:17:17","date_gmt":"2018-01-29T12:17:17","guid":{"rendered":"http:\/\/agora.xtec.cat\/ies-rubio-hospitalet\/?page_id=646"},"modified":"2020-02-14T17:02:57","modified_gmt":"2020-02-14T16:02:57","slug":"matematiques","status":"publish","type":"page","link":"https:\/\/agora.xtec.cat\/ies-rubio-hospitalet\/departaments\/matematiques\/","title":{"rendered":"Matem\u00e0tiques"},"content":{"rendered":"<div><img loading=\"lazy\" decoding=\"async\" class=\"alignleft\" src=\"https:\/\/sites.google.com\/a\/xtec.cat\/rubioiors\/_\/rsrc\/1488802212213\/departaments\/matematiques\/numeros.jpg?height=320&amp;width=296\" width=\"310\" height=\"334\" border=\"0\" \/><\/div>\n<div><span style=\"color: #000000;\">\u00a0<\/span><\/div>\n<p><b><a href=\"https:\/\/docs.google.com\/document\/d\/1wT7ePSMbqoHaEqaRhW5GoeTBuZRyASzNikiFUpqGkfI\/edit?usp=sharing\" target=\"_blank\" rel=\"noopener noreferrer\">Criteris d&#8217;avaluaci\u00f3<\/a>\u00a0<\/b>del Departament de Matem\u00e0tiques<\/p>\n<p><a href=\"https:\/\/docs.google.com\/document\/d\/1uzhcnfjrmNxPe6f_HJoAGrugEmpzHbamNHrov4oume0\/edit?usp=sharing\" target=\"_blank\" rel=\"noopener noreferrer\"><b>Planificaci\u00f3 de curs<\/b><\/a>\u00a0de les matem\u00e0tiques de 3r ESO.<\/p>\n<p><span style=\"font-size: medium;\">L&#8217;<b>ABEAM<\/b> (Associaci\u00f3 de Matem\u00e0tiques de Barcelona) ha confeccionat\u00a0un butllet\u00ed de matem\u00e0tiques adre\u00e7at a les fam\u00edlies de l&#8217;alumnat.\u00a0Aquest \u00e9s el\u00a0<b><a href=\"http:\/\/bit.ly\/1Tu9Pi8\" target=\"_blank\" rel=\"nofollow noopener noreferrer\">butllet\u00ed n\u00ba1<\/a><\/b><\/span><\/p>\n<p><a href=\"http:\/\/bit.ly\/1QSsKkS\" target=\"_blank\" rel=\"nofollow noopener noreferrer\"><span style=\"font-size: medium;\"><b>Per subscriure&#8217;s al butllet\u00ed<\/b><\/span><\/a><\/p>\n<p><span style=\"font-size: medium;\">En aquest<b> <a href=\"https:\/\/groups.google.com\/forum\/#!forum\/abeamnews-families\" target=\"_blank\" rel=\"noopener noreferrer\">enlla\u00e7<\/a><\/b>\u00a0 hi ha els butlletins de matem\u00e0tiques que l&#8217;ABEAM anir\u00e0 penjant (a partir del proper curs en penjaran un per mes).<br \/>\n<\/span><span style=\"font-size: medium;\">Les\u00a0<b>p<u>roves Cangur<\/u>\u00a0<\/b>i el\u00a0<u><b>Fem Matem\u00e0tiques<\/b><\/u>\u00a0s\u00f3n les dues activitats proposades per la\u00a0<i>Societat Catalana de Matem\u00e0tiques<\/i>\u00a0en qu\u00e8 participa el nostre centre.<\/span><\/p>\n<p>&nbsp;<\/p>\n","protected":false},"excerpt":{"rendered":"<p>\u00a0 Criteris d&#8217;avaluaci\u00f3\u00a0del Departament de Matem\u00e0tiques Planificaci\u00f3 de curs\u00a0de les matem\u00e0tiques de 3r ESO. L&#8217;ABEAM (Associaci\u00f3 de Matem\u00e0tiques de Barcelona) ha confeccionat\u00a0un butllet\u00ed de matem\u00e0tiques adre\u00e7at a les fam\u00edlies de l&#8217;alumnat.\u00a0Aquest \u00e9s el\u00a0butllet\u00ed n\u00ba1 Per subscriure&#8217;s al butllet\u00ed En aquest enlla\u00e7\u00a0 hi ha els butlletins de matem\u00e0tiques que l&#8217;ABEAM anir\u00e0 penjant (a partir del proper [&hellip;]<\/p>\n","protected":false},"author":1,"featured_media":0,"parent":623,"menu_order":50,"comment_status":"closed","ping_status":"closed","template":"page-templates\/side-menu.php","meta":{"_bbp_topic_count":0,"_bbp_reply_count":0,"_bbp_total_topic_count":0,"_bbp_total_reply_count":0,"_bbp_voice_count":0,"_bbp_anonymous_reply_count":0,"_bbp_topic_count_hidden":0,"_bbp_reply_count_hidden":0,"_bbp_forum_subforum_count":0,"site-sidebar-layout":"default","site-content-layout":"","ast-site-content-layout":"","site-content-style":"default","site-sidebar-style":"default","ast-global-header-display":"","ast-banner-title-visibility":"","ast-main-header-display":"","ast-hfb-above-header-display":"","ast-hfb-below-header-display":"","ast-hfb-mobile-header-display":"","site-post-title":"","ast-breadcrumbs-content":"","ast-featured-img":"","footer-sml-layout":"","theme-transparent-header-meta":"","adv-header-id-meta":"","stick-header-meta":"","header-above-stick-meta":"","header-main-stick-meta":"","header-below-stick-meta":"","astra-migrate-meta-layouts":"default","ast-page-background-enabled":"default","ast-page-background-meta":{"desktop":{"background-color":"var(--ast-global-color-4)","background-image":"","background-repeat":"repeat","background-position":"center center","background-size":"auto","background-attachment":"scroll","background-type":"","background-media":"","overlay-type":"","overlay-color":"","overlay-opacity":"","overlay-gradient":""},"tablet":{"background-color":"","background-image":"","background-repeat":"repeat","background-position":"center center","background-size":"auto","background-attachment":"scroll","background-type":"","background-media":"","overlay-type":"","overlay-color":"","overlay-opacity":"","overlay-gradient":""},"mobile":{"background-color":"","background-image":"","background-repeat":"repeat","background-position":"center center","background-size":"auto","background-attachment":"scroll","background-type":"","background-media":"","overlay-type":"","overlay-color":"","overlay-opacity":"","overlay-gradient":""}},"ast-content-background-meta":{"desktop":{"background-color":"var(--ast-global-color-5)","background-image":"","background-repeat":"repeat","background-position":"center center","background-size":"auto","background-attachment":"scroll","background-type":"","background-media":"","overlay-type":"","overlay-color":"","overlay-opacity":"","overlay-gradient":""},"tablet":{"background-color":"var(--ast-global-color-5)","background-image":"","background-repeat":"repeat","background-position":"center center","background-size":"auto","background-attachment":"scroll","background-type":"","background-media":"","overlay-type":"","overlay-color":"","overlay-opacity":"","overlay-gradient":""},"mobile":{"background-color":"var(--ast-global-color-5)","background-image":"","background-repeat":"repeat","background-position":"center center","background-size":"auto","background-attachment":"scroll","background-type":"","background-media":"","overlay-type":"","overlay-color":"","overlay-opacity":"","overlay-gradient":""}},"footnotes":""},"class_list":["post-646","page","type-page","status-publish","hentry"],"post_mailing_queue_ids":[],"_links":{"self":[{"href":"https:\/\/agora.xtec.cat\/ies-rubio-hospitalet\/wp-json\/wp\/v2\/pages\/646","targetHints":{"allow":["GET"]}}],"collection":[{"href":"https:\/\/agora.xtec.cat\/ies-rubio-hospitalet\/wp-json\/wp\/v2\/pages"}],"about":[{"href":"https:\/\/agora.xtec.cat\/ies-rubio-hospitalet\/wp-json\/wp\/v2\/types\/page"}],"author":[{"embeddable":true,"href":"https:\/\/agora.xtec.cat\/ies-rubio-hospitalet\/wp-json\/wp\/v2\/users\/1"}],"replies":[{"embeddable":true,"href":"https:\/\/agora.xtec.cat\/ies-rubio-hospitalet\/wp-json\/wp\/v2\/comments?post=646"}],"version-history":[{"count":2,"href":"https:\/\/agora.xtec.cat\/ies-rubio-hospitalet\/wp-json\/wp\/v2\/pages\/646\/revisions"}],"predecessor-version":[{"id":691,"href":"https:\/\/agora.xtec.cat\/ies-rubio-hospitalet\/wp-json\/wp\/v2\/pages\/646\/revisions\/691"}],"up":[{"embeddable":true,"href":"https:\/\/agora.xtec.cat\/ies-rubio-hospitalet\/wp-json\/wp\/v2\/pages\/623"}],"wp:attachment":[{"href":"https:\/\/agora.xtec.cat\/ies-rubio-hospitalet\/wp-json\/wp\/v2\/media?parent=646"}],"curies":[{"name":"wp","href":"https:\/\/api.w.org\/{rel}","templated":true}]}}