{"id":57,"date":"2018-02-07T17:01:07","date_gmt":"2018-02-07T16:01:07","guid":{"rendered":"http:\/\/agora.xtec.cat\/ies-rubio-hospitalet\/?page_id=57"},"modified":"2025-07-15T14:14:28","modified_gmt":"2025-07-15T12:14:28","slug":"oferta-educativa","status":"publish","type":"page","link":"https:\/\/agora.xtec.cat\/ies-rubio-hospitalet\/oferta-educativa\/","title":{"rendered":"Oferta educativa"},"content":{"rendered":"<h2>\ud83d\udcd8 La nostra oferta educativa<\/h2>\n<p>A l\u2019Institut Rubi\u00f3 i Ors oferim una formaci\u00f3 completa i de qualitat al llarg de l\u2019etapa d\u2019Educaci\u00f3 Secund\u00e0ria Obligat\u00f2ria (ESO) i continuem acompanyant l\u2019alumnat en el seu creixement personal i acad\u00e8mic a trav\u00e9s dels estudis de Batxillerat.<\/p>\n<p>L\u2019ESO est\u00e0 estructurada per afavorir el desenvolupament de les compet\u00e8ncies b\u00e0siques, el pensament cr\u00edtic i l\u2019autonomia personal en un entorn proper i inclusiu.<\/p>\n<p>Pel que fa al Batxillerat, el nostre centre ofereix dues modalitats:<\/p>\n<ul>\n<li>\n<p><strong>Humanitats i Ci\u00e8ncies Socials<\/strong>, orientada a l\u2019alumnat interessat en les ci\u00e8ncies socials, l\u2019economia, les lleng\u00fces i les humanitats.<\/p>\n<\/li>\n<li>\n<p><strong>Ci\u00e8ncies i Tecnologia<\/strong>, adre\u00e7ada a aquells alumnes que volen aprofundir en les ci\u00e8ncies experimentals, les matem\u00e0tiques, l\u2019enginyeria o les professions t\u00e8cniques i sanit\u00e0ries.<\/p>\n<\/li>\n<\/ul>\n<p>Ambdues modalitats preparen l\u2019alumnat tant per a l\u2019acc\u00e9s a estudis universitaris com per a cicles formatius de grau superior, fomentant alhora valors com la responsabilitat, el respecte i l\u2019esperit de superaci\u00f3.<\/p>\n\n\n<p><\/p>\n","protected":false},"excerpt":{"rendered":"<p>\ud83d\udcd8 La nostra oferta educativa A l\u2019Institut Rubi\u00f3 i Ors oferim una formaci\u00f3 completa i de qualitat al llarg de l\u2019etapa d\u2019Educaci\u00f3 Secund\u00e0ria Obligat\u00f2ria (ESO) i continuem acompanyant l\u2019alumnat en el seu creixement personal i acad\u00e8mic a trav\u00e9s dels estudis de Batxillerat. L\u2019ESO est\u00e0 estructurada per afavorir el desenvolupament de les compet\u00e8ncies b\u00e0siques, el pensament [&hellip;]<\/p>\n","protected":false},"author":1,"featured_media":0,"parent":0,"menu_order":0,"comment_status":"closed","ping_status":"closed","template":"","meta":{"_bbp_topic_count":0,"_bbp_reply_count":0,"_bbp_total_topic_count":0,"_bbp_total_reply_count":0,"_bbp_voice_count":0,"_bbp_anonymous_reply_count":0,"_bbp_topic_count_hidden":0,"_bbp_reply_count_hidden":0,"_bbp_forum_subforum_count":0,"site-sidebar-layout":"default","site-content-layout":"","ast-site-content-layout":"default","site-content-style":"default","site-sidebar-style":"default","ast-global-header-display":"","ast-banner-title-visibility":"","ast-main-header-display":"","ast-hfb-above-header-display":"","ast-hfb-below-header-display":"","ast-hfb-mobile-header-display":"","site-post-title":"disabled","ast-breadcrumbs-content":"","ast-featured-img":"","footer-sml-layout":"","theme-transparent-header-meta":"","adv-header-id-meta":"","stick-header-meta":"","header-above-stick-meta":"","header-main-stick-meta":"","header-below-stick-meta":"","astra-migrate-meta-layouts":"set","ast-page-background-enabled":"default","ast-page-background-meta":{"desktop":{"background-color":"var(--ast-global-color-4)","background-image":"","background-repeat":"repeat","background-position":"center center","background-size":"auto","background-attachment":"scroll","background-type":"","background-media":"","overlay-type":"","overlay-color":"","overlay-opacity":"","overlay-gradient":""},"tablet":{"background-color":"","background-image":"","background-repeat":"repeat","background-position":"center center","background-size":"auto","background-attachment":"scroll","background-type":"","background-media":"","overlay-type":"","overlay-color":"","overlay-opacity":"","overlay-gradient":""},"mobile":{"background-color":"","background-image":"","background-repeat":"repeat","background-position":"center center","background-size":"auto","background-attachment":"scroll","background-type":"","background-media":"","overlay-type":"","overlay-color":"","overlay-opacity":"","overlay-gradient":""}},"ast-content-background-meta":{"desktop":{"background-color":"var(--ast-global-color-5)","background-image":"","background-repeat":"repeat","background-position":"center center","background-size":"auto","background-attachment":"scroll","background-type":"","background-media":"","overlay-type":"","overlay-color":"","overlay-opacity":"","overlay-gradient":""},"tablet":{"background-color":"var(--ast-global-color-5)","background-image":"","background-repeat":"repeat","background-position":"center center","background-size":"auto","background-attachment":"scroll","background-type":"","background-media":"","overlay-type":"","overlay-color":"","overlay-opacity":"","overlay-gradient":""},"mobile":{"background-color":"var(--ast-global-color-5)","background-image":"","background-repeat":"repeat","background-position":"center center","background-size":"auto","background-attachment":"scroll","background-type":"","background-media":"","overlay-type":"","overlay-color":"","overlay-opacity":"","overlay-gradient":""}},"footnotes":""},"class_list":["post-57","page","type-page","status-publish","hentry"],"post_mailing_queue_ids":[],"_links":{"self":[{"href":"https:\/\/agora.xtec.cat\/ies-rubio-hospitalet\/wp-json\/wp\/v2\/pages\/57","targetHints":{"allow":["GET"]}}],"collection":[{"href":"https:\/\/agora.xtec.cat\/ies-rubio-hospitalet\/wp-json\/wp\/v2\/pages"}],"about":[{"href":"https:\/\/agora.xtec.cat\/ies-rubio-hospitalet\/wp-json\/wp\/v2\/types\/page"}],"author":[{"embeddable":true,"href":"https:\/\/agora.xtec.cat\/ies-rubio-hospitalet\/wp-json\/wp\/v2\/users\/1"}],"replies":[{"embeddable":true,"href":"https:\/\/agora.xtec.cat\/ies-rubio-hospitalet\/wp-json\/wp\/v2\/comments?post=57"}],"version-history":[{"count":6,"href":"https:\/\/agora.xtec.cat\/ies-rubio-hospitalet\/wp-json\/wp\/v2\/pages\/57\/revisions"}],"predecessor-version":[{"id":11317,"href":"https:\/\/agora.xtec.cat\/ies-rubio-hospitalet\/wp-json\/wp\/v2\/pages\/57\/revisions\/11317"}],"wp:attachment":[{"href":"https:\/\/agora.xtec.cat\/ies-rubio-hospitalet\/wp-json\/wp\/v2\/media?parent=57"}],"curies":[{"name":"wp","href":"https:\/\/api.w.org\/{rel}","templated":true}]}}