{"id":49,"date":"2014-09-17T16:55:55","date_gmt":"2014-09-17T16:55:55","guid":{"rendered":"http:\/\/agora.xtec.cat\/ies-rubio-hospitalet\/?page_id=49"},"modified":"2026-03-27T13:35:06","modified_gmt":"2026-03-27T12:35:06","slug":"documents","status":"publish","type":"page","link":"https:\/\/agora.xtec.cat\/ies-rubio-hospitalet\/documents\/","title":{"rendered":"Documents"},"content":{"rendered":"<h4><span style=\"color: #000000;\"><strong>DOCUMENTS DEL CENTRE<\/strong><\/span><\/h4>\n<p>El funcionament del centre s&#8217;articula al voltant d&#8217;uns documents que compartim amb la nostra comunitat educativa:<\/p>\n<p><a href=\"https:\/\/drive.google.com\/file\/d\/1tF0yCqYbKOPaAsB1E0r00ACPp40f6iRT\/view?usp=share_link\">PROJECTE EDUCATIU DEL CENTRE (PEC)<\/a><\/p>\n<p><a href=\"https:\/\/drive.google.com\/file\/d\/1z_PGJWhphF1Gzi5uvxmV7NadgbPjO0z1\/view?usp=share_link\">NORMES D&#8217;ORGANITZACI\u00d3 I FUNCIONAMENT DEL CENTRE (NOFC)<\/a><\/p>\n<p><a href=\"https:\/\/drive.google.com\/file\/d\/1IvH6NEuD-DVvfChVCOIrENrGGtayrkVI\/view?usp=sharing\">PROGRAMACI\u00d3 GENERAL ANUAL (PGA)<\/a><\/p>\n<p><a href=\"https:\/\/drive.google.com\/file\/d\/1l_aEHFaBdw5dCiozhXFFL2bP4hZyc-3U\/view?usp=sharing\">PROJECTE LING\u00dc\u00cdSTIC DEL CENTRE<\/a><\/p>\n<p><a href=\"https:\/\/docs.google.com\/spreadsheets\/d\/10AOY3L2g2pjt5A_NSad5Eqtsn-7Hvsr_QIuRf6s_MbY\/edit?gid=559574403#gid=559574403\">ESTRAT\u00c8GIA DIGITAL DEL CENTRE (EDC)<\/a><\/p>\n","protected":false},"excerpt":{"rendered":"<p>DOCUMENTS DEL CENTRE El funcionament del centre s&#8217;articula al voltant d&#8217;uns documents que compartim amb la nostra comunitat educativa: PROJECTE EDUCATIU DEL CENTRE (PEC) NORMES D&#8217;ORGANITZACI\u00d3 I FUNCIONAMENT DEL CENTRE (NOFC) PROGRAMACI\u00d3 GENERAL ANUAL (PGA) PROJECTE LING\u00dc\u00cdSTIC DEL CENTRE ESTRAT\u00c8GIA DIGITAL DEL CENTRE (EDC)<\/p>\n","protected":false},"author":1,"featured_media":0,"parent":0,"menu_order":60,"comment_status":"closed","ping_status":"closed","template":"","meta":{"_bbp_topic_count":0,"_bbp_reply_count":0,"_bbp_total_topic_count":0,"_bbp_total_reply_count":0,"_bbp_voice_count":0,"_bbp_anonymous_reply_count":0,"_bbp_topic_count_hidden":0,"_bbp_reply_count_hidden":0,"_bbp_forum_subforum_count":0,"site-sidebar-layout":"default","site-content-layout":"","ast-site-content-layout":"default","site-content-style":"default","site-sidebar-style":"default","ast-global-header-display":"","ast-banner-title-visibility":"","ast-main-header-display":"","ast-hfb-above-header-display":"","ast-hfb-below-header-display":"","ast-hfb-mobile-header-display":"","site-post-title":"","ast-breadcrumbs-content":"","ast-featured-img":"","footer-sml-layout":"","theme-transparent-header-meta":"","adv-header-id-meta":"","stick-header-meta":"","header-above-stick-meta":"","header-main-stick-meta":"","header-below-stick-meta":"","astra-migrate-meta-layouts":"set","ast-page-background-enabled":"default","ast-page-background-meta":{"desktop":{"background-color":"var(--ast-global-color-4)","background-image":"","background-repeat":"repeat","background-position":"center center","background-size":"auto","background-attachment":"scroll","background-type":"","background-media":"","overlay-type":"","overlay-color":"","overlay-opacity":"","overlay-gradient":""},"tablet":{"background-color":"","background-image":"","background-repeat":"repeat","background-position":"center center","background-size":"auto","background-attachment":"scroll","background-type":"","background-media":"","overlay-type":"","overlay-color":"","overlay-opacity":"","overlay-gradient":""},"mobile":{"background-color":"","background-image":"","background-repeat":"repeat","background-position":"center center","background-size":"auto","background-attachment":"scroll","background-type":"","background-media":"","overlay-type":"","overlay-color":"","overlay-opacity":"","overlay-gradient":""}},"ast-content-background-meta":{"desktop":{"background-color":"var(--ast-global-color-5)","background-image":"","background-repeat":"repeat","background-position":"center center","background-size":"auto","background-attachment":"scroll","background-type":"","background-media":"","overlay-type":"","overlay-color":"","overlay-opacity":"","overlay-gradient":""},"tablet":{"background-color":"var(--ast-global-color-5)","background-image":"","background-repeat":"repeat","background-position":"center center","background-size":"auto","background-attachment":"scroll","background-type":"","background-media":"","overlay-type":"","overlay-color":"","overlay-opacity":"","overlay-gradient":""},"mobile":{"background-color":"var(--ast-global-color-5)","background-image":"","background-repeat":"repeat","background-position":"center center","background-size":"auto","background-attachment":"scroll","background-type":"","background-media":"","overlay-type":"","overlay-color":"","overlay-opacity":"","overlay-gradient":""}},"footnotes":""},"class_list":["post-49","page","type-page","status-publish","hentry"],"post_mailing_queue_ids":[],"_links":{"self":[{"href":"https:\/\/agora.xtec.cat\/ies-rubio-hospitalet\/wp-json\/wp\/v2\/pages\/49","targetHints":{"allow":["GET"]}}],"collection":[{"href":"https:\/\/agora.xtec.cat\/ies-rubio-hospitalet\/wp-json\/wp\/v2\/pages"}],"about":[{"href":"https:\/\/agora.xtec.cat\/ies-rubio-hospitalet\/wp-json\/wp\/v2\/types\/page"}],"author":[{"embeddable":true,"href":"https:\/\/agora.xtec.cat\/ies-rubio-hospitalet\/wp-json\/wp\/v2\/users\/1"}],"replies":[{"embeddable":true,"href":"https:\/\/agora.xtec.cat\/ies-rubio-hospitalet\/wp-json\/wp\/v2\/comments?post=49"}],"version-history":[{"count":6,"href":"https:\/\/agora.xtec.cat\/ies-rubio-hospitalet\/wp-json\/wp\/v2\/pages\/49\/revisions"}],"predecessor-version":[{"id":12387,"href":"https:\/\/agora.xtec.cat\/ies-rubio-hospitalet\/wp-json\/wp\/v2\/pages\/49\/revisions\/12387"}],"wp:attachment":[{"href":"https:\/\/agora.xtec.cat\/ies-rubio-hospitalet\/wp-json\/wp\/v2\/media?parent=49"}],"curies":[{"name":"wp","href":"https:\/\/api.w.org\/{rel}","templated":true}]}}