{"id":4214,"date":"2019-12-22T09:37:03","date_gmt":"2019-12-22T08:37:03","guid":{"rendered":"http:\/\/agora.xtec.cat\/ies-rubio-hospitalet\/?page_id=4214"},"modified":"2025-06-26T10:28:47","modified_gmt":"2025-06-26T08:28:47","slug":"generaccions","status":"publish","type":"page","link":"https:\/\/agora.xtec.cat\/ies-rubio-hospitalet\/aprenentatge-i-servei\/generaccions\/","title":{"rendered":"GeneracCions"},"content":{"rendered":"<p style=\"text-align: justify;\">El\u00a0<strong>3r d&#8217;ESO<\/strong> va iniciar el projecte de Servei Comunitari<strong> GeneracCions<\/strong>, en col\u00b7laboraci\u00f3 amb la <a href=\"https:\/\/www.csi.cat\/es\/residencia-francisco-padilla\/\" target=\"_blank\" rel=\"noopener noreferrer\"><strong>Resid\u00e8ncia Francisco Padilla<\/strong>. <\/a><\/p>\n<p style=\"text-align: justify;\">El projecte fomenta les relacions intergeneracionals i potencia aspectes com la paci\u00e8ncia, el respecte, la solidaritat, l&#8217;empatia i la responsabilitat, enfortint aix\u00ed la compet\u00e8ncia social i ciutadana del jovent.<\/p>\n<p>\u00a0<\/p>\n<p>\u00a0<\/p>\n\n\n<figure class=\"wp-block-image size-large\"><a href=\"https:\/\/agora.xtec.cat\/ies-rubio-hospitalet\/wp-content\/uploads\/usu1778\/2025\/06\/1743066200281.jpg\"><img loading=\"lazy\" decoding=\"async\" width=\"1024\" height=\"768\" src=\"https:\/\/agora.xtec.cat\/ies-rubio-hospitalet\/wp-content\/uploads\/usu1778\/2025\/06\/1743066200281-1024x768.jpg\" alt=\"\" class=\"wp-image-11120\" srcset=\"https:\/\/agora.xtec.cat\/ies-rubio-hospitalet\/wp-content\/uploads\/usu1778\/2025\/06\/1743066200281-1024x768.jpg 1024w, https:\/\/agora.xtec.cat\/ies-rubio-hospitalet\/wp-content\/uploads\/usu1778\/2025\/06\/1743066200281-300x225.jpg 300w, https:\/\/agora.xtec.cat\/ies-rubio-hospitalet\/wp-content\/uploads\/usu1778\/2025\/06\/1743066200281-768x576.jpg 768w, https:\/\/agora.xtec.cat\/ies-rubio-hospitalet\/wp-content\/uploads\/usu1778\/2025\/06\/1743066200281-1536x1152.jpg 1536w, https:\/\/agora.xtec.cat\/ies-rubio-hospitalet\/wp-content\/uploads\/usu1778\/2025\/06\/1743066200281.jpg 2000w\" sizes=\"auto, (max-width: 1024px) 100vw, 1024px\" \/><\/a><\/figure>\n","protected":false},"excerpt":{"rendered":"<p>El\u00a03r d&#8217;ESO va iniciar el projecte de Servei Comunitari GeneracCions, en col\u00b7laboraci\u00f3 amb la Resid\u00e8ncia Francisco Padilla. El projecte fomenta les relacions intergeneracionals i potencia aspectes com la paci\u00e8ncia, el respecte, la solidaritat, l&#8217;empatia i la responsabilitat, enfortint aix\u00ed la compet\u00e8ncia social i ciutadana del jovent. \u00a0 \u00a0<\/p>\n","protected":false},"author":1,"featured_media":0,"parent":712,"menu_order":11,"comment_status":"closed","ping_status":"closed","template":"","meta":{"_bbp_topic_count":0,"_bbp_reply_count":0,"_bbp_total_topic_count":0,"_bbp_total_reply_count":0,"_bbp_voice_count":0,"_bbp_anonymous_reply_count":0,"_bbp_topic_count_hidden":0,"_bbp_reply_count_hidden":0,"_bbp_forum_subforum_count":0,"site-sidebar-layout":"default","site-content-layout":"","ast-site-content-layout":"default","site-content-style":"default","site-sidebar-style":"default","ast-global-header-display":"","ast-banner-title-visibility":"","ast-main-header-display":"","ast-hfb-above-header-display":"","ast-hfb-below-header-display":"","ast-hfb-mobile-header-display":"","site-post-title":"","ast-breadcrumbs-content":"","ast-featured-img":"","footer-sml-layout":"","theme-transparent-header-meta":"","adv-header-id-meta":"","stick-header-meta":"","header-above-stick-meta":"","header-main-stick-meta":"","header-below-stick-meta":"","astra-migrate-meta-layouts":"set","ast-page-background-enabled":"default","ast-page-background-meta":{"desktop":{"background-color":"var(--ast-global-color-4)","background-image":"","background-repeat":"repeat","background-position":"center center","background-size":"auto","background-attachment":"scroll","background-type":"","background-media":"","overlay-type":"","overlay-color":"","overlay-opacity":"","overlay-gradient":""},"tablet":{"background-color":"","background-image":"","background-repeat":"repeat","background-position":"center center","background-size":"auto","background-attachment":"scroll","background-type":"","background-media":"","overlay-type":"","overlay-color":"","overlay-opacity":"","overlay-gradient":""},"mobile":{"background-color":"","background-image":"","background-repeat":"repeat","background-position":"center center","background-size":"auto","background-attachment":"scroll","background-type":"","background-media":"","overlay-type":"","overlay-color":"","overlay-opacity":"","overlay-gradient":""}},"ast-content-background-meta":{"desktop":{"background-color":"var(--ast-global-color-5)","background-image":"","background-repeat":"repeat","background-position":"center center","background-size":"auto","background-attachment":"scroll","background-type":"","background-media":"","overlay-type":"","overlay-color":"","overlay-opacity":"","overlay-gradient":""},"tablet":{"background-color":"var(--ast-global-color-5)","background-image":"","background-repeat":"repeat","background-position":"center center","background-size":"auto","background-attachment":"scroll","background-type":"","background-media":"","overlay-type":"","overlay-color":"","overlay-opacity":"","overlay-gradient":""},"mobile":{"background-color":"var(--ast-global-color-5)","background-image":"","background-repeat":"repeat","background-position":"center center","background-size":"auto","background-attachment":"scroll","background-type":"","background-media":"","overlay-type":"","overlay-color":"","overlay-opacity":"","overlay-gradient":""}},"footnotes":""},"class_list":["post-4214","page","type-page","status-publish","hentry"],"post_mailing_queue_ids":[],"_links":{"self":[{"href":"https:\/\/agora.xtec.cat\/ies-rubio-hospitalet\/wp-json\/wp\/v2\/pages\/4214","targetHints":{"allow":["GET"]}}],"collection":[{"href":"https:\/\/agora.xtec.cat\/ies-rubio-hospitalet\/wp-json\/wp\/v2\/pages"}],"about":[{"href":"https:\/\/agora.xtec.cat\/ies-rubio-hospitalet\/wp-json\/wp\/v2\/types\/page"}],"author":[{"embeddable":true,"href":"https:\/\/agora.xtec.cat\/ies-rubio-hospitalet\/wp-json\/wp\/v2\/users\/1"}],"replies":[{"embeddable":true,"href":"https:\/\/agora.xtec.cat\/ies-rubio-hospitalet\/wp-json\/wp\/v2\/comments?post=4214"}],"version-history":[{"count":6,"href":"https:\/\/agora.xtec.cat\/ies-rubio-hospitalet\/wp-json\/wp\/v2\/pages\/4214\/revisions"}],"predecessor-version":[{"id":11123,"href":"https:\/\/agora.xtec.cat\/ies-rubio-hospitalet\/wp-json\/wp\/v2\/pages\/4214\/revisions\/11123"}],"up":[{"embeddable":true,"href":"https:\/\/agora.xtec.cat\/ies-rubio-hospitalet\/wp-json\/wp\/v2\/pages\/712"}],"wp:attachment":[{"href":"https:\/\/agora.xtec.cat\/ies-rubio-hospitalet\/wp-json\/wp\/v2\/media?parent=4214"}],"curies":[{"name":"wp","href":"https:\/\/api.w.org\/{rel}","templated":true}]}}

<p style="text-align: justify;">El <strong>3r d&#8217;ESO</strong> va iniciar el projecte de Servei Comunitari<strong> GeneracCions</strong>, en col·laboració amb la <a href="https://www.csi.cat/es/residencia-francisco-padilla/" target="_blank" rel="noopener noreferrer"><strong>Residència Francisco Padilla</strong>. </a></p>
<p style="text-align: justify;">El projecte fomenta les relacions intergeneracionals i potencia aspectes com la paciència, el respecte, la solidaritat, l&#8217;empatia i la responsabilitat, enfortint així la competència social i ciutadana del jovent.</p>
<p> </p>
<p> </p>


<figure class="wp-block-image size-large"><a href="https://agora.xtec.cat/ies-rubio-hospitalet/wp-content/uploads/usu1778/2025/06/1743066200281.jpg"><img loading="lazy" decoding="async" width="1024" height="768" src="https://agora.xtec.cat/ies-rubio-hospitalet/wp-content/uploads/usu1778/2025/06/1743066200281-1024x768.jpg" alt="" class="wp-image-11120" srcset="https://agora.xtec.cat/ies-rubio-hospitalet/wp-content/uploads/usu1778/2025/06/1743066200281-1024x768.jpg 1024w, https://agora.xtec.cat/ies-rubio-hospitalet/wp-content/uploads/usu1778/2025/06/1743066200281-300x225.jpg 300w, https://agora.xtec.cat/ies-rubio-hospitalet/wp-content/uploads/usu1778/2025/06/1743066200281-768x576.jpg 768w, https://agora.xtec.cat/ies-rubio-hospitalet/wp-content/uploads/usu1778/2025/06/1743066200281-1536x1152.jpg 1536w, https://agora.xtec.cat/ies-rubio-hospitalet/wp-content/uploads/usu1778/2025/06/1743066200281.jpg 2000w" sizes="auto, (max-width: 1024px) 100vw, 1024px" /></a></figure>

<p>El 3r d&#8217;ESO va iniciar el projecte de Servei Comunitari GeneracCions, en col·laboració amb la Residència Francisco Padilla. El projecte fomenta les relacions intergeneracionals i potencia aspectes com la paciència, el respecte, la solidaritat, l&#8217;empatia i la responsabilitat, enfortint així la competència social i ciutadana del jovent.    </p>
