{"id":4211,"date":"2019-12-22T09:35:27","date_gmt":"2019-12-22T08:35:27","guid":{"rendered":"http:\/\/agora.xtec.cat\/ies-rubio-hospitalet\/?page_id=4211"},"modified":"2025-06-26T10:22:12","modified_gmt":"2025-06-26T08:22:12","slug":"afex-families-en-xarxa","status":"publish","type":"page","link":"https:\/\/agora.xtec.cat\/ies-rubio-hospitalet\/aprenentatge-i-servei\/afex-families-en-xarxa\/","title":{"rendered":"AFEX-Fam\u00edlies en Xarxa"},"content":{"rendered":"<div style=\"text-align: justify;\">El programa AFEX-Fam\u00edlies en Xarxa \u00e9s un projecte d&#8217;Aprenentatge-Servei que implementem a l&#8217;institut gr\u00e0cies a la col\u00b7laboraci\u00f3 de <a href=\"https:\/\/www.casaasia.es\/\" target=\"_blank\" rel=\"noopener noreferrer\"><strong>Casa \u00c0sia<\/strong><\/a>. Aquest projecte va n\u00e9ixer al Canad\u00e0 fa uns anys, i Casa \u00c0sia l&#8217;ha transformat en un projecte molt potent per a centres educatius de Catalunya com el nostre.<\/div>\n<div>\u00a0<\/div>\n\n<p>El projecte consisteix en qu\u00e8 <strong>mares<\/strong> procedents de pa\u00efsos com el Pakistan, l&#8217;\u00cdndia, el Nepal o el Marroc aprenen llengua i\/o inform\u00e0tica amb l&#8217;ajuda dels seus fills i filles, o d&#8217;altres joves voluntaris de l&#8217;institut.<\/p>\n\n<p>\u00a0<\/p>\n\n<p>En aquest sentit, el projecte AFEX aposta per una l\u00ednea de treball en clau de g\u00e8nere, familiar i intercultural que potencia les relacions intergeneracionals, apodera les dones d&#8217;origens culturals diversos i afavoreix l&#8217;apropament de les fam\u00edlies a l&#8217;institut.<\/p>\n\n<div>\u00a0<\/div>\n\n\n<p><\/p>\n","protected":false},"excerpt":{"rendered":"<p>El programa AFEX-Fam\u00edlies en Xarxa \u00e9s un projecte d&#8217;Aprenentatge-Servei que implementem a l&#8217;institut gr\u00e0cies a la col\u00b7laboraci\u00f3 de Casa \u00c0sia. Aquest projecte va n\u00e9ixer al Canad\u00e0 fa uns anys, i Casa \u00c0sia l&#8217;ha transformat en un projecte molt potent per a centres educatius de Catalunya com el nostre. \u00a0 El projecte consisteix en qu\u00e8 mares [&hellip;]<\/p>\n","protected":false},"author":1,"featured_media":0,"parent":712,"menu_order":8,"comment_status":"closed","ping_status":"closed","template":"","meta":{"_bbp_topic_count":0,"_bbp_reply_count":0,"_bbp_total_topic_count":0,"_bbp_total_reply_count":0,"_bbp_voice_count":0,"_bbp_anonymous_reply_count":0,"_bbp_topic_count_hidden":0,"_bbp_reply_count_hidden":0,"_bbp_forum_subforum_count":0,"site-sidebar-layout":"default","site-content-layout":"","ast-site-content-layout":"default","site-content-style":"default","site-sidebar-style":"default","ast-global-header-display":"","ast-banner-title-visibility":"","ast-main-header-display":"","ast-hfb-above-header-display":"","ast-hfb-below-header-display":"","ast-hfb-mobile-header-display":"","site-post-title":"","ast-breadcrumbs-content":"","ast-featured-img":"","footer-sml-layout":"","theme-transparent-header-meta":"","adv-header-id-meta":"","stick-header-meta":"","header-above-stick-meta":"","header-main-stick-meta":"","header-below-stick-meta":"","astra-migrate-meta-layouts":"set","ast-page-background-enabled":"default","ast-page-background-meta":{"desktop":{"background-color":"var(--ast-global-color-4)","background-image":"","background-repeat":"repeat","background-position":"center center","background-size":"auto","background-attachment":"scroll","background-type":"","background-media":"","overlay-type":"","overlay-color":"","overlay-opacity":"","overlay-gradient":""},"tablet":{"background-color":"","background-image":"","background-repeat":"repeat","background-position":"center center","background-size":"auto","background-attachment":"scroll","background-type":"","background-media":"","overlay-type":"","overlay-color":"","overlay-opacity":"","overlay-gradient":""},"mobile":{"background-color":"","background-image":"","background-repeat":"repeat","background-position":"center center","background-size":"auto","background-attachment":"scroll","background-type":"","background-media":"","overlay-type":"","overlay-color":"","overlay-opacity":"","overlay-gradient":""}},"ast-content-background-meta":{"desktop":{"background-color":"var(--ast-global-color-5)","background-image":"","background-repeat":"repeat","background-position":"center center","background-size":"auto","background-attachment":"scroll","background-type":"","background-media":"","overlay-type":"","overlay-color":"","overlay-opacity":"","overlay-gradient":""},"tablet":{"background-color":"var(--ast-global-color-5)","background-image":"","background-repeat":"repeat","background-position":"center center","background-size":"auto","background-attachment":"scroll","background-type":"","background-media":"","overlay-type":"","overlay-color":"","overlay-opacity":"","overlay-gradient":""},"mobile":{"background-color":"var(--ast-global-color-5)","background-image":"","background-repeat":"repeat","background-position":"center center","background-size":"auto","background-attachment":"scroll","background-type":"","background-media":"","overlay-type":"","overlay-color":"","overlay-opacity":"","overlay-gradient":""}},"footnotes":""},"class_list":["post-4211","page","type-page","status-publish","hentry"],"post_mailing_queue_ids":[],"_links":{"self":[{"href":"https:\/\/agora.xtec.cat\/ies-rubio-hospitalet\/wp-json\/wp\/v2\/pages\/4211","targetHints":{"allow":["GET"]}}],"collection":[{"href":"https:\/\/agora.xtec.cat\/ies-rubio-hospitalet\/wp-json\/wp\/v2\/pages"}],"about":[{"href":"https:\/\/agora.xtec.cat\/ies-rubio-hospitalet\/wp-json\/wp\/v2\/types\/page"}],"author":[{"embeddable":true,"href":"https:\/\/agora.xtec.cat\/ies-rubio-hospitalet\/wp-json\/wp\/v2\/users\/1"}],"replies":[{"embeddable":true,"href":"https:\/\/agora.xtec.cat\/ies-rubio-hospitalet\/wp-json\/wp\/v2\/comments?post=4211"}],"version-history":[{"count":6,"href":"https:\/\/agora.xtec.cat\/ies-rubio-hospitalet\/wp-json\/wp\/v2\/pages\/4211\/revisions"}],"predecessor-version":[{"id":11119,"href":"https:\/\/agora.xtec.cat\/ies-rubio-hospitalet\/wp-json\/wp\/v2\/pages\/4211\/revisions\/11119"}],"up":[{"embeddable":true,"href":"https:\/\/agora.xtec.cat\/ies-rubio-hospitalet\/wp-json\/wp\/v2\/pages\/712"}],"wp:attachment":[{"href":"https:\/\/agora.xtec.cat\/ies-rubio-hospitalet\/wp-json\/wp\/v2\/media?parent=4211"}],"curies":[{"name":"wp","href":"https:\/\/api.w.org\/{rel}","templated":true}]}}

AFEX-Famílies en Xarxa

<div style="text-align: justify;">El programa AFEX-Famílies en Xarxa és un projecte d&#8217;Aprenentatge-Servei que implementem a l&#8217;institut gràcies a la col·laboració de <a href="https://www.casaasia.es/" target="_blank" rel="noopener noreferrer"><strong>Casa Àsia</strong></a>. Aquest projecte va néixer al Canadà fa uns anys, i Casa Àsia l&#8217;ha transformat en un projecte molt potent per a centres educatius de Catalunya com el nostre.</div>
<div> </div>

<p>El projecte consisteix en què <strong>mares</strong> procedents de països com el Pakistan, l&#8217;Índia, el Nepal o el Marroc aprenen llengua i/o informàtica amb l&#8217;ajuda dels seus fills i filles, o d&#8217;altres joves voluntaris de l&#8217;institut.</p>

<p> </p>

<p>En aquest sentit, el projecte AFEX aposta per una línea de treball en clau de gènere, familiar i intercultural que potencia les relacions intergeneracionals, apodera les dones d&#8217;origens culturals diversos i afavoreix l&#8217;apropament de les famílies a l&#8217;institut.</p>

<div> </div>


<p></p>

<p>El programa AFEX-Famílies en Xarxa és un projecte d&#8217;Aprenentatge-Servei que implementem a l&#8217;institut gràcies a la col·laboració de Casa Àsia. Aquest projecte va néixer al Canadà fa uns anys, i Casa Àsia l&#8217;ha transformat en un projecte molt potent per a centres educatius de Catalunya com el nostre.   El projecte consisteix en què mares [&hellip;]</p>
