{"id":11073,"date":"2025-06-25T13:13:02","date_gmt":"2025-06-25T11:13:02","guid":{"rendered":"https:\/\/agora.xtec.cat\/ies-rubio-hospitalet\/?page_id=11073"},"modified":"2026-03-26T13:32:54","modified_gmt":"2026-03-26T12:32:54","slug":"la-veu-del-rubi","status":"publish","type":"page","link":"https:\/\/agora.xtec.cat\/ies-rubio-hospitalet\/la-veu-del-rubi\/","title":{"rendered":"La Veu del Rubi"},"content":{"rendered":"\n<p>La veu del Rubi, que forma part dels projectes de 2n d&#8217;ESO, pret\u00e9n donar veu als alumnes amb la creaci\u00f3 del podcast de l&#8217;Institut, compartint les viv\u00e8ncies i perspectives dels joves amb tota la comunitat. Al llarg del curs, l&#8217;alumnat de 2n elabora tres cap\u00edtols, un per trimestre, on poden explorar temes que els interessen i donar veu a les seves opinions, inquietuds o curiositats.<\/p>\n\n\n\n<p>L&#8217;alumnat, mitjan\u00e7ant el treball cooperatiu, s\u2019encarrega tant de redactar els guions com de gravar els continguts, fet que els permet desenvolupar habilitats comunicatives com la planificaci\u00f3 del discurs, l\u2019expressivitat, la dicci\u00f3 i la capacitat d\u2019adaptar-se al registre oral. A&nbsp;La veu del Rubi, l\u2019alumnat apr\u00e8n a treballar en equip, a comunicar amb claredat i confian\u00e7a i a donar forma a idees pr\u00f2pies compartides.&nbsp;<\/p>\n\n\n\n<p>Les gravacions dels cap\u00edtols les fem a&nbsp;Torre Barrina, on posen a la nostra disposici\u00f3 un estudi de r\u00e0dio professional per donar forma a tot all\u00f2 que treballem a classe!<\/p>\n\n\n\n<p>Clicant a les imatges podeu escoltar els programes d&#8217;aquest any:<\/p>\n\n\n\n<div class=\"wp-block-getwid-tabs\" data-active-tab=\"1\"><ul class=\"wp-block-getwid-tabs__nav-links\"><\/ul>\n<div class=\"wp-block-getwid-tabs__nav-link\"><span class=\"wp-block-getwid-tabs__title-wrapper\"><a href=\"#\"><span class=\"wp-block-getwid-tabs__title\">1r espisodi<\/span><\/a><\/span><\/div><div class=\"wp-block-getwid-tabs__tab-content-wrapper\"><div class=\"wp-block-getwid-tabs__tab-content\">\n<p><\/p>\n\n\n\n<figure class=\"wp-block-image size-large is-resized\"><a href=\"https:\/\/drive.google.com\/file\/d\/1HQm6MG2eofjTkSS1QXrW5griSGwjXk51\/view?usp=sharing\" target=\"_blank\" rel=\" noreferrer noopener\"><img loading=\"lazy\" decoding=\"async\" width=\"1024\" height=\"1024\" src=\"https:\/\/agora.xtec.cat\/ies-rubio-hospitalet\/wp-content\/uploads\/usu1778\/2025\/12\/2A-Cartell1-4-1024x1024.jpg\" alt=\"\" class=\"wp-image-11788\" style=\"width:486px;height:auto\" srcset=\"https:\/\/agora.xtec.cat\/ies-rubio-hospitalet\/wp-content\/uploads\/usu1778\/2025\/12\/2A-Cartell1-4-1024x1024.jpg 1024w, https:\/\/agora.xtec.cat\/ies-rubio-hospitalet\/wp-content\/uploads\/usu1778\/2025\/12\/2A-Cartell1-4-300x300.jpg 300w, https:\/\/agora.xtec.cat\/ies-rubio-hospitalet\/wp-content\/uploads\/usu1778\/2025\/12\/2A-Cartell1-4-150x150.jpg 150w, https:\/\/agora.xtec.cat\/ies-rubio-hospitalet\/wp-content\/uploads\/usu1778\/2025\/12\/2A-Cartell1-4-768x768.jpg 768w, https:\/\/agora.xtec.cat\/ies-rubio-hospitalet\/wp-content\/uploads\/usu1778\/2025\/12\/2A-Cartell1-4-1536x1536.jpg 1536w, https:\/\/agora.xtec.cat\/ies-rubio-hospitalet\/wp-content\/uploads\/usu1778\/2025\/12\/2A-Cartell1-4-2048x2048.jpg 2048w\" sizes=\"auto, (max-width: 1024px) 100vw, 1024px\" \/><\/a><\/figure>\n\n\n\n<div style=\"height:57px\" aria-hidden=\"true\" class=\"wp-block-spacer\"><\/div>\n\n\n\n<figure class=\"wp-block-image size-large is-resized\"><a href=\"https:\/\/drive.google.com\/file\/d\/1WV3DNOmNPTetc66orhQM4TivFV3DZINN\/view?usp=sharing\"><img loading=\"lazy\" decoding=\"async\" width=\"724\" height=\"1024\" src=\"https:\/\/agora.xtec.cat\/ies-rubio-hospitalet\/wp-content\/uploads\/usu1778\/2025\/12\/2B-Cartell1-724x1024.png\" alt=\"\" class=\"wp-image-11795\" style=\"width:442px;height:auto\" srcset=\"https:\/\/agora.xtec.cat\/ies-rubio-hospitalet\/wp-content\/uploads\/usu1778\/2025\/12\/2B-Cartell1-724x1024.png 724w, https:\/\/agora.xtec.cat\/ies-rubio-hospitalet\/wp-content\/uploads\/usu1778\/2025\/12\/2B-Cartell1-212x300.png 212w, https:\/\/agora.xtec.cat\/ies-rubio-hospitalet\/wp-content\/uploads\/usu1778\/2025\/12\/2B-Cartell1-768x1087.png 768w, https:\/\/agora.xtec.cat\/ies-rubio-hospitalet\/wp-content\/uploads\/usu1778\/2025\/12\/2B-Cartell1.png 793w\" sizes=\"auto, (max-width: 724px) 100vw, 724px\" \/><\/a><\/figure>\n\n\n\n<div style=\"height:57px\" aria-hidden=\"true\" class=\"wp-block-spacer\"><\/div>\n\n\n\n<figure class=\"wp-block-image size-large is-resized\"><a href=\"https:\/\/drive.google.com\/file\/d\/18NUNkj_Z0bsFZd7CEZ4D0uYH8y8zVOH2\/view?usp=drive_link\"><img loading=\"lazy\" decoding=\"async\" width=\"1024\" height=\"1024\" src=\"https:\/\/agora.xtec.cat\/ies-rubio-hospitalet\/wp-content\/uploads\/usu1778\/2025\/12\/2C-Cartell1-1024x1024.png\" alt=\"\" class=\"wp-image-11784\" style=\"width:456px;height:auto\" srcset=\"https:\/\/agora.xtec.cat\/ies-rubio-hospitalet\/wp-content\/uploads\/usu1778\/2025\/12\/2C-Cartell1-1024x1024.png 1024w, https:\/\/agora.xtec.cat\/ies-rubio-hospitalet\/wp-content\/uploads\/usu1778\/2025\/12\/2C-Cartell1-300x300.png 300w, https:\/\/agora.xtec.cat\/ies-rubio-hospitalet\/wp-content\/uploads\/usu1778\/2025\/12\/2C-Cartell1-150x150.png 150w, https:\/\/agora.xtec.cat\/ies-rubio-hospitalet\/wp-content\/uploads\/usu1778\/2025\/12\/2C-Cartell1-768x768.png 768w, https:\/\/agora.xtec.cat\/ies-rubio-hospitalet\/wp-content\/uploads\/usu1778\/2025\/12\/2C-Cartell1.png 1125w\" sizes=\"auto, (max-width: 1024px) 100vw, 1024px\" \/><\/a><\/figure>\n\n\n\n<div style=\"height:57px\" aria-hidden=\"true\" class=\"wp-block-spacer\"><\/div>\n\n\n\n<figure class=\"wp-block-image size-large is-resized\"><a href=\"https:\/\/drive.google.com\/file\/d\/1G4nsm0mA83saDFPmbDYy5xI-LMD2IBPf\/view?usp=sharing\"><img loading=\"lazy\" decoding=\"async\" width=\"1024\" height=\"1024\" src=\"https:\/\/agora.xtec.cat\/ies-rubio-hospitalet\/wp-content\/uploads\/usu1778\/2025\/12\/2D-Cartell1-1024x1024.jpg\" alt=\"\" class=\"wp-image-11796\" style=\"width:470px;height:auto\" srcset=\"https:\/\/agora.xtec.cat\/ies-rubio-hospitalet\/wp-content\/uploads\/usu1778\/2025\/12\/2D-Cartell1-1024x1024.jpg 1024w, https:\/\/agora.xtec.cat\/ies-rubio-hospitalet\/wp-content\/uploads\/usu1778\/2025\/12\/2D-Cartell1-300x300.jpg 300w, https:\/\/agora.xtec.cat\/ies-rubio-hospitalet\/wp-content\/uploads\/usu1778\/2025\/12\/2D-Cartell1-150x150.jpg 150w, https:\/\/agora.xtec.cat\/ies-rubio-hospitalet\/wp-content\/uploads\/usu1778\/2025\/12\/2D-Cartell1-768x768.jpg 768w, https:\/\/agora.xtec.cat\/ies-rubio-hospitalet\/wp-content\/uploads\/usu1778\/2025\/12\/2D-Cartell1-1536x1536.jpg 1536w, https:\/\/agora.xtec.cat\/ies-rubio-hospitalet\/wp-content\/uploads\/usu1778\/2025\/12\/2D-Cartell1-2048x2048.jpg 2048w\" sizes=\"auto, (max-width: 1024px) 100vw, 1024px\" \/><\/a><\/figure>\n\n\n\n<div style=\"height:57px\" aria-hidden=\"true\" class=\"wp-block-spacer\"><\/div>\n<\/div><\/div>\n\n\n\n<div class=\"wp-block-getwid-tabs__nav-link\"><span class=\"wp-block-getwid-tabs__title-wrapper\"><a href=\"#\"><span class=\"wp-block-getwid-tabs__title\">2n episodi<\/span><\/a><\/span><\/div><div class=\"wp-block-getwid-tabs__tab-content-wrapper\"><div class=\"wp-block-getwid-tabs__tab-content\">\n<p><\/p>\n\n\n\n<figure class=\"wp-block-image size-large\"><a href=\"https:\/\/drive.google.com\/file\/d\/1ggys7mO0BDnMW4-aOCh_8sD0-kfmeFF7\/view?usp=sharing\" target=\"_blank\" rel=\" noreferrer noopener\"><img loading=\"lazy\" decoding=\"async\" width=\"1024\" height=\"1024\" src=\"https:\/\/agora.xtec.cat\/ies-rubio-hospitalet\/wp-content\/uploads\/usu1778\/2026\/03\/2a-cartell-veurubi-1-1024x1024.png\" alt=\"\" class=\"wp-image-12312\" srcset=\"https:\/\/agora.xtec.cat\/ies-rubio-hospitalet\/wp-content\/uploads\/usu1778\/2026\/03\/2a-cartell-veurubi-1-1024x1024.png 1024w, https:\/\/agora.xtec.cat\/ies-rubio-hospitalet\/wp-content\/uploads\/usu1778\/2026\/03\/2a-cartell-veurubi-1-300x300.png 300w, https:\/\/agora.xtec.cat\/ies-rubio-hospitalet\/wp-content\/uploads\/usu1778\/2026\/03\/2a-cartell-veurubi-1-150x150.png 150w, https:\/\/agora.xtec.cat\/ies-rubio-hospitalet\/wp-content\/uploads\/usu1778\/2026\/03\/2a-cartell-veurubi-1-768x768.png 768w, https:\/\/agora.xtec.cat\/ies-rubio-hospitalet\/wp-content\/uploads\/usu1778\/2026\/03\/2a-cartell-veurubi-1.png 1500w\" sizes=\"auto, (max-width: 1024px) 100vw, 1024px\" \/><\/a><\/figure>\n\n\n\n<div style=\"height:100px\" aria-hidden=\"true\" class=\"wp-block-spacer\"><\/div>\n\n\n\n<figure class=\"wp-block-image size-large\"><a href=\"https:\/\/drive.google.com\/file\/d\/1rdjQVsigUScDDvM3PjjzwonqgMz6lMxn\/view?usp=sharing\" target=\"_blank\" rel=\" noreferrer noopener\"><img loading=\"lazy\" decoding=\"async\" width=\"1024\" height=\"1024\" src=\"https:\/\/agora.xtec.cat\/ies-rubio-hospitalet\/wp-content\/uploads\/usu1778\/2026\/03\/2b-cartell-veurubi-1024x1024.png\" alt=\"\" class=\"wp-image-12313\" srcset=\"https:\/\/agora.xtec.cat\/ies-rubio-hospitalet\/wp-content\/uploads\/usu1778\/2026\/03\/2b-cartell-veurubi-1024x1024.png 1024w, https:\/\/agora.xtec.cat\/ies-rubio-hospitalet\/wp-content\/uploads\/usu1778\/2026\/03\/2b-cartell-veurubi-300x300.png 300w, https:\/\/agora.xtec.cat\/ies-rubio-hospitalet\/wp-content\/uploads\/usu1778\/2026\/03\/2b-cartell-veurubi-150x150.png 150w, https:\/\/agora.xtec.cat\/ies-rubio-hospitalet\/wp-content\/uploads\/usu1778\/2026\/03\/2b-cartell-veurubi-768x768.png 768w, https:\/\/agora.xtec.cat\/ies-rubio-hospitalet\/wp-content\/uploads\/usu1778\/2026\/03\/2b-cartell-veurubi.png 1500w\" sizes=\"auto, (max-width: 1024px) 100vw, 1024px\" \/><\/a><\/figure>\n\n\n\n<div style=\"height:100px\" aria-hidden=\"true\" class=\"wp-block-spacer\"><\/div>\n\n\n\n<div class=\"wp-block-media-text is-stacked-on-mobile\" style=\"grid-template-columns:74% auto\"><figure class=\"wp-block-media-text__media\"><img loading=\"lazy\" decoding=\"async\" width=\"945\" height=\"945\" src=\"https:\/\/agora.xtec.cat\/ies-rubio-hospitalet\/wp-content\/uploads\/usu1778\/2026\/03\/2c-cartell-veurubi-1.jpg\" alt=\"\" class=\"wp-image-12323 size-full\" srcset=\"https:\/\/agora.xtec.cat\/ies-rubio-hospitalet\/wp-content\/uploads\/usu1778\/2026\/03\/2c-cartell-veurubi-1.jpg 945w, https:\/\/agora.xtec.cat\/ies-rubio-hospitalet\/wp-content\/uploads\/usu1778\/2026\/03\/2c-cartell-veurubi-1-300x300.jpg 300w, https:\/\/agora.xtec.cat\/ies-rubio-hospitalet\/wp-content\/uploads\/usu1778\/2026\/03\/2c-cartell-veurubi-1-150x150.jpg 150w, https:\/\/agora.xtec.cat\/ies-rubio-hospitalet\/wp-content\/uploads\/usu1778\/2026\/03\/2c-cartell-veurubi-1-768x768.jpg 768w\" sizes=\"auto, (max-width: 945px) 100vw, 945px\" \/><\/figure><div class=\"wp-block-media-text__content\">\n<p class=\"has-black-color has-text-color has-link-color wp-elements-006ff556f326676534201f2aa7fc1eef\"><strong>Anuncis de 2n C:<\/strong><\/p>\n\n\n\n<ul class=\"wp-block-list\">\n<li class=\"has-vivid-purple-color has-text-color has-link-color wp-elements-2fb0d88311ed4afc9c197904abeb2491\"><a href=\"https:\/\/drive.google.com\/file\/d\/1M17846klY0CsRkN2vmG2FANGMwN8xqob\/view?usp=drive_link\" target=\"_blank\" rel=\"noreferrer noopener\">La gelatina traductora<\/a><\/li>\n\n\n\n<li class=\"has-vivid-purple-color has-text-color has-link-color wp-elements-03f9d789c520ba77277ef6731fd3d6ce\"><a href=\"https:\/\/drive.google.com\/file\/d\/15tYi3N1bdCv0kcsdrDepGZ5s1hnBVsuj\/view?usp=drive_link\" target=\"_blank\" rel=\"noreferrer noopener\">Castewell<\/a> <\/li>\n\n\n\n<li class=\"has-vivid-purple-color has-text-color has-link-color wp-elements-1c7e164c9ff6b485fbf15d3e1475add1\"><a href=\"https:\/\/drive.google.com\/file\/d\/1w3ceo_oXWomsb7q7nsTXyPCw-JqAvwl3\/view?usp=drive_link\" target=\"_blank\" rel=\"noreferrer noopener\">M\u00e0gic-roba<\/a> <\/li>\n\n\n\n<li class=\"has-vivid-purple-color has-text-color has-link-color wp-elements-0eefb6d1f6d7bf88a295464c9b208d47\"><a href=\"https:\/\/drive.google.com\/file\/d\/150YPFRreFjLRJPkZWAzq5t9uP5drTCZ6\/view?usp=drive_link\" target=\"_blank\" rel=\"noreferrer noopener\">Mentsaiki<\/a> <\/li>\n\n\n\n<li class=\"has-vivid-purple-color has-text-color has-link-color wp-elements-26755f2f9a63e26c0b83cf802c4dfb47\"><a href=\"https:\/\/drive.google.com\/file\/d\/156HTNIDYeq-9OuppVfnUXBuGvHCJB_NW\/view?usp=drive_link\" target=\"_blank\" rel=\"noreferrer noopener\">Bambes boom<\/a><\/li>\n<\/ul>\n<\/div><\/div>\n\n\n\n<div style=\"height:100px\" aria-hidden=\"true\" class=\"wp-block-spacer\"><\/div>\n\n\n\n<figure class=\"wp-block-image size-full\"><a href=\"https:\/\/drive.google.com\/file\/d\/1o7IK8iRKiRDFBQplsc8ZZ9SmA8HINV4e\/view?usp=sharing\" target=\"_blank\" rel=\" noreferrer noopener\"><img loading=\"lazy\" decoding=\"async\" width=\"945\" height=\"945\" src=\"https:\/\/agora.xtec.cat\/ies-rubio-hospitalet\/wp-content\/uploads\/usu1778\/2026\/03\/2d-cartell-veurubi.png\" alt=\"\" class=\"wp-image-12315\" srcset=\"https:\/\/agora.xtec.cat\/ies-rubio-hospitalet\/wp-content\/uploads\/usu1778\/2026\/03\/2d-cartell-veurubi.png 945w, https:\/\/agora.xtec.cat\/ies-rubio-hospitalet\/wp-content\/uploads\/usu1778\/2026\/03\/2d-cartell-veurubi-300x300.png 300w, https:\/\/agora.xtec.cat\/ies-rubio-hospitalet\/wp-content\/uploads\/usu1778\/2026\/03\/2d-cartell-veurubi-150x150.png 150w, https:\/\/agora.xtec.cat\/ies-rubio-hospitalet\/wp-content\/uploads\/usu1778\/2026\/03\/2d-cartell-veurubi-768x768.png 768w\" sizes=\"auto, (max-width: 945px) 100vw, 945px\" \/><\/a><\/figure>\n<\/div><\/div>\n\n\n\n<div class=\"wp-block-getwid-tabs__nav-link\"><span class=\"wp-block-getwid-tabs__title-wrapper\"><a href=\"#\"><span class=\"wp-block-getwid-tabs__title\">3r episodi<\/span><\/a><\/span><\/div><div class=\"wp-block-getwid-tabs__tab-content-wrapper\"><div class=\"wp-block-getwid-tabs__tab-content\">\n<p><\/p>\n<\/div><\/div>\n<\/div>\n\n\n\n<div class=\"wp-block-getwid-accordion has-icon-left\" data-active-element=\"none\">\n<div class=\"wp-block-getwid-accordion__header-wrapper\"><span class=\"wp-block-getwid-accordion__header\"><a href=\"#\"><span class=\"wp-block-getwid-accordion__header-title\">Programes curs 24-25<\/span><span class=\"wp-block-getwid-accordion__icon is-active\"><i class=\"fas fa-plus\"><\/i><\/span><span class=\"wp-block-getwid-accordion__icon is-passive\"><i class=\"fas fa-minus\"><\/i><\/span><\/a><\/span><\/div><div class=\"wp-block-getwid-accordion__content-wrapper\"><div class=\"wp-block-getwid-accordion__content\">\n<p>Aqu\u00ed podeu escoltar els p\u00f2dcasts del curs 2024-2025:<\/p>\n\n\n\n<figure class=\"wp-block-image size-full\"><a href=\"https:\/\/drive.google.com\/file\/d\/1Xns48tdy_EwJbCq4dFB-vjIStWJVBh7D\/view?usp=sharing\" target=\"_blank\" rel=\" \"><img loading=\"lazy\" decoding=\"async\" width=\"817\" height=\"822\" src=\"https:\/\/agora.xtec.cat\/ies-rubio-hospitalet\/wp-content\/uploads\/usu1778\/2025\/06\/IMG-20250331-WA0017-1.jpg\" alt=\"\" class=\"wp-image-11075\" srcset=\"https:\/\/agora.xtec.cat\/ies-rubio-hospitalet\/wp-content\/uploads\/usu1778\/2025\/06\/IMG-20250331-WA0017-1.jpg 817w, https:\/\/agora.xtec.cat\/ies-rubio-hospitalet\/wp-content\/uploads\/usu1778\/2025\/06\/IMG-20250331-WA0017-1-298x300.jpg 298w, https:\/\/agora.xtec.cat\/ies-rubio-hospitalet\/wp-content\/uploads\/usu1778\/2025\/06\/IMG-20250331-WA0017-1-150x150.jpg 150w, https:\/\/agora.xtec.cat\/ies-rubio-hospitalet\/wp-content\/uploads\/usu1778\/2025\/06\/IMG-20250331-WA0017-1-768x773.jpg 768w\" sizes=\"auto, (max-width: 817px) 100vw, 817px\" \/><\/a><\/figure>\n\n\n\n<figure class=\"wp-block-image size-large\"><a href=\"https:\/\/drive.google.com\/file\/d\/1qjQly7r7uJzgrA2bbI4YiKQ1VRiOAsGO\/view?usp=sharing\"><img loading=\"lazy\" decoding=\"async\" width=\"1024\" height=\"1024\" src=\"https:\/\/agora.xtec.cat\/ies-rubio-hospitalet\/wp-content\/uploads\/usu1778\/2025\/06\/1743488541740-1024x1024.jpg\" alt=\"\" class=\"wp-image-11141\" srcset=\"https:\/\/agora.xtec.cat\/ies-rubio-hospitalet\/wp-content\/uploads\/usu1778\/2025\/06\/1743488541740-1024x1024.jpg 1024w, https:\/\/agora.xtec.cat\/ies-rubio-hospitalet\/wp-content\/uploads\/usu1778\/2025\/06\/1743488541740-300x300.jpg 300w, https:\/\/agora.xtec.cat\/ies-rubio-hospitalet\/wp-content\/uploads\/usu1778\/2025\/06\/1743488541740-150x150.jpg 150w, https:\/\/agora.xtec.cat\/ies-rubio-hospitalet\/wp-content\/uploads\/usu1778\/2025\/06\/1743488541740-768x768.jpg 768w, https:\/\/agora.xtec.cat\/ies-rubio-hospitalet\/wp-content\/uploads\/usu1778\/2025\/06\/1743488541740.jpg 1080w\" sizes=\"auto, (max-width: 1024px) 100vw, 1024px\" \/><\/a><\/figure>\n\n\n\n<figure class=\"wp-block-image size-full\"><a href=\"https:\/\/drive.google.com\/file\/d\/1YsLbbmal2JyZuzJCIxu_w5NtVd2raS5u\/view?usp=sharing\"><img loading=\"lazy\" decoding=\"async\" width=\"907\" height=\"886\" src=\"https:\/\/agora.xtec.cat\/ies-rubio-hospitalet\/wp-content\/uploads\/usu1778\/2025\/06\/Portada.png\" alt=\"\" class=\"wp-image-11142\" srcset=\"https:\/\/agora.xtec.cat\/ies-rubio-hospitalet\/wp-content\/uploads\/usu1778\/2025\/06\/Portada.png 907w, https:\/\/agora.xtec.cat\/ies-rubio-hospitalet\/wp-content\/uploads\/usu1778\/2025\/06\/Portada-300x293.png 300w, https:\/\/agora.xtec.cat\/ies-rubio-hospitalet\/wp-content\/uploads\/usu1778\/2025\/06\/Portada-768x750.png 768w\" sizes=\"auto, (max-width: 907px) 100vw, 907px\" \/><\/a><\/figure>\n<\/div><\/div>\n<\/div>\n\n\n\n<p><\/p>\n","protected":false},"excerpt":{"rendered":"<p>La veu del Rubi, que forma part dels projectes de 2n d&#8217;ESO, pret\u00e9n donar veu als alumnes amb la creaci\u00f3 del podcast de l&#8217;Institut, compartint les viv\u00e8ncies i perspectives dels joves amb tota la comunitat. Al llarg del curs, l&#8217;alumnat de 2n elabora tres cap\u00edtols, un per trimestre, on poden explorar temes que els interessen [&hellip;]<\/p>\n","protected":false},"author":1,"featured_media":0,"parent":0,"menu_order":0,"comment_status":"closed","ping_status":"closed","template":"","meta":{"_bbp_topic_count":0,"_bbp_reply_count":0,"_bbp_total_topic_count":0,"_bbp_total_reply_count":0,"_bbp_voice_count":0,"_bbp_anonymous_reply_count":0,"_bbp_topic_count_hidden":0,"_bbp_reply_count_hidden":0,"_bbp_forum_subforum_count":0,"site-sidebar-layout":"default","site-content-layout":"","ast-site-content-layout":"default","site-content-style":"default","site-sidebar-style":"default","ast-global-header-display":"","ast-banner-title-visibility":"","ast-main-header-display":"","ast-hfb-above-header-display":"","ast-hfb-below-header-display":"","ast-hfb-mobile-header-display":"","site-post-title":"","ast-breadcrumbs-content":"","ast-featured-img":"","footer-sml-layout":"","theme-transparent-header-meta":"","adv-header-id-meta":"","stick-header-meta":"","header-above-stick-meta":"","header-main-stick-meta":"","header-below-stick-meta":"","astra-migrate-meta-layouts":"set","ast-page-background-enabled":"default","ast-page-background-meta":{"desktop":{"background-color":"var(--ast-global-color-4)","background-image":"","background-repeat":"repeat","background-position":"center center","background-size":"auto","background-attachment":"scroll","background-type":"","background-media":"","overlay-type":"","overlay-color":"","overlay-opacity":"","overlay-gradient":""},"tablet":{"background-color":"","background-image":"","background-repeat":"repeat","background-position":"center center","background-size":"auto","background-attachment":"scroll","background-type":"","background-media":"","overlay-type":"","overlay-color":"","overlay-opacity":"","overlay-gradient":""},"mobile":{"background-color":"","background-image":"","background-repeat":"repeat","background-position":"center center","background-size":"auto","background-attachment":"scroll","background-type":"","background-media":"","overlay-type":"","overlay-color":"","overlay-opacity":"","overlay-gradient":""}},"ast-content-background-meta":{"desktop":{"background-color":"var(--ast-global-color-5)","background-image":"","background-repeat":"repeat","background-position":"center center","background-size":"auto","background-attachment":"scroll","background-type":"","background-media":"","overlay-type":"","overlay-color":"","overlay-opacity":"","overlay-gradient":""},"tablet":{"background-color":"var(--ast-global-color-5)","background-image":"","background-repeat":"repeat","background-position":"center center","background-size":"auto","background-attachment":"scroll","background-type":"","background-media":"","overlay-type":"","overlay-color":"","overlay-opacity":"","overlay-gradient":""},"mobile":{"background-color":"var(--ast-global-color-5)","background-image":"","background-repeat":"repeat","background-position":"center center","background-size":"auto","background-attachment":"scroll","background-type":"","background-media":"","overlay-type":"","overlay-color":"","overlay-opacity":"","overlay-gradient":""}},"footnotes":""},"class_list":["post-11073","page","type-page","status-publish","hentry"],"post_mailing_queue_ids":[],"_links":{"self":[{"href":"https:\/\/agora.xtec.cat\/ies-rubio-hospitalet\/wp-json\/wp\/v2\/pages\/11073","targetHints":{"allow":["GET"]}}],"collection":[{"href":"https:\/\/agora.xtec.cat\/ies-rubio-hospitalet\/wp-json\/wp\/v2\/pages"}],"about":[{"href":"https:\/\/agora.xtec.cat\/ies-rubio-hospitalet\/wp-json\/wp\/v2\/types\/page"}],"author":[{"embeddable":true,"href":"https:\/\/agora.xtec.cat\/ies-rubio-hospitalet\/wp-json\/wp\/v2\/users\/1"}],"replies":[{"embeddable":true,"href":"https:\/\/agora.xtec.cat\/ies-rubio-hospitalet\/wp-json\/wp\/v2\/comments?post=11073"}],"version-history":[{"count":6,"href":"https:\/\/agora.xtec.cat\/ies-rubio-hospitalet\/wp-json\/wp\/v2\/pages\/11073\/revisions"}],"predecessor-version":[{"id":12329,"href":"https:\/\/agora.xtec.cat\/ies-rubio-hospitalet\/wp-json\/wp\/v2\/pages\/11073\/revisions\/12329"}],"wp:attachment":[{"href":"https:\/\/agora.xtec.cat\/ies-rubio-hospitalet\/wp-json\/wp\/v2\/media?parent=11073"}],"curies":[{"name":"wp","href":"https:\/\/api.w.org\/{rel}","templated":true}]}}