{"id":10989,"date":"2025-06-20T12:00:27","date_gmt":"2025-06-20T10:00:27","guid":{"rendered":"https:\/\/agora.xtec.cat\/ies-rubio-hospitalet\/?page_id=10989"},"modified":"2025-10-21T09:49:10","modified_gmt":"2025-10-21T07:49:10","slug":"eso","status":"publish","type":"page","link":"https:\/\/agora.xtec.cat\/ies-rubio-hospitalet\/oferta-educativa\/eso\/","title":{"rendered":"ESO"},"content":{"rendered":"\n<p style=\"border-style:none;border-width:0px\"><strong>OFERTA EDUCATIVA &#8211; ESO<\/strong><\/p>\n\n\n\n<p style=\"border-style:none;border-width:0px\">A l&#8217;institut oferim l&#8217;Educaci\u00f3 Secund\u00e0ria Obligat\u00f2ria (ESO) completa, de 1r a 4t d&#8217;ESO, amb una atenci\u00f3 personalitzada gr\u00e0cies als grups redu\u00efts. Aquesta estructura ens permet acompanyar millor l&#8217;alumnat, fomentar el seu desenvolupament personal i garantir una experi\u00e8ncia educativa de qualitat.<\/p>\n\n\n\n<p style=\"border-style:none;border-width:0px\"><strong>GRUPS REDU\u00cfTS<\/strong><\/p>\n\n\n\n<p style=\"border-style:none;border-width:0px\">Treballem amb grups redu\u00efts a tots els nivells de l&#8217;ESO, afavorint una atenci\u00f3 individualitzada, un ambient de treball m\u00e9s tranquil i una relaci\u00f3 m\u00e9s propera entre l&#8217;alumnat i el professorat.<\/p>\n\n\n\n<p style=\"border-style:none;border-width:0px\"><strong>ELS NOSTRES PROJECTES<\/strong><\/p>\n\n\n\n<p style=\"border-style:none;border-width:0px\">Al llarg de la ESO els alumnes treballen les compet\u00e8ncies a trav\u00e9s de les mat\u00e8ries dels diferents \u00e0mbits i amb els nostres tres projectes interdisciplinaris, un en cada curs del primer cicle de l&#8217;ESO:<\/p>\n\n\n\n<p style=\"border-style:none;border-width:0px\">1r d&#8217;ESO: Projecte interdisciplinari que connecta diverses mat\u00e8ries i fomenta el treball cooperatiu.<\/p>\n\n\n\n<p>2n d&#8217;ESO &#8211; Rub\u00ed Report: Projecte de comunicaci\u00f3 local on l&#8217;alumnat crea continguts period\u00edstics sobre temes d&#8217;inter\u00e8s.<\/p>\n\n\n\n<p>3r d&#8217;ESO &#8211; Junior Report: Col\u00b7laboraci\u00f3 amb una redacci\u00f3 escolar professional, amb publicaci\u00f3 d&#8217;articles en mitjans digitals.<\/p>\n\n\n\n<p><strong>LECTURA LLIURE<\/strong><\/p>\n\n\n\n<p>Per fomentar l&#8217;h\u00e0bit lector i el gust per la lectura, a tots els nivells de l&#8217;ESO dediquem mitja hora di\u00e0ria a la lectura lliure. \u00c9s un espai tranquil i personal per endinsar-se en llibres escollits per l&#8217;alumnat o recomanats pel professorat.<\/p>\n\n\n\n<p><strong>SIEI I AULA D&#8217;ACOLLIDA<\/strong><\/p>\n\n\n\n<p>A l\u2019ESO tamb\u00e9 tenim Aula d\u2019Acollida, pensada per acompanyar l\u2019alumnat nouvingut en el proc\u00e9s d\u2019adaptaci\u00f3 ling\u00fc\u00edstica i cultural al centre. A m\u00e9s, disposem del servei SIEI (Suport Intensiu per a l\u2019Escolaritzaci\u00f3 Inclusiva), que proporciona una atenci\u00f3 personalitzada a l\u2019alumnat amb necessitats educatives especials, en un entorn inclusiu i proper.<\/p>\n\n\n\n<p><strong>ASSIGNATURES OPTATIVES A L&#8217;ESO<\/strong><\/p>\n\n\n\n<p><strong>1r d&#8217;ESO<\/strong><\/p>\n\n\n\n<ul class=\"wp-block-list\">\n<li>Educaci\u00f3 afectiva i sexual<\/li>\n\n\n\n<li>Mulla&#8217;t per la salut (activitat f\u00edsica a la piscina)<\/li>\n\n\n\n<li>Paraules i can\u00e7ons<\/li>\n\n\n\n<li>Franc\u00e8s<\/li>\n<\/ul>\n\n\n\n<p><strong>2n d&#8217;ESO<\/strong><\/p>\n\n\n\n<ul class=\"wp-block-list\">\n<li>Esports de raqueta<\/li>\n\n\n\n<li>Rob\u00f2tica<\/li>\n\n\n\n<li>Franc\u00e8s<\/li>\n\n\n\n<li>Mitologia<\/li>\n\n\n\n<li>Words and songs<\/li>\n<\/ul>\n\n\n\n<p><strong>3r d&#8217;ESO<\/strong><\/p>\n\n\n\n<ul class=\"wp-block-list\">\n<li>Emprenedoria<\/li>\n\n\n\n<li>Expressi\u00f3 art\u00edstica<\/li>\n\n\n\n<li>Franc\u00e8s<\/li>\n\n\n\n<li>Cultura cl\u00e0ssica<\/li>\n<\/ul>\n\n\n\n<p><strong>4t d&#8217;ESO<\/strong><\/p>\n\n\n\n<ul class=\"wp-block-list\">\n<li>Biologia i geologia<\/li>\n\n\n\n<li>Digitalitzaci\u00f3<\/li>\n\n\n\n<li>Economia b\u00e0sica<\/li>\n\n\n\n<li>Expressi\u00f3 art\u00edstica<\/li>\n\n\n\n<li>Filosofia<\/li>\n\n\n\n<li>F\u00edsica i qu\u00edmica<\/li>\n\n\n\n<li>Llat\u00ed: Llengua i cultura<\/li>\n\n\n\n<li>M\u00fasica<\/li>\n\n\n\n<li>Tecnologia<\/li>\n\n\n\n<li>Franc\u00e8s<\/li>\n\n\n\n<li>Esport i salut<\/li>\n\n\n\n<li>Expressi\u00f3 Art\u00edstica<\/li>\n\n\n\n<li>FOL<\/li>\n<\/ul>\n","protected":false},"excerpt":{"rendered":"<p>OFERTA EDUCATIVA &#8211; ESO A l&#8217;institut oferim l&#8217;Educaci\u00f3 Secund\u00e0ria Obligat\u00f2ria (ESO) completa, de 1r a 4t d&#8217;ESO, amb una atenci\u00f3 personalitzada gr\u00e0cies als grups redu\u00efts. Aquesta estructura ens permet acompanyar millor l&#8217;alumnat, fomentar el seu desenvolupament personal i garantir una experi\u00e8ncia educativa de qualitat. GRUPS REDU\u00cfTS Treballem amb grups redu\u00efts a tots els nivells de [&hellip;]<\/p>\n","protected":false},"author":1,"featured_media":0,"parent":57,"menu_order":1,"comment_status":"closed","ping_status":"closed","template":"","meta":{"_bbp_topic_count":0,"_bbp_reply_count":0,"_bbp_total_topic_count":0,"_bbp_total_reply_count":0,"_bbp_voice_count":0,"_bbp_anonymous_reply_count":0,"_bbp_topic_count_hidden":0,"_bbp_reply_count_hidden":0,"_bbp_forum_subforum_count":0,"site-sidebar-layout":"default","site-content-layout":"","ast-site-content-layout":"default","site-content-style":"default","site-sidebar-style":"default","ast-global-header-display":"","ast-banner-title-visibility":"","ast-main-header-display":"","ast-hfb-above-header-display":"","ast-hfb-below-header-display":"","ast-hfb-mobile-header-display":"","site-post-title":"","ast-breadcrumbs-content":"","ast-featured-img":"","footer-sml-layout":"","theme-transparent-header-meta":"","adv-header-id-meta":"","stick-header-meta":"","header-above-stick-meta":"","header-main-stick-meta":"","header-below-stick-meta":"","astra-migrate-meta-layouts":"set","ast-page-background-enabled":"default","ast-page-background-meta":{"desktop":{"background-color":"var(--ast-global-color-4)","background-image":"","background-repeat":"repeat","background-position":"center center","background-size":"auto","background-attachment":"scroll","background-type":"","background-media":"","overlay-type":"","overlay-color":"","overlay-opacity":"","overlay-gradient":""},"tablet":{"background-color":"","background-image":"","background-repeat":"repeat","background-position":"center center","background-size":"auto","background-attachment":"scroll","background-type":"","background-media":"","overlay-type":"","overlay-color":"","overlay-opacity":"","overlay-gradient":""},"mobile":{"background-color":"","background-image":"","background-repeat":"repeat","background-position":"center center","background-size":"auto","background-attachment":"scroll","background-type":"","background-media":"","overlay-type":"","overlay-color":"","overlay-opacity":"","overlay-gradient":""}},"ast-content-background-meta":{"desktop":{"background-color":"var(--ast-global-color-5)","background-image":"","background-repeat":"repeat","background-position":"center center","background-size":"auto","background-attachment":"scroll","background-type":"","background-media":"","overlay-type":"","overlay-color":"","overlay-opacity":"","overlay-gradient":""},"tablet":{"background-color":"var(--ast-global-color-5)","background-image":"","background-repeat":"repeat","background-position":"center center","background-size":"auto","background-attachment":"scroll","background-type":"","background-media":"","overlay-type":"","overlay-color":"","overlay-opacity":"","overlay-gradient":""},"mobile":{"background-color":"var(--ast-global-color-5)","background-image":"","background-repeat":"repeat","background-position":"center center","background-size":"auto","background-attachment":"scroll","background-type":"","background-media":"","overlay-type":"","overlay-color":"","overlay-opacity":"","overlay-gradient":""}},"footnotes":""},"class_list":["post-10989","page","type-page","status-publish","hentry"],"post_mailing_queue_ids":[],"_links":{"self":[{"href":"https:\/\/agora.xtec.cat\/ies-rubio-hospitalet\/wp-json\/wp\/v2\/pages\/10989","targetHints":{"allow":["GET"]}}],"collection":[{"href":"https:\/\/agora.xtec.cat\/ies-rubio-hospitalet\/wp-json\/wp\/v2\/pages"}],"about":[{"href":"https:\/\/agora.xtec.cat\/ies-rubio-hospitalet\/wp-json\/wp\/v2\/types\/page"}],"author":[{"embeddable":true,"href":"https:\/\/agora.xtec.cat\/ies-rubio-hospitalet\/wp-json\/wp\/v2\/users\/1"}],"replies":[{"embeddable":true,"href":"https:\/\/agora.xtec.cat\/ies-rubio-hospitalet\/wp-json\/wp\/v2\/comments?post=10989"}],"version-history":[{"count":6,"href":"https:\/\/agora.xtec.cat\/ies-rubio-hospitalet\/wp-json\/wp\/v2\/pages\/10989\/revisions"}],"predecessor-version":[{"id":11565,"href":"https:\/\/agora.xtec.cat\/ies-rubio-hospitalet\/wp-json\/wp\/v2\/pages\/10989\/revisions\/11565"}],"up":[{"embeddable":true,"href":"https:\/\/agora.xtec.cat\/ies-rubio-hospitalet\/wp-json\/wp\/v2\/pages\/57"}],"wp:attachment":[{"href":"https:\/\/agora.xtec.cat\/ies-rubio-hospitalet\/wp-json\/wp\/v2\/media?parent=10989"}],"curies":[{"name":"wp","href":"https:\/\/api.w.org\/{rel}","templated":true}]}}