{"id":953,"date":"2020-05-18T00:15:14","date_gmt":"2020-05-17T22:15:14","guid":{"rendered":"http:\/\/agora.xtec.cat\/ies-ribera-del-sio\/?page_id=953"},"modified":"2026-07-20T08:41:17","modified_gmt":"2026-07-20T06:41:17","slug":"contacte","status":"publish","type":"page","link":"https:\/\/agora.xtec.cat\/ies-ribera-del-sio\/ampa\/contacte\/","title":{"rendered":"Informaci\u00f3 i Contacte"},"content":{"rendered":"\n<h2 class=\"wp-block-heading has-medium-font-size\">Qu\u00e8 \u00e9s l\u2019AFA?<\/h2>\n\n\n\n<p>L\u2019AFA \u00e9s l\u2019Associaci\u00f3 de Fam\u00edlies d\u2019Alumnes de l\u2019institut. Est\u00e0 formada per mares, pares i familiars de l\u2019alumnat que volen participar activament en la vida del centre i col\u00b7laborar per millorar l\u2019experi\u00e8ncia educativa dels nois i noies.<\/p>\n\n\n\n<p>La seva funci\u00f3 principal \u00e9s representar les fam\u00edlies, recollir les seves propostes, dubtes i necessitats, i mantenir una comunicaci\u00f3 propera amb l\u2019equip directiu i el professorat.<\/p>\n\n\n\n<p>L\u2019AFA tamb\u00e9 pot organitzar activitats, xerrades, tallers, celebracions i altres iniciatives relacionades amb l\u2019educaci\u00f3, la conviv\u00e8ncia i el benestar de l\u2019alumnat.<\/p>\n\n\n\n<p>Formar part de l\u2019AFA \u00e9s una manera de con\u00e8ixer millor el funcionament de l\u2019institut, participar en les decisions que afecten les fam\u00edlies i contribuir a crear una comunitat educativa m\u00e9s unida.<\/p>\n\n\n\n<p>La participaci\u00f3 de totes les fam\u00edlies \u00e9s important. Entre tots i totes podem ajudar a construir un institut millor.<\/p>\n\n\n\n<p>L\u2019AFA del centre ha preparat aquest d\u00edptic per explicar qu\u00e8 fa i per qu\u00e8 \u00e9s important formar-ne part.<br>Hi trobareu les activitats i col\u00b7laboracions que organitza en benefici de l\u2019alumnat i les fam\u00edlies.<br>Tamb\u00e9 hi apareixen les dades de contacte i la butlleta per inscriure-s\u2019hi.<br>Us animem a llegir-lo i a formar part activa de la nostra associaci\u00f3!<\/p>\n\n\n\n<p><a href=\"https:\/\/drive.google.com\/file\/d\/1U0J3TH-K1sArj0temcluoG0RcXcjkIHQ\/view?usp=sharing\">D\u00edptic AFA 2026<\/a><\/p>\n\n\n<h6><img loading=\"lazy\" decoding=\"async\" class=\"\" src=\"https:\/\/img.icons8.com\/emoji\/1200\/e-mail.jpg\" alt=\"Icono emoji de correo electr\u00f3nico en PNG, SVG\" width=\"63\" height=\"63\" \/> ampariberadelsio@gmail.com<\/h6>\n<p><img loading=\"lazy\" decoding=\"async\" class=\"\" src=\"https:\/\/img.magnific.com\/vector-premium\/icono-telefono-boton-miniatura_24911-30424.jpg?semt=ais_hybrid&amp;w=740&amp;q=80\" alt=\"Im\u00e1genes de Logo telefono png - Descarga gratuita en Magnific (antes  Freepik)\" width=\"62\" height=\"62\" \/>656 68 58 50<\/p>\n<p>\u00a0<a href=\"https:\/\/www.instagram.com\/afariberadelsio\/\" target=\"_blank\" rel=\"noopener noreferrer\"><img loading=\"lazy\" decoding=\"async\" class=\"\" src=\"https:\/\/upload.wikimedia.org\/wikipedia\/commons\/9\/95\/Instagram_logo_2022.svg\" alt=\"Archivo:Instagram logo 2022.svg - Wikipedia, la enciclopedia ...\" width=\"45\" height=\"45\" \/><\/a> \u00a0 <a href=\"https:\/\/www.instagram.com\/afariberadelsio\/\">Instagram de l&#8217;AFA<\/a><\/p>\n<p><img loading=\"lazy\" decoding=\"async\" class=\"\" src=\"https:\/\/img.magnific.com\/vector-premium\/icono-redondo-aplicacion-whatsapp-mensajero-popular-logotipo-redes-sociales_277909-873.jpg?semt=ais_hybrid&amp;w=740&amp;q=80\" alt=\"Vectores de Logo whatsapp - Descarga vectores gratis de gran ...\" width=\"53\" height=\"53\" \/><em>Grup de difusi\u00f3 de whatsapp:\u00a0 <\/em>informaci\u00f3 i dubtes que puguin haver-hi.<\/p>\n<p>Per a formar-ne part, enviar un missatge al 656 68 58 50 amb el nom de l&#8217;alumne\/ i desar el n\u00famero als contactes<\/p>\n\n\n<p><\/p>\n","protected":false},"excerpt":{"rendered":"<p>Qu\u00e8 \u00e9s l\u2019AFA? L\u2019AFA \u00e9s l\u2019Associaci\u00f3 de Fam\u00edlies d\u2019Alumnes de l\u2019institut. Est\u00e0 formada per mares, pares i familiars de l\u2019alumnat que volen participar activament en la vida del centre i col\u00b7laborar per millorar l\u2019experi\u00e8ncia educativa dels nois i noies. La seva funci\u00f3 principal \u00e9s representar les fam\u00edlies, recollir les seves propostes, dubtes i necessitats, i [&hellip;]<\/p>\n","protected":false},"author":1,"featured_media":0,"parent":951,"menu_order":10,"comment_status":"closed","ping_status":"closed","template":"","meta":{"site-sidebar-layout":"default","site-content-layout":"","ast-site-content-layout":"default","site-content-style":"default","site-sidebar-style":"default","ast-global-header-display":"","ast-banner-title-visibility":"","ast-main-header-display":"","ast-hfb-above-header-display":"","ast-hfb-below-header-display":"","ast-hfb-mobile-header-display":"","site-post-title":"","ast-breadcrumbs-content":"","ast-featured-img":"","footer-sml-layout":"","theme-transparent-header-meta":"","adv-header-id-meta":"","stick-header-meta":"","header-above-stick-meta":"","header-main-stick-meta":"","header-below-stick-meta":"","astra-migrate-meta-layouts":"set","ast-page-background-enabled":"default","ast-page-background-meta":{"desktop":{"background-color":"var(--ast-global-color-4)","background-image":"","background-repeat":"repeat","background-position":"center center","background-size":"auto","background-attachment":"scroll","background-type":"","background-media":"","overlay-type":"","overlay-color":"","overlay-opacity":"","overlay-gradient":""},"tablet":{"background-color":"","background-image":"","background-repeat":"repeat","background-position":"center center","background-size":"auto","background-attachment":"scroll","background-type":"","background-media":"","overlay-type":"","overlay-color":"","overlay-opacity":"","overlay-gradient":""},"mobile":{"background-color":"","background-image":"","background-repeat":"repeat","background-position":"center center","background-size":"auto","background-attachment":"scroll","background-type":"","background-media":"","overlay-type":"","overlay-color":"","overlay-opacity":"","overlay-gradient":""}},"ast-content-background-meta":{"desktop":{"background-color":"var(--ast-global-color-5)","background-image":"","background-repeat":"repeat","background-position":"center center","background-size":"auto","background-attachment":"scroll","background-type":"","background-media":"","overlay-type":"","overlay-color":"","overlay-opacity":"","overlay-gradient":""},"tablet":{"background-color":"var(--ast-global-color-5)","background-image":"","background-repeat":"repeat","background-position":"center center","background-size":"auto","background-attachment":"scroll","background-type":"","background-media":"","overlay-type":"","overlay-color":"","overlay-opacity":"","overlay-gradient":""},"mobile":{"background-color":"var(--ast-global-color-5)","background-image":"","background-repeat":"repeat","background-position":"center center","background-size":"auto","background-attachment":"scroll","background-type":"","background-media":"","overlay-type":"","overlay-color":"","overlay-opacity":"","overlay-gradient":""}},"footnotes":""},"class_list":["post-953","page","type-page","status-publish","hentry"],"post_mailing_queue_ids":[],"_links":{"self":[{"href":"https:\/\/agora.xtec.cat\/ies-ribera-del-sio\/wp-json\/wp\/v2\/pages\/953","targetHints":{"allow":["GET"]}}],"collection":[{"href":"https:\/\/agora.xtec.cat\/ies-ribera-del-sio\/wp-json\/wp\/v2\/pages"}],"about":[{"href":"https:\/\/agora.xtec.cat\/ies-ribera-del-sio\/wp-json\/wp\/v2\/types\/page"}],"author":[{"embeddable":true,"href":"https:\/\/agora.xtec.cat\/ies-ribera-del-sio\/wp-json\/wp\/v2\/users\/1"}],"replies":[{"embeddable":true,"href":"https:\/\/agora.xtec.cat\/ies-ribera-del-sio\/wp-json\/wp\/v2\/comments?post=953"}],"version-history":[{"count":5,"href":"https:\/\/agora.xtec.cat\/ies-ribera-del-sio\/wp-json\/wp\/v2\/pages\/953\/revisions"}],"predecessor-version":[{"id":4756,"href":"https:\/\/agora.xtec.cat\/ies-ribera-del-sio\/wp-json\/wp\/v2\/pages\/953\/revisions\/4756"}],"up":[{"embeddable":true,"href":"https:\/\/agora.xtec.cat\/ies-ribera-del-sio\/wp-json\/wp\/v2\/pages\/951"}],"wp:attachment":[{"href":"https:\/\/agora.xtec.cat\/ies-ribera-del-sio\/wp-json\/wp\/v2\/media?parent=953"}],"curies":[{"name":"wp","href":"https:\/\/api.w.org\/{rel}","templated":true}]}}

Informació i Contacte

<h2 class="wp-block-heading has-medium-font-size">Què és l’AFA?</h2>



<p>L’AFA és l’Associació de Famílies d’Alumnes de l’institut. Està formada per mares, pares i familiars de l’alumnat que volen participar activament en la vida del centre i col·laborar per millorar l’experiència educativa dels nois i noies.</p>



<p>La seva funció principal és representar les famílies, recollir les seves propostes, dubtes i necessitats, i mantenir una comunicació propera amb l’equip directiu i el professorat.</p>



<p>L’AFA també pot organitzar activitats, xerrades, tallers, celebracions i altres iniciatives relacionades amb l’educació, la convivència i el benestar de l’alumnat.</p>



<p>Formar part de l’AFA és una manera de conèixer millor el funcionament de l’institut, participar en les decisions que afecten les famílies i contribuir a crear una comunitat educativa més unida.</p>



<p>La participació de totes les famílies és important. Entre tots i totes podem ajudar a construir un institut millor.</p>



<p>L’AFA del centre ha preparat aquest díptic per explicar què fa i per què és important formar-ne part.<br>Hi trobareu les activitats i col·laboracions que organitza en benefici de l’alumnat i les famílies.<br>També hi apareixen les dades de contacte i la butlleta per inscriure-s’hi.<br>Us animem a llegir-lo i a formar part activa de la nostra associació!</p>



<p><a href="https://drive.google.com/file/d/1U0J3TH-K1sArj0temcluoG0RcXcjkIHQ/view?usp=sharing">Díptic AFA 2026</a></p>


<h6><img loading="lazy" decoding="async" class="" src="https://img.icons8.com/emoji/1200/e-mail.jpg" alt="Icono emoji de correo electrónico en PNG, SVG" width="63" height="63" /> ampariberadelsio@gmail.com</h6>
<p><img loading="lazy" decoding="async" class="" src="https://img.magnific.com/vector-premium/icono-telefono-boton-miniatura_24911-30424.jpg?semt=ais_hybrid&amp;w=740&amp;q=80" alt="Imágenes de Logo telefono png - Descarga gratuita en Magnific (antes  Freepik)" width="62" height="62" />656 68 58 50</p>
<p> <a href="https://www.instagram.com/afariberadelsio/" target="_blank" rel="noopener noreferrer"><img loading="lazy" decoding="async" class="" src="https://upload.wikimedia.org/wikipedia/commons/9/95/Instagram_logo_2022.svg" alt="Archivo:Instagram logo 2022.svg - Wikipedia, la enciclopedia ..." width="45" height="45" /></a>   <a href="https://www.instagram.com/afariberadelsio/">Instagram de l&#8217;AFA</a></p>
<p><img loading="lazy" decoding="async" class="" src="https://img.magnific.com/vector-premium/icono-redondo-aplicacion-whatsapp-mensajero-popular-logotipo-redes-sociales_277909-873.jpg?semt=ais_hybrid&amp;w=740&amp;q=80" alt="Vectores de Logo whatsapp - Descarga vectores gratis de gran ..." width="53" height="53" /><em>Grup de difusió de whatsapp:  </em>informació i dubtes que puguin haver-hi.</p>
<p>Per a formar-ne part, enviar un missatge al 656 68 58 50 amb el nom de l&#8217;alumne/ i desar el número als contactes</p>


<p></p>

<p>Què és l’AFA? L’AFA és l’Associació de Famílies d’Alumnes de l’institut. Està formada per mares, pares i familiars de l’alumnat que volen participar activament en la vida del centre i col·laborar per millorar l’experiència educativa dels nois i noies. La seva funció principal és representar les famílies, recollir les seves propostes, dubtes i necessitats, i [&hellip;]</p>
