{"id":673,"date":"2019-10-15T19:52:30","date_gmt":"2019-10-15T17:52:30","guid":{"rendered":"http:\/\/agora.xtec.cat\/ies-ribera-del-sio\/?page_id=673"},"modified":"2025-09-12T09:30:32","modified_gmt":"2025-09-12T07:30:32","slug":"equip","status":"publish","type":"page","link":"https:\/\/agora.xtec.cat\/ies-ribera-del-sio\/linstitut\/equip\/","title":{"rendered":"Equip hum\u00e0"},"content":{"rendered":"<h5>Equip directiu:<\/h5>\n<ul>\n<li><b>Director: <\/b>Jordi Pijuan<\/li>\n<li><strong>Cap d&#8217;Estudis:<\/strong> Gemma Badia<\/li>\n<li><strong>Secretari:\u00a0<\/strong>Bernat Sol\u00e9<\/li>\n<li><strong>Coordinador Pedag\u00f2gic:\u00a0<\/strong>Manel Gallinat<\/li>\n<\/ul>\n<h5>Administraci\u00f3:<\/h5>\n<ul>\n<li>Roser Ribas.<\/li>\n<\/ul>\n<h5><span style=\"font-size: 1.125em;\">Consergeria:<\/span><\/h5>\n<ul>\n<li>N\u00faria Boleda<\/li>\n<li>Eduard Bar\u00f3<\/li>\n<\/ul>\n<h5>Coordinacions:<\/h5>\n<ul>\n<li><strong>Coordinadora d&#8217;Estrat\u00e8gia Digital:<\/strong> Esther Nabau<\/li>\n<li><strong>Coordinadora Extraescolars:\u00a0<\/strong>Rosa Roca i M\u00f2nica Mat\u00ednez<\/li>\n<li><strong>Coordinadora de Riscos: <\/strong>M\u00f2nica Mart\u00ednez<\/li>\n<li><strong>Coordinadora\u00a0FCT: <\/strong>Marta Coll<\/li>\n<\/ul>\n<h5>Tutories<\/h5>\n<ul>\n<li>\n<h6>1r ESO:<\/h6>\n<ul>\n<li><strong>1r ESO A:\u00a0<\/strong>Raquel Codina<\/li>\n<li><strong>1r ESO B:\u00a0<\/strong>Caterina Pijuan<\/li>\n<li><strong>1r ESO C:\u00a0<\/strong>Noem\u00ed Nadal<\/li>\n<\/ul>\n<\/li>\n<li>\n<h6>2n ESO:<\/h6>\n<ul>\n<li><strong>2n ESO A:\u00a0<\/strong>Laia Trull<\/li>\n<li><strong>2n ESO B:\u00a0<\/strong>Maite Castells<\/li>\n<li><strong>2n ESO C:\u00a0<\/strong>Judit Sol\u00e9<\/li>\n<li><strong>2n ESO D:\u00a0<\/strong>Irene Borda<\/li>\n<\/ul>\n<\/li>\n<li>\n<h6>3r ESO:<\/h6>\n<ul>\n<li><strong>3r ESO A:\u00a0<\/strong>Eva Allu\u00e9<\/li>\n<li><strong>3r ESO B:\u00a0<\/strong>Marc Carulla<\/li>\n<li><strong>3r ESO C:\u00a0<\/strong>Kira Pedr\u00f3s<\/li>\n<\/ul>\n<\/li>\n<li>\n<h6>4t ESO:<\/h6>\n<ul>\n<li><strong>4t ESO A:\u00a0<\/strong>Anna Puebla<\/li>\n<li><strong>4t ESO B:\u00a0<\/strong>Alba Granell<\/li>\n<li><strong>4t ESO C:\u00a0<\/strong>Judit Plaza<\/li>\n<\/ul>\n<\/li>\n<li>\n<h6>1r Batxillerat:<\/h6>\n<ul>\n<li><strong>1r Batxillerat A:\u00a0<\/strong>Mar Oliver<\/li>\n<li><strong>1r Batxillerat B:\u00a0<\/strong>Eduard Guerrero<\/li>\n<\/ul>\n<\/li>\n<li>\n<h6>2n Batxillerat:<\/h6>\n<ul>\n<li><strong>2n Batxillerat A:\u00a0<\/strong>Rosa Roca<\/li>\n<li><strong>2n Batxillerat B:\u00a0<\/strong>Anna Ribera<\/li>\n<\/ul>\n<\/li>\n<li><strong>CFGM<\/strong>\n<ul>\n<li><strong>1r CFGM:\u00a0<\/strong>Marga Cano<\/li>\n<li><strong>2n CFGM:\u00a0<\/strong>Marta Coll<\/li>\n<\/ul>\n<\/li>\n<\/ul>\n<h5>Caps de departament:<\/h5>\n<table style=\"width: 89.7954%; height: 165px;\">\n<tbody>\n<tr style=\"height: 33px;\">\n<td style=\"width: 228px; height: 33px;\"><strong>Lleng\u00fces: <\/strong>Mar Oliver<\/td>\n<td style=\"width: 252px; height: 33px;\"><strong>CFGM: <\/strong>Marta Coll<\/td>\n<\/tr>\n<tr style=\"height: 33px;\">\n<td style=\"width: 228px; height: 33px;\"><strong>Lleng\u00fces Estrangeres:<\/strong> Anna Puebla<\/td>\n<td style=\"width: 252px; height: 33px;\"><strong>Socials:<\/strong> Kira Pedr\u00f3s<\/td>\n<\/tr>\n<tr style=\"height: 33px;\">\n<td style=\"width: 228px; height: 33px;\"><strong>Ci\u00e8ncies:<\/strong> Gerard Sala<\/td>\n<td style=\"width: 252px; height: 33px;\"><strong>Ed. F\u00edsica:<\/strong> Jaume Rovira<\/td>\n<\/tr>\n<tr style=\"height: 33px;\">\n<td style=\"width: 228px; height: 33px;\"><strong>Ed. Art\u00edstica:<\/strong> Maite Castells<\/td>\n<td style=\"width: 252px; height: 33px;\"><strong>Orientaci\u00f3:<\/strong> N\u00faria Horrach<\/td>\n<\/tr>\n<tr style=\"height: 33px;\">\n<td style=\"width: 228px; height: 33px;\"><strong>Tecnologia:<\/strong> Esther Nabau<\/td>\n<td style=\"width: 252px; height: 33px;\"><strong>Matem\u00e0tiques:<\/strong> Carme Pedrol<\/td>\n<\/tr>\n<\/tbody>\n<\/table>\n<p>&nbsp;<\/p>\n<p><span style=\"font-size: 1.125em; font-weight: bold;\">Personal de Neteja:<\/span><\/p>\n<ul>\n<li>Montserrat Roca<\/li>\n<li>Isabel Dom\u00ednguez<\/li>\n<\/ul>\n<h5><\/h5>\n<h5><\/h5>\n<div id=\"gtx-trans\" style=\"position: absolute; left: 435px; top: 1466.94px;\">\n<div class=\"gtx-trans-icon\"><\/div>\n<\/div>\n","protected":false},"excerpt":{"rendered":"<p>Equip directiu: Director: Jordi Pijuan Cap d&#8217;Estudis: Gemma Badia Secretari:\u00a0Bernat Sol\u00e9 Coordinador Pedag\u00f2gic:\u00a0Manel Gallinat Administraci\u00f3: Roser Ribas. Consergeria: N\u00faria Boleda Eduard Bar\u00f3 Coordinacions: Coordinadora d&#8217;Estrat\u00e8gia Digital: Esther Nabau Coordinadora Extraescolars:\u00a0Rosa Roca i M\u00f2nica Mat\u00ednez Coordinadora de Riscos: M\u00f2nica Mart\u00ednez Coordinadora\u00a0FCT: Marta Coll Tutories 1r ESO: 1r ESO A:\u00a0Raquel Codina 1r ESO B:\u00a0Caterina Pijuan 1r ESO [&hellip;]<\/p>\n","protected":false},"author":1,"featured_media":0,"parent":19,"menu_order":30,"comment_status":"closed","ping_status":"closed","template":"page-templates\/side-menu.php","meta":{"site-sidebar-layout":"default","site-content-layout":"","ast-site-content-layout":"","site-content-style":"default","site-sidebar-style":"default","ast-global-header-display":"","ast-banner-title-visibility":"","ast-main-header-display":"","ast-hfb-above-header-display":"","ast-hfb-below-header-display":"","ast-hfb-mobile-header-display":"","site-post-title":"","ast-breadcrumbs-content":"","ast-featured-img":"","footer-sml-layout":"","theme-transparent-header-meta":"","adv-header-id-meta":"","stick-header-meta":"","header-above-stick-meta":"","header-main-stick-meta":"","header-below-stick-meta":"","astra-migrate-meta-layouts":"default","ast-page-background-enabled":"default","ast-page-background-meta":{"desktop":{"background-color":"var(--ast-global-color-4)","background-image":"","background-repeat":"repeat","background-position":"center center","background-size":"auto","background-attachment":"scroll","background-type":"","background-media":"","overlay-type":"","overlay-color":"","overlay-opacity":"","overlay-gradient":""},"tablet":{"background-color":"","background-image":"","background-repeat":"repeat","background-position":"center center","background-size":"auto","background-attachment":"scroll","background-type":"","background-media":"","overlay-type":"","overlay-color":"","overlay-opacity":"","overlay-gradient":""},"mobile":{"background-color":"","background-image":"","background-repeat":"repeat","background-position":"center center","background-size":"auto","background-attachment":"scroll","background-type":"","background-media":"","overlay-type":"","overlay-color":"","overlay-opacity":"","overlay-gradient":""}},"ast-content-background-meta":{"desktop":{"background-color":"var(--ast-global-color-5)","background-image":"","background-repeat":"repeat","background-position":"center center","background-size":"auto","background-attachment":"scroll","background-type":"","background-media":"","overlay-type":"","overlay-color":"","overlay-opacity":"","overlay-gradient":""},"tablet":{"background-color":"var(--ast-global-color-5)","background-image":"","background-repeat":"repeat","background-position":"center center","background-size":"auto","background-attachment":"scroll","background-type":"","background-media":"","overlay-type":"","overlay-color":"","overlay-opacity":"","overlay-gradient":""},"mobile":{"background-color":"var(--ast-global-color-5)","background-image":"","background-repeat":"repeat","background-position":"center center","background-size":"auto","background-attachment":"scroll","background-type":"","background-media":"","overlay-type":"","overlay-color":"","overlay-opacity":"","overlay-gradient":""}},"footnotes":""},"class_list":["post-673","page","type-page","status-publish","hentry"],"post_mailing_queue_ids":[],"_links":{"self":[{"href":"https:\/\/agora.xtec.cat\/ies-ribera-del-sio\/wp-json\/wp\/v2\/pages\/673","targetHints":{"allow":["GET"]}}],"collection":[{"href":"https:\/\/agora.xtec.cat\/ies-ribera-del-sio\/wp-json\/wp\/v2\/pages"}],"about":[{"href":"https:\/\/agora.xtec.cat\/ies-ribera-del-sio\/wp-json\/wp\/v2\/types\/page"}],"author":[{"embeddable":true,"href":"https:\/\/agora.xtec.cat\/ies-ribera-del-sio\/wp-json\/wp\/v2\/users\/1"}],"replies":[{"embeddable":true,"href":"https:\/\/agora.xtec.cat\/ies-ribera-del-sio\/wp-json\/wp\/v2\/comments?post=673"}],"version-history":[{"count":7,"href":"https:\/\/agora.xtec.cat\/ies-ribera-del-sio\/wp-json\/wp\/v2\/pages\/673\/revisions"}],"predecessor-version":[{"id":4408,"href":"https:\/\/agora.xtec.cat\/ies-ribera-del-sio\/wp-json\/wp\/v2\/pages\/673\/revisions\/4408"}],"up":[{"embeddable":true,"href":"https:\/\/agora.xtec.cat\/ies-ribera-del-sio\/wp-json\/wp\/v2\/pages\/19"}],"wp:attachment":[{"href":"https:\/\/agora.xtec.cat\/ies-ribera-del-sio\/wp-json\/wp\/v2\/media?parent=673"}],"curies":[{"name":"wp","href":"https:\/\/api.w.org\/{rel}","templated":true}]}}