{"id":7772,"date":"2019-03-06T14:52:19","date_gmt":"2019-03-06T13:52:19","guid":{"rendered":"http:\/\/agora.xtec.cat\/ies-rbiv-cambrils\/?page_id=7772"},"modified":"2026-04-23T11:54:58","modified_gmt":"2026-04-23T09:54:58","slug":"titols","status":"publish","type":"page","link":"https:\/\/agora.xtec.cat\/ies-rbiv-cambrils\/secretaria\/titols\/","title":{"rendered":"T\u00edtols"},"content":{"rendered":"<ul>\n<li><a href=\"#Demanar\">Batxiller<\/a><\/li>\n<li><a href=\"#Demanar\">Cicle formatiu<\/a><\/li>\n<li><a href=\"#DemanarESO\">ESO<\/a> (nom\u00e9s duplicats)<\/li>\n<li><a href=\"#DemanarFP\">Formaci\u00f3 Professional<\/a> antiga (Llei General d\u2019Educaci\u00f3 de 1970)<\/li>\n<\/ul>\n<p><a href=\"#Recollida\"><strong>Recollir el t\u00edtol<\/strong><\/a><\/p>\n<hr \/>\n<h2><a id=\"Demanar\"><\/a>Demanar el t\u00edtol de batxiller o de cicle formatiu<\/h2>\n<p>Seran els propis alumnes qui hauran de sol\u00b7licitar el t\u00edtol, tant la primera expedici\u00f3 com un duplicat o actualitzaci\u00f3 del t\u00edtol inicialment expedit per canvi de dades, a trav\u00e9s del tr\u00e0mit espec\u00edfic:<\/p>\n<p><a href=\"https:\/\/web.gencat.cat\/ca\/tramits\/tramits-temes\/titols-academics-no-universitaris?category=742b7874-a82c-11e3-a972-000c29052e2c\" target=\"_blank\" rel=\"noopener\">https:\/\/web.gencat.cat\/ca\/tramits\/tramits-temes\/titols-academics-no-universitaris?category=742b7874-a82c-11e3-a972-000c29052e2c<\/a><\/p>\n<p>Per poder-ho fer, caldr\u00e0 que els alumnes tinguin identificaci\u00f3 digital &#8211; idecat m\u00f2bil:<\/p>\n<p><a href=\"https:\/\/web.gencat.cat\/ca\/tramits\/suport-tramitacio\/durant-la-tramitacio\/signatura-identificacio-digital\/idcat-mobil\/index.html\" target=\"_blank\" rel=\"noopener\">https:\/\/web.gencat.cat\/ca\/tramits\/suport-tramitacio\/durant-la-tramitacio\/signatura-identificacio-digital\/idcat-mobil\/index.html<\/a><\/p>\n<hr \/>\n<p>Un cop feta la sol\u00b7licitud i pagada la taxa corresponent, <strong>cal que aviseu a Secretaria<\/strong> per poder signar i segellar el vostre resguard de t\u00edtol, un cop comprovat que la vostra sol\u00b7licitud est\u00e0 registrada correctament. Aquest resguard t\u00e9 tots els efectes del t\u00edtol mentre no s&#8217;expedeixi materialment. Per aquesta ra\u00f3 <strong>cal passar a recollir l&#8217;impr\u00e8s signat<\/strong>.<\/p>\n<p>Qualsevol modificaci\u00f3 legal en les dades de l&#8217;alumne (canvis en l&#8217;ordre de cognoms, modificacions de documents d&#8217;identitat, &#8230;) s&#8217;ha de gestionar a trav\u00e9s de la tramitaci\u00f3 d&#8217;una ACTUALITZACI\u00d3 de dades en el t\u00edtol. Aquest procediment l&#8217;ha d&#8217;iniciar el propi l&#8217;alumne des del mateix tr\u00e0mit:<\/p>\n<p><a href=\"https:\/\/tramits.gencat.cat\/ca\/tramits\/tramits-temes\/titols-academics-no-universitaris?category=742b7874-a82c-11e3-a972-000c29052e2c\" target=\"_blank\" rel=\"noopener\">https:\/\/tramits.gencat.cat\/ca\/tramits\/tramits-temes\/titols-academics-no-universitaris?category=742b7874-a82c-11e3-a972-000c29052e2c<\/a><\/p>\n<p>L&#8217;alumne podr\u00e0 iniciar aquesta sol\u00b7licitud un cop el seu t\u00edtol original hagi arribat a Secretaria, portant el nou document d&#8217;identitat.<\/p>\n<p>Si se us caduca la carta de pagament, aviseu a Secretaria per poder fer una nova sol\u00b7licitud.<\/p>\n<hr \/>\n<h2><a id=\"DemanarESO\"><\/a>Demanar un duplicat del t\u00edtol d&#8217;ESO<\/h2>\n<p>El t\u00edtol d&#8217;ESO es tramita des del centre quan acaba el curs acad\u00e8mic, nom\u00e9s en el cas de necessitar un duplicat s&#8217;ha de fer una sol\u00b7licitud.<\/p>\n<p>Seran els propis alumnes qui hauran de sol\u00b7licitar un duplicat o actualitzaci\u00f3 del t\u00edtol inicialment expedit per canvi de dades, a trav\u00e9s del tr\u00e0mit espec\u00edfic:<\/p>\n<p><a href=\"https:\/\/web.gencat.cat\/ca\/tramits\/tramits-temes\/titols-academics-no-universitaris?category=742b7874-a82c-11e3-a972-000c29052e2c\" target=\"_blank\" rel=\"noopener\">https:\/\/web.gencat.cat\/ca\/tramits\/tramits-temes\/titols-academics-no-universitaris?category=742b7874-a82c-11e3-a972-000c29052e2c<\/a><\/p>\n<p>Per poder-ho fer, caldr\u00e0 que els alumnes tinguin identificaci\u00f3 digital &#8211; idecat m\u00f2bil:<\/p>\n<p><a href=\"https:\/\/web.gencat.cat\/ca\/tramits\/suport-tramitacio\/durant-la-tramitacio\/signatura-identificacio-digital\/idcat-mobil\/index.html\" target=\"_blank\" rel=\"noopener\">https:\/\/web.gencat.cat\/ca\/tramits\/suport-tramitacio\/durant-la-tramitacio\/signatura-identificacio-digital\/idcat-mobil\/index.html<\/a><\/p>\n<hr \/>\n<h3><a id=\"DemanarFP\"><\/a>T\u00edtols de Formaci\u00f3 Professional antiga (Llei General d\u2019Educaci\u00f3 de 1970)<\/h3>\n<ul>\n<li>T\u00e8cnic auxiliar (FP1)<\/li>\n<li>T\u00e8cnic especialista (FP2)<\/li>\n<li>Certificat d\u2019escolaritat de Formaci\u00f3 Professional<\/li>\n<\/ul>\n<p>Model de <a href=\"https:\/\/drive.google.com\/file\/d\/1ZW3DhdlVsuYxqQbwgqjBqf6lKeiYMlFT\/view?usp=drive_link\" target=\"_blank\" rel=\"noopener\"><strong>sol\u00b7licitud de t\u00edtol d&#8217;FP<\/strong><\/a> [document PDF].<\/p>\n<p>Si ja s\u2019havia tramitat anteriorment, cal demanar que s\u2019expedeixi un duplicat: <a href=\"https:\/\/drive.google.com\/file\/d\/1KavfStqEcDhLsTpltFDbzQR1FfqUeiE-\/view?usp=drive_link\" target=\"_blank\" rel=\"noopener\"><strong>sol\u00b7licitud de duplicat<\/strong><\/a> [document PDF].<\/p>\n<p>A m\u00e9s de la sol\u00b7licitud, s\u2019ha d\u2019emplenar l\u2019impr\u00e8s <strong>model 790-059<\/strong> per fer el pagament de la taxa, accedint a la \u201c<a href=\"https:\/\/sede.administracionespublicas.gob.es\/pagina\/index\/directorio\/tasa059\" target=\"_blank\" rel=\"noopener\">Oficina Virtual del Ministerio de Pol\u00edtica Territorial y Administraci\u00f3n p\u00fablica<\/a>\u201d https:\/\/sede.administracionespublicas.gob.es\/pagina\/index\/directorio\/tasa059.<\/p>\n<p><strong>Com emplenar la sol\u00b7licitud de t\u00edtol d\u2019FP (model 790-059)<\/strong><br \/>\nUn cop som a la web de la <strong>taxa 059<\/strong>, anar al final de la p\u00e0gina, \u00faltim bot\u00f3: \u201cAcceder a Rellenar e imprimir el formulario de liquidaci\u00f3n de la tasa 059.\u201d<\/p>\n<p>Preguntar\u00e0 a quina prov\u00edncia es vol fer la liquidaci\u00f3. Cal marcar-la en el mapa d\u2019Espanya que surt a la pantalla.<\/p>\n<p>Emplenar l\u2019impr\u00e8s que surt per pantalla amb les dades personals i acad\u00e8miques. Vigilar de no posar ap\u00f2strofs i altres signes, ja que pot donar error.<\/p>\n<p>A l\u2019apartat Identificaci\u00f3 es posen les dades personals.<\/p>\n<p>A l\u2019apartat \u201cAutoliquidaci\u00f3\u201d es marca PRINCIPAL, o\u00a0 i a continuaci\u00f3 les dades referents al t\u00edtol: T\u00edtol de: T\u00e8cnic auxiliar FP-1, T\u00e8cnic especialista FP-2, Certificat d\u2019escolaritat FP-1.<\/p>\n<p>&#8211; Codis professi\u00f3\/especialitat:<\/p>\n<table width=\"75%\">\n<tbody>\n<tr>\n<td><strong>FP-1<\/strong><\/td>\n<td><strong>Professi\u00f3<\/strong><\/td>\n<td><strong>Codi<\/strong><\/td>\n<\/tr>\n<tr>\n<td>Administrativa i comercial<\/td>\n<td>Administrativa<\/td>\n<td>1200<\/td>\n<\/tr>\n<tr>\n<td>Electricitat i electr\u00f2nica<\/td>\n<td>Electricitat<\/td>\n<td>0500<\/td>\n<\/tr>\n<tr>\n<td>Automoci\u00f3<\/td>\n<td>Mec\u00e0nica de l\u2019autom\u00f2bil<\/td>\n<td>1900<\/td>\n<\/tr>\n<tr>\n<td><strong>FP-2<\/strong><\/td>\n<td><strong>Especialitat<\/strong><\/td>\n<td><strong>Codi<\/strong><\/td>\n<\/tr>\n<tr>\n<td>Administrativa i comercial<\/td>\n<td>Administrativa<\/td>\n<td>5302<\/td>\n<\/tr>\n<tr>\n<td>Electricitat i electr\u00f2nica<\/td>\n<td>M\u00e0quines el\u00e8ctriques<\/td>\n<td>5102<\/td>\n<\/tr>\n<\/tbody>\n<\/table>\n<p>&#8211; Data de finalitzaci\u00f3 d\u2019estudis: nom\u00e9s mesos de juny o setembre.<\/p>\n<p>&#8211; Tarifa, escollir una: <span style=\"font-family: inherit; font-size: 1em;\">Normal (si \u00e9s el primer cop que es demana el t\u00edtol), o <\/span><span style=\"font-family: inherit; font-size: 1em;\">Fam\u00edlia Nombrosa, o <\/span><span style=\"font-family: inherit; font-size: 1em;\">Exempt de pagament, o <\/span><span style=\"font-family: inherit; font-size: 1em;\">Duplicat (si ja es va demanar el t\u00edtol i s&#8217;ha perdut o destruit).<\/span><\/p>\n<p>&#8211; Centre i Depend\u00e8ncies on es retirar\u00e0 el t\u00edtol: Sempre ser\u00e0 Institut Ramon Berenguer IV (43000779).<\/p>\n<p>La taxa a pagar surt autom\u00e0ticament un cop s\u2019ha omplert el desplegable i fet la tria del t\u00edtol a l\u2019apartat \u201cAutoliquidaci\u00f3\u201d.<\/p>\n<p>&#8211; T\u00edtol: \u201cT\u00edtols no universitaris\u201d, Classe: T\u00e8cnic auxiliar FP-1, T\u00e8cnic especialista FP-2, Certificat d\u2019escolaritat FP-1<\/p>\n<p>Es pot pagar en met\u00e0l\u00b7lic en qualsevol banc o amb c\u00e0rrec a un compte bancari que s\u2019ha d\u2019especificar a l\u2019impr\u00e8s.<\/p>\n<p>Un cop emplenat l\u2019impr\u00e8s s\u2019ha de fer una c\u00f2pia impresa clicant a \u201cObtenir document\u201d.<\/p>\n<hr \/>\n<h3><a id=\"Recollida\"><\/a>Recollir el t\u00edtol<\/h3>\n<p>Rebreu un av\u00eds del centre per correu electr\u00f2nic quan es pugui passar a recollir el t\u00edtol.<\/p>\n<p>La persona interessada ha de passar per secretaria amb:<\/p>\n<ul>\n<li>Document d\u2019identitat (DNI\/NIE\/Passaport).<\/li>\n<li>Resguard de la sol\u00b7licitud del t\u00edtol, que s&#8217;obt\u00e9 en el moment de fer el tr\u00e0mit.<\/li>\n<\/ul>\n<p>Pot recollir el t\u00edtol una altra persona si duu:<\/p>\n<ol>\n<li>Una autoritzaci\u00f3 signada per la persona interessada, en qu\u00e8 consti el seu nom, cognom i document d\u2019identitat (DNI\/NIE\/Passaport) i el de la persona autoritzada. Els t\u00edtols s\u00f3n nominals i, per aquest motiu, els pares, mares o tutors legals tamb\u00e9 han de portar una autoritzaci\u00f3 per poder recollir un t\u00edtol <a href=\"https:\/\/drive.google.com\/file\/d\/10FwsZ6TnNpN3QdQzvtkZrfwpC_6cGerF\/view?usp=drive_link\" target=\"_blank\" rel=\"noopener noreferrer\"><strong>(model d&#8217;autoritzaci\u00f3)<\/strong><\/a> [document PDF].<\/li>\n<li>Fotoc\u00f2pia del document d&#8217;identitat de la persona interessada.<\/li>\n<li>Document d&#8217;identitat de la persona autoritzada.<\/li>\n<li>Resguard de la sol\u00b7licitud del t\u00edtol, que s&#8217;obt\u00e9 en el moment de fer el tr\u00e0mit.<\/li>\n<\/ol>\n","protected":false},"excerpt":{"rendered":"<ul>\n<li><a href=\"#Demanar\">Batxiller<\/a><\/li>\n<li><a href=\"#Demanar\">Cicle formatiu<\/a><\/li>\n<li><a href=\"#DemanarESO\">ESO<\/a> (nom\u00e9s duplicats)<\/li>\n<li><a href=\"#DemanarFP\">Formaci\u00f3 Professional<\/a> antiga (Llei General d\u2019Educaci\u00f3 de 1970)<\/li>\n<\/ul>\n<p><a href=\"#Recollida\">Recollir el t\u00edtol<\/a><\/p>\n<p><a id=\"Demanar\"><\/a>Demanar el t\u00edtol de batxiller o de cicle formatiu<br \/>\nSeran els propis alumnes qui hauran de sol\u00b7licitar el t\u00edtol, tant la primera expedici\u00f3 com un duplicat o actualitzaci\u00f3&hellip;  <a href=\"https:\/\/agora.xtec.cat\/ies-rbiv-cambrils\/secretaria\/titols\/\" title=\"Read T\u00edtols\">Llegeix m\u00e9s\u00bb<\/a><\/p>\n","protected":false},"author":234,"featured_media":0,"parent":7606,"menu_order":3,"comment_status":"closed","ping_status":"closed","template":"page-templates\/side-menu.php","meta":{"_bbp_topic_count":0,"_bbp_reply_count":0,"_bbp_total_topic_count":0,"_bbp_total_reply_count":0,"_bbp_voice_count":0,"_bbp_anonymous_reply_count":0,"_bbp_topic_count_hidden":0,"_bbp_reply_count_hidden":0,"_bbp_forum_subforum_count":0,"footnotes":""},"class_list":["post-7772","page","type-page","status-publish","hentry"],"post_mailing_queue_ids":[],"_links":{"self":[{"href":"https:\/\/agora.xtec.cat\/ies-rbiv-cambrils\/wp-json\/wp\/v2\/pages\/7772","targetHints":{"allow":["GET"]}}],"collection":[{"href":"https:\/\/agora.xtec.cat\/ies-rbiv-cambrils\/wp-json\/wp\/v2\/pages"}],"about":[{"href":"https:\/\/agora.xtec.cat\/ies-rbiv-cambrils\/wp-json\/wp\/v2\/types\/page"}],"author":[{"embeddable":true,"href":"https:\/\/agora.xtec.cat\/ies-rbiv-cambrils\/wp-json\/wp\/v2\/users\/234"}],"replies":[{"embeddable":true,"href":"https:\/\/agora.xtec.cat\/ies-rbiv-cambrils\/wp-json\/wp\/v2\/comments?post=7772"}],"version-history":[{"count":6,"href":"https:\/\/agora.xtec.cat\/ies-rbiv-cambrils\/wp-json\/wp\/v2\/pages\/7772\/revisions"}],"predecessor-version":[{"id":18671,"href":"https:\/\/agora.xtec.cat\/ies-rbiv-cambrils\/wp-json\/wp\/v2\/pages\/7772\/revisions\/18671"}],"up":[{"embeddable":true,"href":"https:\/\/agora.xtec.cat\/ies-rbiv-cambrils\/wp-json\/wp\/v2\/pages\/7606"}],"wp:attachment":[{"href":"https:\/\/agora.xtec.cat\/ies-rbiv-cambrils\/wp-json\/wp\/v2\/media?parent=7772"}],"curies":[{"name":"wp","href":"https:\/\/api.w.org\/{rel}","templated":true}]}}