{"id":65,"date":"2014-09-18T10:12:22","date_gmt":"2014-09-18T10:12:22","guid":{"rendered":"http:\/\/agora.xtec.cat\/ies-rbiv-cambrils\/?page_id=65"},"modified":"2019-02-21T13:48:40","modified_gmt":"2019-02-21T12:48:40","slug":"serveis-digitals","status":"publish","type":"page","link":"https:\/\/agora.xtec.cat\/ies-rbiv-cambrils\/serveis\/serveis-digitals\/","title":{"rendered":"Serveis digitals"},"content":{"rendered":"<p style=\"color: #444444;\">L\u2019oferta de\u00a0<strong>serveis\u00a0digitals<\/strong>\u00a0constitueix un element\u00a0molt important de l\u2019engranatge d\u2019un centre educatiu.<\/p>\n<p style=\"color: #444444;\">En aquesta p\u00e0gina es poden referenciar altres serveis en l\u00ednia\u00a0que ofereix l\u2019escola com ara Moodle, blocs externs, aplicacions de tutoria o gesti\u00f3 acad\u00e8mica, aplicacions m\u00f2bils, etc.<\/p>\n<p style=\"color: #444444;\">Si el centre posa en funcionament la\u00a0<strong>xarxa Nodes<\/strong>, aquest pot ser un bon lloc per referenciar els\u00a0principals grups i activitats que s\u2019hi duen a terme.<\/p>\n<p>&nbsp;<\/p>\n<table style=\"height: 476px;\" width=\"100%\">\n<tbody>\n<tr style=\"height: 33px;\">\n<td style=\"height: 33px; width: 99.4199%;\" colspan=\"2\"><strong>GESTI\u00d3 ACAD\u00c8MICA<\/strong><\/td>\n<\/tr>\n<tr style=\"height: 93px;\">\n<td style=\"height: 93px; width: 25.7433%;\"><a href=\"https:\/\/saga.xtec.cat\/entrada\" target=\"_blank\" rel=\"noopener\"><img loading=\"lazy\" decoding=\"async\" class=\"alignnone\" src=\"http:\/\/ateneu.xtec.cat\/wikiform\/wikiexport\/_media\/cmd\/tac\/jtm2\/bloc_2\/saga.png\" alt=\"\" width=\"87\" height=\"74\" \/><\/a><\/td>\n<td style=\"height: 93px; width: 73.6766%;\">Acc\u00e9s a Saga, sistema d\u2019admistraci\u00f3 i Gesti\u00f3 acad\u00e8mica<\/td>\n<\/tr>\n<tr style=\"height: 55px;\">\n<td style=\"height: 55px; width: 25.7433%;\"><a href=\"http:\/\/xtec.gencat.cat\/ca\/\" target=\"_blank\" rel=\"noopener\"><img loading=\"lazy\" decoding=\"async\" class=\"alignnone\" src=\"http:\/\/xtec.gencat.cat\/web\/.content\/alfresco\/d\/d\/workspace\/SpacesStore\/0075\/b0b5a5db-d6f6-4a77-926b-08093c5c1b20\/logo_fonsvermell_vertical.jpg\" alt=\"\" width=\"82\" height=\"35\" \/><\/a><\/td>\n<td style=\"height: 55px; width: 73.6766%;\">XTEC. Xarxa Telem\u00e0tica Educativa de Catalunya<\/td>\n<\/tr>\n<tr style=\"height: 84px;\">\n<td style=\"height: 84px; width: 25.7433%;\"><a href=\"http:\/\/ensenyament.gencat.cat\/ca\" target=\"_blank\" rel=\"noopener\"><img loading=\"lazy\" decoding=\"async\" class=\"alignnone\" src=\"http:\/\/www.fesoca.org\/data\/noticias\/31\/img\/1.jpg\" alt=\"\" width=\"111\" height=\"63\" \/><\/a><\/td>\n<td style=\"height: 84px; width: 73.6766%;\">Departament d\u2019Ensenyament<\/td>\n<\/tr>\n<tr style=\"height: 79px;\">\n<td style=\"height: 79px; width: 25.7433%;\"><a href=\"https:\/\/atri.gencat.cat\/\"><img loading=\"lazy\" decoding=\"async\" class=\"alignnone\" src=\"http:\/\/agora.xtec.cat\/ies-rbiv-cambrils\/wp-content\/themes\/reactor\/custom-tac\/imatges\/atri-icon.png\" width=\"60\" height=\"59\" \/><\/a><\/td>\n<td style=\"height: 79px; width: 73.6766%;\">Acc\u00e9s a ATRI<\/td>\n<\/tr>\n<tr style=\"height: 80px;\">\n<td style=\"height: 80px; width: 25.7433%;\"><a href=\"http:\/\/educacio.gencat.cat\/portal\/page\/portal\/EducacioIntranet\/Benvinguda\"><img loading=\"lazy\" decoding=\"async\" class=\"alignnone\" src=\"http:\/\/agora.xtec.cat\/ies-rbiv-cambrils\/wp-content\/themes\/reactor\/custom-tac\/imatges\/portalcentre-icon.png\" width=\"60\" height=\"60\" \/><\/a><\/td>\n<td style=\"height: 80px; width: 73.6766%;\">Portal de centre<\/td>\n<\/tr>\n<\/tbody>\n<\/table>\n<table style=\"height: 692px;\" width=\"100%\">\n<tbody>\n<tr>\n<td style=\"width: 625px;\" colspan=\"2\"><b>RECURSOS PROFESSORAT<\/b><\/td>\n<\/tr>\n<tr>\n<td style=\"width: 335.967px;\"><a href=\"http:\/\/educat.xtec.cat\/\" target=\"_blank\" rel=\"noopener\"><img loading=\"lazy\" decoding=\"async\" class=\"alignnone\" src=\"http:\/\/blocs.xtec.cat\/files\/2013\/10\/xarxa_docent-300x58.jpg\" alt=\"\" width=\"300\" height=\"58\" \/><\/a><\/td>\n<td style=\"width: 287.033px;\">Xarxa docent 2.0<\/td>\n<\/tr>\n<tr>\n<td style=\"width: 335.967px;\"><img loading=\"lazy\" decoding=\"async\" class=\"alignnone\" src=\"http:\/\/merli.xtec.cat\/merli\/imatges\/capca_logo_merli.png\" width=\"310\" height=\"70\" \/><\/td>\n<td style=\"width: 287.033px;\">Cat\u00e0leg de recursos educatius<\/td>\n<\/tr>\n<tr>\n<td style=\"width: 335.967px;\"><a href=\"http:\/\/apliense.xtec.cat\/arc\/\" target=\"_blank\" rel=\"noopener\"><img loading=\"lazy\" decoding=\"async\" class=\"alignnone\" src=\"https:\/\/sites.google.com\/a\/xtec.cat\/crpvoll_montmelo\/_\/rsrc\/1394912737827\/recursos\/arc.jpg\" alt=\"\" width=\"193\" height=\"59\" \/><\/a><\/td>\n<td style=\"width: 287.033px;\">ARC. Recursos per al curr\u00edculum<\/td>\n<\/tr>\n<tr>\n<td style=\"width: 335.967px;\"><a href=\"http:\/\/alexandria.xtec.cat\/mod\/data\/view.php?d=4&amp;mode=asearch\" target=\"_blank\" rel=\"noopener\"><img loading=\"lazy\" decoding=\"async\" class=\"alignnone\" src=\"https:\/\/sites.google.com\/a\/xtec.cat\/bloc-de-jordi-pedrola\/_\/rsrc\/1318612050075\/home\/recursoseducatius\/alexandria1.png?height=54&amp;width=200\" alt=\"\" width=\"200\" height=\"54\" \/><\/a><\/td>\n<td style=\"width: 287.033px;\">Alexandria. Biblioteca de recursos digitals<\/td>\n<\/tr>\n<tr>\n<td style=\"width: 335.967px;\"><a href=\"http:\/\/www.edu365.cat\/\" target=\"_blank\" rel=\"noopener\"><img loading=\"lazy\" decoding=\"async\" class=\"alignnone\" src=\"https:\/\/sites.google.com\/a\/xtec.cat\/bloc-de-jordi-pedrola\/_\/rsrc\/1319819989188\/home\/recursoseducatius\/educat365.png?height=60&amp;width=168\" alt=\"\" width=\"148\" height=\"60\" \/><\/a><\/td>\n<td style=\"width: 287.033px;\">Edu365.cat<\/td>\n<\/tr>\n<\/tbody>\n<\/table>\n","protected":false},"excerpt":{"rendered":"<p>L\u2019oferta de\u00a0serveis\u00a0digitals\u00a0constitueix un element\u00a0molt important de l\u2019engranatge d\u2019un centre educatiu.<br \/>\nEn aquesta p\u00e0gina es poden referenciar altres serveis en l\u00ednia\u00a0que ofereix l\u2019escola com ara Moodle, blocs externs, aplicacions de tutoria o gesti\u00f3 acad\u00e8mica, aplicacions m\u00f2bils, etc.<br \/>\nSi el centre posa en funcionament la\u00a0xarxa Nodes, aquest pot ser&hellip;  <a href=\"https:\/\/agora.xtec.cat\/ies-rbiv-cambrils\/serveis\/serveis-digitals\/\" title=\"Read Serveis digitals\">Llegeix m\u00e9s\u00bb<\/a><\/p>\n","protected":false},"author":1,"featured_media":0,"parent":63,"menu_order":10,"comment_status":"closed","ping_status":"closed","template":"page-templates\/side-menu.php","meta":{"_bbp_topic_count":0,"_bbp_reply_count":0,"_bbp_total_topic_count":0,"_bbp_total_reply_count":0,"_bbp_voice_count":0,"_bbp_anonymous_reply_count":0,"_bbp_topic_count_hidden":0,"_bbp_reply_count_hidden":0,"_bbp_forum_subforum_count":0,"footnotes":""},"class_list":["post-65","page","type-page","status-publish","hentry"],"post_mailing_queue_ids":[],"_links":{"self":[{"href":"https:\/\/agora.xtec.cat\/ies-rbiv-cambrils\/wp-json\/wp\/v2\/pages\/65","targetHints":{"allow":["GET"]}}],"collection":[{"href":"https:\/\/agora.xtec.cat\/ies-rbiv-cambrils\/wp-json\/wp\/v2\/pages"}],"about":[{"href":"https:\/\/agora.xtec.cat\/ies-rbiv-cambrils\/wp-json\/wp\/v2\/types\/page"}],"author":[{"embeddable":true,"href":"https:\/\/agora.xtec.cat\/ies-rbiv-cambrils\/wp-json\/wp\/v2\/users\/1"}],"replies":[{"embeddable":true,"href":"https:\/\/agora.xtec.cat\/ies-rbiv-cambrils\/wp-json\/wp\/v2\/comments?post=65"}],"version-history":[{"count":3,"href":"https:\/\/agora.xtec.cat\/ies-rbiv-cambrils\/wp-json\/wp\/v2\/pages\/65\/revisions"}],"predecessor-version":[{"id":7605,"href":"https:\/\/agora.xtec.cat\/ies-rbiv-cambrils\/wp-json\/wp\/v2\/pages\/65\/revisions\/7605"}],"up":[{"embeddable":true,"href":"https:\/\/agora.xtec.cat\/ies-rbiv-cambrils\/wp-json\/wp\/v2\/pages\/63"}],"wp:attachment":[{"href":"https:\/\/agora.xtec.cat\/ies-rbiv-cambrils\/wp-json\/wp\/v2\/media?parent=65"}],"curies":[{"name":"wp","href":"https:\/\/api.w.org\/{rel}","templated":true}]}}