{"id":540,"date":"2016-02-11T14:32:28","date_gmt":"2016-02-11T13:32:28","guid":{"rendered":"http:\/\/agora.xtec.cat\/ies-rbiv-cambrils\/?page_id=540"},"modified":"2025-04-30T13:17:03","modified_gmt":"2025-04-30T11:17:03","slug":"bustia","status":"publish","type":"page","link":"https:\/\/agora.xtec.cat\/ies-rbiv-cambrils\/institut\/bustia\/","title":{"rendered":"Suggeriments"},"content":{"rendered":"<p>A l&#8217;INS Ramon Berenguer IV ens interessa l&#8217;opini\u00f3 de tots els membres de la comunitat educativa (fam\u00edlies, alumnat, professorat, etc.). Els vostres suggeriments ajudaran a millorar el servei que oferim di\u00e0riament. Ens comprometem a donar-vos resposta al m\u00e9s aviat possible.<\/p>\n<p><iframe loading=\"lazy\" src=\"https:\/\/docs.google.com\/forms\/d\/e\/1FAIpQLSfVI_BJC9xlkmfOVCa2HBab0aJTnTH_AH1ZFluzkKKXzYxlxQ\/viewform?embedded=true\" width=\"100%\" height=\"1020\" frameborder=\"0\" marginwidth=\"0\" marginheight=\"0\"><span style=\"display: inline-block; width: 0px; overflow: hidden; line-height: 0;\" data-mce-type=\"bookmark\" class=\"mce_SELRES_start\">\ufeff<\/span>S&#8217;est\u00e0 carregant&#8230;<\/iframe><\/p>\n","protected":false},"excerpt":{"rendered":"<p>A l&#8217;INS Ramon Berenguer IV ens interessa l&#8217;opini\u00f3 de tots els membres de la comunitat educativa (fam\u00edlies, alumnat, professorat, etc.). Els vostres suggeriments ajudaran a millorar el servei que oferim di\u00e0riament. Ens comprometem a donar-vos resposta al m\u00e9s aviat possible.<br \/>\n\ufeffS&#8217;est\u00e0 carregant&#8230;<\/p>\n","protected":false},"author":234,"featured_media":0,"parent":19,"menu_order":101,"comment_status":"closed","ping_status":"closed","template":"page-templates\/side-menu.php","meta":{"_bbp_topic_count":0,"_bbp_reply_count":0,"_bbp_total_topic_count":0,"_bbp_total_reply_count":0,"_bbp_voice_count":0,"_bbp_anonymous_reply_count":0,"_bbp_topic_count_hidden":0,"_bbp_reply_count_hidden":0,"_bbp_forum_subforum_count":0,"footnotes":""},"class_list":["post-540","page","type-page","status-publish","hentry"],"post_mailing_queue_ids":[],"_links":{"self":[{"href":"https:\/\/agora.xtec.cat\/ies-rbiv-cambrils\/wp-json\/wp\/v2\/pages\/540","targetHints":{"allow":["GET"]}}],"collection":[{"href":"https:\/\/agora.xtec.cat\/ies-rbiv-cambrils\/wp-json\/wp\/v2\/pages"}],"about":[{"href":"https:\/\/agora.xtec.cat\/ies-rbiv-cambrils\/wp-json\/wp\/v2\/types\/page"}],"author":[{"embeddable":true,"href":"https:\/\/agora.xtec.cat\/ies-rbiv-cambrils\/wp-json\/wp\/v2\/users\/234"}],"replies":[{"embeddable":true,"href":"https:\/\/agora.xtec.cat\/ies-rbiv-cambrils\/wp-json\/wp\/v2\/comments?post=540"}],"version-history":[{"count":5,"href":"https:\/\/agora.xtec.cat\/ies-rbiv-cambrils\/wp-json\/wp\/v2\/pages\/540\/revisions"}],"predecessor-version":[{"id":13778,"href":"https:\/\/agora.xtec.cat\/ies-rbiv-cambrils\/wp-json\/wp\/v2\/pages\/540\/revisions\/13778"}],"up":[{"embeddable":true,"href":"https:\/\/agora.xtec.cat\/ies-rbiv-cambrils\/wp-json\/wp\/v2\/pages\/19"}],"wp:attachment":[{"href":"https:\/\/agora.xtec.cat\/ies-rbiv-cambrils\/wp-json\/wp\/v2\/media?parent=540"}],"curies":[{"name":"wp","href":"https:\/\/api.w.org\/{rel}","templated":true}]}}