{"id":4036,"date":"2017-09-18T12:21:55","date_gmt":"2017-09-18T10:21:55","guid":{"rendered":"http:\/\/agora.xtec.cat\/ies-rbiv-cambrils\/?page_id=4036"},"modified":"2025-11-17T19:41:17","modified_gmt":"2025-11-17T18:41:17","slug":"avaluaciodiagnostica","status":"publish","type":"page","link":"https:\/\/agora.xtec.cat\/ies-rbiv-cambrils\/estudis\/eso\/avaluaciodiagnostica\/","title":{"rendered":"Proves d&#8217;avaluaci\u00f3 diagn\u00f2stica"},"content":{"rendered":"<p>El Departament d&#8217;Educaci\u00f3 i Formaci\u00f3 Professional organitza cada curs les proves d&#8217;avaluaci\u00f3 diagn\u00f2stica per als alumnes de 2n i 4t d&#8217;ESO. Aquests ex\u00e0mens avaluen les compet\u00e8ncies i els coneixements b\u00e0sics que ha d&#8217;haver adquirit l&#8217;alumnat al final de l&#8217;educaci\u00f3 secund\u00e0ria obligat\u00f2ria en compet\u00e8ncia comunicativa ling\u00fc\u00edstica (en llengua catalana, castellana i estrangera: angl\u00e8s o franc\u00e8s), en compet\u00e8ncia matem\u00e0tica i en compet\u00e8ncia cientificotecnol\u00f2gica.<\/p>\n<p>\u00c9s una avaluaci\u00f3 externa de car\u00e0cter informatiu, formatiu i orientador. \u00c9s una activitat educativa i, com a tal, t\u00e9 car\u00e0cter obligatori, ja que est\u00e0 configurada com un dret i un deure de l&#8217;alumnat.<\/p>\n","protected":false},"excerpt":{"rendered":"<p>El Departament d&#8217;Educaci\u00f3 i Formaci\u00f3 Professional organitza cada curs les proves d&#8217;avaluaci\u00f3 diagn\u00f2stica per als alumnes de 2n i 4t d&#8217;ESO. Aquests ex\u00e0mens avaluen les compet\u00e8ncies i els coneixements b\u00e0sics que ha d&#8217;haver adquirit l&#8217;alumnat al final de l&#8217;educaci\u00f3 secund\u00e0ria obligat\u00f2ria en compet\u00e8ncia comunicativa ling\u00fc\u00edstica&hellip;  <a href=\"https:\/\/agora.xtec.cat\/ies-rbiv-cambrils\/estudis\/eso\/avaluaciodiagnostica\/\" title=\"Read Proves d&#8217;avaluaci\u00f3 diagn\u00f2stica\">Llegeix m\u00e9s\u00bb<\/a><\/p>\n","protected":false},"author":5,"featured_media":0,"parent":968,"menu_order":11,"comment_status":"closed","ping_status":"closed","template":"page-templates\/side-menu.php","meta":{"_bbp_topic_count":0,"_bbp_reply_count":0,"_bbp_total_topic_count":0,"_bbp_total_reply_count":0,"_bbp_voice_count":0,"_bbp_anonymous_reply_count":0,"_bbp_topic_count_hidden":0,"_bbp_reply_count_hidden":0,"_bbp_forum_subforum_count":0,"footnotes":""},"class_list":["post-4036","page","type-page","status-publish","hentry"],"post_mailing_queue_ids":[],"_links":{"self":[{"href":"https:\/\/agora.xtec.cat\/ies-rbiv-cambrils\/wp-json\/wp\/v2\/pages\/4036","targetHints":{"allow":["GET"]}}],"collection":[{"href":"https:\/\/agora.xtec.cat\/ies-rbiv-cambrils\/wp-json\/wp\/v2\/pages"}],"about":[{"href":"https:\/\/agora.xtec.cat\/ies-rbiv-cambrils\/wp-json\/wp\/v2\/types\/page"}],"author":[{"embeddable":true,"href":"https:\/\/agora.xtec.cat\/ies-rbiv-cambrils\/wp-json\/wp\/v2\/users\/5"}],"replies":[{"embeddable":true,"href":"https:\/\/agora.xtec.cat\/ies-rbiv-cambrils\/wp-json\/wp\/v2\/comments?post=4036"}],"version-history":[{"count":10,"href":"https:\/\/agora.xtec.cat\/ies-rbiv-cambrils\/wp-json\/wp\/v2\/pages\/4036\/revisions"}],"predecessor-version":[{"id":16891,"href":"https:\/\/agora.xtec.cat\/ies-rbiv-cambrils\/wp-json\/wp\/v2\/pages\/4036\/revisions\/16891"}],"up":[{"embeddable":true,"href":"https:\/\/agora.xtec.cat\/ies-rbiv-cambrils\/wp-json\/wp\/v2\/pages\/968"}],"wp:attachment":[{"href":"https:\/\/agora.xtec.cat\/ies-rbiv-cambrils\/wp-json\/wp\/v2\/media?parent=4036"}],"curies":[{"name":"wp","href":"https:\/\/api.w.org\/{rel}","templated":true}]}}