{"id":4007,"date":"2017-09-05T13:22:21","date_gmt":"2017-09-05T11:22:21","guid":{"rendered":"http:\/\/agora.xtec.cat\/ies-rbiv-cambrils\/?page_id=4007"},"modified":"2020-12-15T13:49:19","modified_gmt":"2020-12-15T12:49:19","slug":"servei-dassessorament-i-reconeixement-dfp","status":"publish","type":"page","link":"https:\/\/agora.xtec.cat\/ies-rbiv-cambrils\/serveis\/servei-dassessorament-i-reconeixement-dfp\/","title":{"rendered":"Servei d&#8217;assessorament i reconeixement d&#8217;FP"},"content":{"rendered":"<p><a href=\" https:\/\/agora.xtec.cat\/ies-rbiv-cambrils\/serveis\/servei-dassessorament-i-reconeixement-dfp\/servei-de-reconeixement-academic\/\"><img loading=\"lazy\" decoding=\"async\" class=\"alignright wp-image-4014 size-full\" src=\"https:\/\/agora.xtec.cat\/ies-rbiv-cambrils\/wp-content\/uploads\/usu79\/2017\/09\/reconeixement.jpg\" alt=\"\" width=\"84\" height=\"84\" \/><\/a><a href=\" https:\/\/agora.xtec.cat\/ies-rbiv-cambrils\/serveis\/servei-dassessorament-i-reconeixement-dfp\/assessorament-2\/\"><img loading=\"lazy\" decoding=\"async\" class=\"alignright wp-image-4013 size-full\" src=\"https:\/\/agora.xtec.cat\/ies-rbiv-cambrils\/wp-content\/uploads\/usu79\/2017\/09\/assessorament.jpg\" alt=\"\" width=\"84\" height=\"84\" \/><\/a><\/p>\n<h2>INFORMACI\u00d3 GENERAL<\/h2>\n<p style=\"text-align: justify;\">El Servei d&#8217;assessorament en la formaci\u00f3 professional del sistema educatiu i el Servei de reconeixement acad\u00e8mic dels aprenentatges assolits mitjan\u00e7ant l&#8217;experi\u00e8ncia laboral o en activitats socials s\u00f3n dues actuacions regulades a la Resoluci\u00f3 ENS\/1891\/2012, de 23 d&#8217;agost, d&#8217;organitzaci\u00f3 de diverses mesures flexibilitzadores i actuacions en la formaci\u00f3 professional inicial.<\/p>\n<p style=\"text-align: justify;\">El Servei d&#8217;assessorament en la formaci\u00f3 professional del sistema educatiu s&#8217;adre\u00e7a a les persones adultes interessades a obtenir la diagnosi de les seves possibilitats formatives i de promoci\u00f3 professional, i l&#8217;itinerari formatiu m\u00e9s adequat per aconseguir l&#8217;objectiu de qualificaci\u00f3 m\u00e9s idoni. Aquesta diagnosi \u00e9s un requisit previ per participar en el reconeixement acad\u00e8mic dels aprenentatges assolits mitjan\u00e7ant l&#8217;experi\u00e8ncia laboral o en activitats socials.<\/p>\n<p style=\"text-align: justify;\">Per la seva banda, el\u00a0<strong>Servei de reconeixement acad\u00e8mic dels aprenentatges assolits mitjan\u00e7ant l&#8217;experi\u00e8ncia laboral o en activitats socials s&#8217;adre\u00e7a a les persones amb experi\u00e8ncia laboral o en activitats socials<\/strong>\u00a0que vulguin tenir un reconeixement acad\u00e8mic dels aprenentatges adquirits relacionats amb un determinat cicle formatiu.<\/p>\n<p style=\"text-align: justify;\">\u00c9s imprescindible disposar de l&#8217;informe del servei d&#8217;assessorament o document equivalent de convocat\u00f2ries d&#8217;acreditaci\u00f3 o validaci\u00f3 amb l&#8217;orientaci\u00f3 i\/o assessorament fet del mateix t\u00edtol o d&#8217;un t\u00edtol af\u00ed.<\/p>\n","protected":false},"excerpt":{"rendered":"<p><a href=\" https:\/\/agora.xtec.cat\/ies-rbiv-cambrils\/serveis\/servei-dassessorament-i-reconeixement-dfp\/servei-de-reconeixement-academic\/\"><\/a><a href=\" https:\/\/agora.xtec.cat\/ies-rbiv-cambrils\/serveis\/servei-dassessorament-i-reconeixement-dfp\/assessorament-2\/\"><\/a><br \/>\nINFORMACI\u00d3 GENERAL<br \/>\nEl Servei d&#8217;assessorament en la formaci\u00f3 professional del sistema educatiu i el Servei de reconeixement acad\u00e8mic dels aprenentatges assolits mitjan\u00e7ant l&#8217;experi\u00e8ncia laboral o en activitats socials s\u00f3n dues actuacions regulades a la Resoluci\u00f3 ENS\/1891\/2012, de 23 d&#8217;agost, d&#8217;organitzaci\u00f3 de diverses&hellip;  <a href=\"https:\/\/agora.xtec.cat\/ies-rbiv-cambrils\/serveis\/servei-dassessorament-i-reconeixement-dfp\/\" title=\"Read Servei d&#8217;assessorament i reconeixement d&#8217;FP\">Llegeix m\u00e9s\u00bb<\/a><\/p>\n","protected":false},"author":234,"featured_media":0,"parent":63,"menu_order":0,"comment_status":"closed","ping_status":"closed","template":"page-templates\/side-menu.php","meta":{"_bbp_topic_count":0,"_bbp_reply_count":0,"_bbp_total_topic_count":0,"_bbp_total_reply_count":0,"_bbp_voice_count":0,"_bbp_anonymous_reply_count":0,"_bbp_topic_count_hidden":0,"_bbp_reply_count_hidden":0,"_bbp_forum_subforum_count":0,"footnotes":""},"class_list":["post-4007","page","type-page","status-publish","hentry"],"post_mailing_queue_ids":[],"_links":{"self":[{"href":"https:\/\/agora.xtec.cat\/ies-rbiv-cambrils\/wp-json\/wp\/v2\/pages\/4007","targetHints":{"allow":["GET"]}}],"collection":[{"href":"https:\/\/agora.xtec.cat\/ies-rbiv-cambrils\/wp-json\/wp\/v2\/pages"}],"about":[{"href":"https:\/\/agora.xtec.cat\/ies-rbiv-cambrils\/wp-json\/wp\/v2\/types\/page"}],"author":[{"embeddable":true,"href":"https:\/\/agora.xtec.cat\/ies-rbiv-cambrils\/wp-json\/wp\/v2\/users\/234"}],"replies":[{"embeddable":true,"href":"https:\/\/agora.xtec.cat\/ies-rbiv-cambrils\/wp-json\/wp\/v2\/comments?post=4007"}],"version-history":[{"count":5,"href":"https:\/\/agora.xtec.cat\/ies-rbiv-cambrils\/wp-json\/wp\/v2\/pages\/4007\/revisions"}],"predecessor-version":[{"id":10868,"href":"https:\/\/agora.xtec.cat\/ies-rbiv-cambrils\/wp-json\/wp\/v2\/pages\/4007\/revisions\/10868"}],"up":[{"embeddable":true,"href":"https:\/\/agora.xtec.cat\/ies-rbiv-cambrils\/wp-json\/wp\/v2\/pages\/63"}],"wp:attachment":[{"href":"https:\/\/agora.xtec.cat\/ies-rbiv-cambrils\/wp-json\/wp\/v2\/media?parent=4007"}],"curies":[{"name":"wp","href":"https:\/\/api.w.org\/{rel}","templated":true}]}}

<p><a href=" https://agora.xtec.cat/ies-rbiv-cambrils/serveis/servei-dassessorament-i-reconeixement-dfp/servei-de-reconeixement-academic/"><img loading="lazy" decoding="async" class="alignright wp-image-4014 size-full" src="https://agora.xtec.cat/ies-rbiv-cambrils/wp-content/uploads/usu79/2017/09/reconeixement.jpg" alt="" width="84" height="84" /></a><a href=" https://agora.xtec.cat/ies-rbiv-cambrils/serveis/servei-dassessorament-i-reconeixement-dfp/assessorament-2/"><img loading="lazy" decoding="async" class="alignright wp-image-4013 size-full" src="https://agora.xtec.cat/ies-rbiv-cambrils/wp-content/uploads/usu79/2017/09/assessorament.jpg" alt="" width="84" height="84" /></a></p>
<h2>INFORMACIÓ GENERAL</h2>
<p style="text-align: justify;">El Servei d&#8217;assessorament en la formació professional del sistema educatiu i el Servei de reconeixement acadèmic dels aprenentatges assolits mitjançant l&#8217;experiència laboral o en activitats socials són dues actuacions regulades a la Resolució ENS/1891/2012, de 23 d&#8217;agost, d&#8217;organització de diverses mesures flexibilitzadores i actuacions en la formació professional inicial.</p>
<p style="text-align: justify;">El Servei d&#8217;assessorament en la formació professional del sistema educatiu s&#8217;adreça a les persones adultes interessades a obtenir la diagnosi de les seves possibilitats formatives i de promoció professional, i l&#8217;itinerari formatiu més adequat per aconseguir l&#8217;objectiu de qualificació més idoni. Aquesta diagnosi és un requisit previ per participar en el reconeixement acadèmic dels aprenentatges assolits mitjançant l&#8217;experiència laboral o en activitats socials.</p>
<p style="text-align: justify;">Per la seva banda, el <strong>Servei de reconeixement acadèmic dels aprenentatges assolits mitjançant l&#8217;experiència laboral o en activitats socials s&#8217;adreça a les persones amb experiència laboral o en activitats socials</strong> que vulguin tenir un reconeixement acadèmic dels aprenentatges adquirits relacionats amb un determinat cicle formatiu.</p>
<p style="text-align: justify;">És imprescindible disposar de l&#8217;informe del servei d&#8217;assessorament o document equivalent de convocatòries d&#8217;acreditació o validació amb l&#8217;orientació i/o assessorament fet del mateix títol o d&#8217;un títol afí.</p>

<p><a href=" https://agora.xtec.cat/ies-rbiv-cambrils/serveis/servei-dassessorament-i-reconeixement-dfp/servei-de-reconeixement-academic/"></a><a href=" https://agora.xtec.cat/ies-rbiv-cambrils/serveis/servei-dassessorament-i-reconeixement-dfp/assessorament-2/"></a><br />
INFORMACIÓ GENERAL<br />
El Servei d&#8217;assessorament en la formació professional del sistema educatiu i el Servei de reconeixement acadèmic dels aprenentatges assolits mitjançant l&#8217;experiència laboral o en activitats socials són dues actuacions regulades a la Resolució ENS/1891/2012, de 23 d&#8217;agost, d&#8217;organització de diverses&hellip;  <a href="https://agora.xtec.cat/ies-rbiv-cambrils/serveis/servei-dassessorament-i-reconeixement-dfp/" title="Read Servei d&#8217;assessorament i reconeixement d&#8217;FP">Llegeix més»</a></p>
