{"id":18434,"date":"2026-03-27T10:03:12","date_gmt":"2026-03-27T09:03:12","guid":{"rendered":"https:\/\/agora.xtec.cat\/ies-rbiv-cambrils\/?page_id=18434"},"modified":"2026-04-07T10:41:22","modified_gmt":"2026-04-07T08:41:22","slug":"preinscripcio-cfpm","status":"publish","type":"page","link":"https:\/\/agora.xtec.cat\/ies-rbiv-cambrils\/secretaria\/preinscripcio-i-matricula\/preinscripcio-cfpm\/","title":{"rendered":"Preinscripci\u00f3 i matr\u00edcula cicles formatius de grau mitj\u00e0"},"content":{"rendered":"<h2>Preinscripci\u00f3<\/h2>\n<p>Per accedir a un cicle de formaci\u00f3 professional cal <a href=\"https:\/\/preinscripcio.gencat.cat\/ca\/estudis\/fp-grau-mitja\/inici\/\" target=\"_blank\" rel=\"noopener\"><strong>formalitzar la sol\u00b7licitud de preinscripci\u00f3<\/strong><\/a> encara que es cursin altres ensenyaments a l&#8217;Institut. Nom\u00e9s es pot formalitzar una sol\u00b7licitud, que s&#8217;ha de presentar al centre demanat en primer lloc, indicant-hi els centres, cicles o torns als quals es vol accedir. Per poder cursar un <strong>cicle de grau mitj\u00e0<\/strong> cal complir els requisits acad\u00e8mics d&#8217;acc\u00e9s que estableix la normativa.<\/p>\n<ul>\n<li>CFPM AG10 Gesti\u00f3 administrativa<\/li>\n<li>CFPM IM10 Manteniment electromec\u00e0nic<\/li>\n<li>CFPM TM60 Manteniment d&#8217;Embarcacions d&#8217;Esbarjo<\/li>\n<li>CFPM 1601 Cures Auxiliars d&#8217;Infermeria (nom\u00e9s torn de tarda)<\/li>\n<\/ul>\n<hr width=\"10%\" \/>\n<p><sub><em>Darrera actualitzaci\u00f3: 7-abril-2026<\/em><\/sub><\/p>\n<h3>Calendari<\/h3>\n<table style=\"width: 94%;\">\n<tbody>\n<tr>\n<td style=\"text-align: left; width: 75%;\"><strong>Fases de la preinscripci\u00f3<\/strong><\/td>\n<td style=\"text-align: center; width: 23%;\"><strong>Dates any 2026<\/strong><\/td>\n<\/tr>\n<tr>\n<td width=\"76%\">Publicaci\u00f3 de l&#8217;oferta inicial de places<\/td>\n<td width=\"23%\">22 de maig<\/td>\n<\/tr>\n<tr>\n<td width=\"76%\"><strong>Presentaci\u00f3 i\/o modificaci\u00f3 de sol\u00b7licituds (format electr\u00f2nic o suport inform\u00e0tic)<\/strong><\/p>\n<hr width=\"10%\" \/>\n<p><em>Si cal adjuntar documentaci\u00f3 escanejada o fotografiada a la Preinscripci\u00f3, recordeu fer-ho de totes les cares del document i, sempre que pugueu, en format PDF.<br \/>\n* Tutorial en v\u00eddeo de com digitalitzar la documentaci\u00f3 necess\u00e0ria: <a href=\"https:\/\/youtu.be\/M4FpasB2R0U?si=uWdwGOld82G81HcQ\" target=\"_blank\" rel=\"noopener\">https:\/\/youtu.be\/M4FpasB2R0U?si=uWdwGOld82G81HcQ<\/a><\/em><\/td>\n<td width=\"23%\"><strong>del 26 de maig a l&#8217;1 de juny<\/strong><\/td>\n<\/tr>\n<tr>\n<td width=\"76%\">Presentaci\u00f3 de documentaci\u00f3<\/td>\n<td width=\"23%\">fins el 2 de juny<\/td>\n<\/tr>\n<tr>\n<td width=\"76%\"><strong>Publicaci\u00f3 de la llista de sol\u00b7licituds amb la puntuaci\u00f3 provisional<\/strong><br \/>\n<sub><em>El centre romandr\u00e0 tancat per ser festa local<\/em><\/sub><\/td>\n<td width=\"23%\"><strong>29 de juny<\/strong><\/td>\n<\/tr>\n<tr>\n<td width=\"76%\">Presentaci\u00f3 de reclamacions al barem provisional.<\/td>\n<td width=\"23%\">del 29 de juny al 2 de juliol<\/td>\n<\/tr>\n<tr>\n<td width=\"76%\"><strong>Publicaci\u00f3 de la llista de sol\u00b7licituds amb la puntuaci\u00f3, un cop resoltes les reclamacions.<\/strong><\/td>\n<td width=\"23%\"><strong>7 de juliol<\/strong><\/td>\n<\/tr>\n<tr>\n<td width=\"76%\">Publicaci\u00f3 de l&#8217;oferta final de places<\/td>\n<td width=\"23%\">10 de juliol<\/td>\n<\/tr>\n<tr>\n<td width=\"76%\"><strong>Publicaci\u00f3 de la primera tanda d&#8217;assignacions<\/strong>. Els alumnes assignats en 1\u00aa petici\u00f3 i altres peticions han de <a href=\"#MAT_CFM\">confirmar la matr\u00edcula<\/a>.<\/td>\n<td width=\"23%\"><strong>10 de juliol<\/strong><\/td>\n<\/tr>\n<tr>\n<td width=\"76%\">Presentaci\u00f3 de reclamacions a les llistes d&#8217;alumnes amb pla\u00e7a assignada en la primera assignaci\u00f3 davant la comissi\u00f3 de garanties d&#8217;admissi\u00f3.<\/td>\n<td width=\"23%\">del 13 al 15 de juliol, ambd\u00f3s inclosos<\/td>\n<\/tr>\n<tr>\n<td width=\"76%\"><strong>Publicaci\u00f3 de la segona tanda d&#8217;assignacions i assignaci\u00f3 d&#8217;ofici<\/strong>.\u00a0Els alumnes assignats han de <a href=\"#MAT_CFM\">confirmar la matr\u00edcula<\/a>.<\/td>\n<td width=\"23%\"><strong>24 de juliol<\/strong><\/td>\n<\/tr>\n<tr>\n<td width=\"76%\">Presentaci\u00f3 de reclamacions a les llistes d&#8217;alumnes amb pla\u00e7a assignada en la segona assignaci\u00f3 davant la comissi\u00f3 de garanties d&#8217;admissi\u00f3.<\/td>\n<td width=\"23%\">del 27 al 29 de juliol, ambd\u00f3s inclosos<\/td>\n<\/tr>\n<\/tbody>\n<\/table>\n<hr width=\"10%\" \/>\n<h2><a id=\"MAT_CFM\"><\/a>Matr\u00edcula<\/h2>\n<h3><strong>Calendari<\/strong><\/h3>\n<table width=\"94%\">\n<tbody>\n<tr>\n<td style=\"text-align: left; width: 75%;\"><strong>Fases de la matr\u00edcula<\/strong><\/td>\n<td style=\"text-align: center; width: 23%;\"><strong>Dates any 2026<\/strong><\/td>\n<\/tr>\n<tr>\n<td width=\"75%\">Alumnes assignats en 1\u00aa petici\u00f3 i altres peticions. <strong>Confirmar la matr\u00edcula <em>online.<\/em><\/strong><\/td>\n<td width=\"\"><strong>del 10 al 14 de juliol<\/strong><\/td>\n<\/tr>\n<tr>\n<td width=\"75%\">Alumnes assignats en 1\u00aa petici\u00f3 i altres peticions. Presentar la documentaci\u00f3 al centre.<\/td>\n<td width=\"\">del 10 al 16 de juliol, fins a les 14.00 hores.<\/td>\n<\/tr>\n<tr>\n<td width=\"75%\">Alumnes assignats en la segona tanda. <strong>Confirmar la matr\u00edcula <em>online.<\/em><\/strong><\/td>\n<td width=\"\"><strong>del 24 al 28 de juliol<\/strong><\/td>\n<\/tr>\n<tr>\n<td width=\"75%\">Alumnes assignats en la segona tanda. Presentar la documentaci\u00f3 al centre.<\/td>\n<td width=\"\">del 24 al 28 de juliol, i excepcionalment de l&#8217;1 al 3 de setembre<\/td>\n<\/tr>\n<\/tbody>\n<\/table>\n<blockquote><p>El 7 de setembre, el Departament d&#8217;Educaci\u00f3 i Formaci\u00f3 Professional publicar\u00e0 a la web de preinscripci\u00f3 la relaci\u00f3 de les places vacants existents a cada centre i cicle, i un calendari de matr\u00edcula.<\/p><\/blockquote>\n<p>Cal completar el proc\u00e9s seguint rigorosament el calendari i les instruccions per la matriculaci\u00f3.<\/p>\n<p><strong> Molt important:<\/strong> si la matr\u00edcula no es fa en el per\u00edode establert, es considera que es renuncia a la pla\u00e7a adjudicada, llevat que sigui per causes justificades.<\/p>\n<h4>Qu\u00e8 necessito per fer la matr\u00edcula?<\/h4>\n<p><strong>La matr\u00edcula<\/strong> \u00e9s presencial i no cal cita pr\u00e8via. Les fam\u00edlies dels alumnes amb pla\u00e7a assignada rebreu un correu electr\u00f2nic amb tota la informaci\u00f3.<br \/>\nEn primer lloc haureu de descarregar-vos l\u2019aplicaci\u00f3 o accedir a la web de TPVescola (<a href=\"https:\/\/tpvescola.com\/\" target=\"_blank\" rel=\"noopener\">https:\/\/tpvescola.com\/<\/a>), on haureu d\u2019emplenar i signar els documents que hi trobareu, i realitzar el pagament de la matr\u00edcula i els serveis complementaris. <strong>Les claus d\u2019acc\u00e9s a l&#8217;aplicaci\u00f3 les rebreu per correu electr\u00f2nic.<\/strong><\/p>\n<p>Un cop realitzat aquest tr\u00e0mit, cal <strong>passar pel centre<\/strong>, i portar la documentaci\u00f3 (original, no c\u00f2pia):<br \/>\n&#8211; DNI\/NIE\/Passaport\/document d&#8217;identitat d&#8217;un pa\u00eds membre de la Uni\u00f3 Europea de l\u2019alumne\/alumna.<br \/>\n&#8211; Tarjeta Sanit\u00e0ria Individual.<\/p>\n<p>Si l&#8217;alumne o alumna \u00e9s menor d&#8217;edat,<br \/>\n&#8211; DNI\/NIE\/Passaport\/document d&#8217;identitat d&#8217;un pa\u00eds membre de la Uni\u00f3 Europea del pare\/mare o tutor legal.<br \/>\n&#8211; Certificat de naixement, llibre de fam\u00edlia o documentaci\u00f3 alternativa (els fulls del titulars i de l\u2019alumne\/alumna).<\/p>\n<p><strong>Documentaci\u00f3 acreditativa del compliment dels requisits d&#8217;acc\u00e9s<\/strong>, si no s&#8217;ha presentat durant la preinscripci\u00f3:<br \/>\n&#8211; T\u00edtol o resguard del t\u00edtol dels estudis que donen acc\u00e9s al cicle formatiu, o certificat (no butllet\u00ed de qualificacions) dels estudis finalitzats que permeten l\u2019acc\u00e9s, si en el t\u00edtol no consta la nota final.<br \/>\n&#8211; Certificat (no butllet\u00ed de qualificacions) dels estudis finalitzats que permeten l\u2019acc\u00e9s, si en el t\u00edtol no consta la nota final.<br \/>\n&#8211; Consell orientador (qui accedeix per haver aprovat l&#8217;ESO).<br \/>\n&#8211; Els alumnes amb estudis estrangers han de presentar el certificat d\u2019homologaci\u00f3 o el volant d\u2019homologaci\u00f3 (v\u00e0lid per a un curs escolar).<\/p>\n<blockquote><p>En el cas de matricular-se per repetir curs, canviar de centre, o demanar convalidacions, us demanarem un certificat oficial de notes per tenir informaci\u00f3 sobre la situaci\u00f3 acad\u00e8mica de l&#8217;alumne\/alumna.<\/p><\/blockquote>\n<p>Per a qualsevol dubte poden contactar amb Secretaria a l\u2019adre\u00e7a electr\u00f2nica <a href=\"mailto:secretaria@rbiv.cat\" target=\"_blank\" rel=\"noopener\">secretaria@rbiv.cat<\/a>, o b\u00e9 al tel\u00e8fon 977 361 496, de dilluns a divendres en horari de 09:00 a 14:00 hores.<\/p>\n<p style=\"text-align: right;\"><a href=\"https:\/\/agora.xtec.cat\/ies-rbiv-cambrils\/secretaria\/preinscripcio-i-matricula\/\"><span style=\"color: #ff0000;\"> &lt;- Tornar<\/span><\/a><\/p>\n","protected":false},"excerpt":{"rendered":"<p>Preinscripci\u00f3<br \/>\nPer accedir a un cicle de formaci\u00f3 professional cal <a href=\"https:\/\/preinscripcio.gencat.cat\/ca\/estudis\/fp-grau-mitja\/inici\/\" target=\"_blank\" rel=\"noopener\">formalitzar la sol\u00b7licitud de preinscripci\u00f3<\/a> encara que es cursin altres ensenyaments a l&#8217;Institut. Nom\u00e9s es pot formalitzar una sol\u00b7licitud, que s&#8217;ha de presentar al centre demanat en primer lloc, indicant-hi els centres, cicles&hellip;  <a href=\"https:\/\/agora.xtec.cat\/ies-rbiv-cambrils\/secretaria\/preinscripcio-i-matricula\/preinscripcio-cfpm\/\" title=\"Read Preinscripci\u00f3 i matr\u00edcula cicles formatius de grau mitj\u00e0\">Llegeix m\u00e9s\u00bb<\/a><\/p>\n","protected":false},"author":7,"featured_media":0,"parent":7764,"menu_order":0,"comment_status":"closed","ping_status":"closed","template":"","meta":{"_bbp_topic_count":0,"_bbp_reply_count":0,"_bbp_total_topic_count":0,"_bbp_total_reply_count":0,"_bbp_voice_count":0,"_bbp_anonymous_reply_count":0,"_bbp_topic_count_hidden":0,"_bbp_reply_count_hidden":0,"_bbp_forum_subforum_count":0,"footnotes":""},"class_list":["post-18434","page","type-page","status-publish","hentry"],"post_mailing_queue_ids":[],"_links":{"self":[{"href":"https:\/\/agora.xtec.cat\/ies-rbiv-cambrils\/wp-json\/wp\/v2\/pages\/18434","targetHints":{"allow":["GET"]}}],"collection":[{"href":"https:\/\/agora.xtec.cat\/ies-rbiv-cambrils\/wp-json\/wp\/v2\/pages"}],"about":[{"href":"https:\/\/agora.xtec.cat\/ies-rbiv-cambrils\/wp-json\/wp\/v2\/types\/page"}],"author":[{"embeddable":true,"href":"https:\/\/agora.xtec.cat\/ies-rbiv-cambrils\/wp-json\/wp\/v2\/users\/7"}],"replies":[{"embeddable":true,"href":"https:\/\/agora.xtec.cat\/ies-rbiv-cambrils\/wp-json\/wp\/v2\/comments?post=18434"}],"version-history":[{"count":6,"href":"https:\/\/agora.xtec.cat\/ies-rbiv-cambrils\/wp-json\/wp\/v2\/pages\/18434\/revisions"}],"predecessor-version":[{"id":18547,"href":"https:\/\/agora.xtec.cat\/ies-rbiv-cambrils\/wp-json\/wp\/v2\/pages\/18434\/revisions\/18547"}],"up":[{"embeddable":true,"href":"https:\/\/agora.xtec.cat\/ies-rbiv-cambrils\/wp-json\/wp\/v2\/pages\/7764"}],"wp:attachment":[{"href":"https:\/\/agora.xtec.cat\/ies-rbiv-cambrils\/wp-json\/wp\/v2\/media?parent=18434"}],"curies":[{"name":"wp","href":"https:\/\/api.w.org\/{rel}","templated":true}]}}