{"id":1459,"date":"2016-09-22T10:13:07","date_gmt":"2016-09-22T09:13:07","guid":{"rendered":"http:\/\/agora.xtec.cat\/ies-rbiv-cambrils\/?page_id=1459"},"modified":"2016-10-05T08:54:53","modified_gmt":"2016-10-05T07:54:53","slug":"aula-neta","status":"publish","type":"page","link":"https:\/\/agora.xtec.cat\/ies-rbiv-cambrils\/projecte-educatiu\/escola-verda\/aula-neta\/","title":{"rendered":"Aula neta"},"content":{"rendered":"<div class=\"textLayer\"><a href=\"http:\/\/agora.xtec.cat\/ies-rbiv-cambrils\/wp-content\/uploads\/usu79\/2016\/09\/Aula-neta.jpg\"><img loading=\"lazy\" decoding=\"async\" class=\"alignleft  wp-image-1560\" src=\"http:\/\/agora.xtec.cat\/ies-rbiv-cambrils\/wp-content\/uploads\/usu79\/2016\/09\/Aula-neta-300x287.jpg\" alt=\"aula-neta\" width=\"185\" height=\"177\" srcset=\"https:\/\/agora.xtec.cat\/ies-rbiv-cambrils\/wp-content\/uploads\/usu79\/2016\/09\/Aula-neta-300x287.jpg 300w, https:\/\/agora.xtec.cat\/ies-rbiv-cambrils\/wp-content\/uploads\/usu79\/2016\/09\/Aula-neta.jpg 369w\" sizes=\"auto, (max-width: 185px) 100vw, 185px\" \/><\/a><br \/>\nUna de les actuacions que controla la Comissi\u00f3 de Medi Ambiental \u00e9s l\u2019Aula Neta. Els professors, al finalitzar l&#8217;hora de classe, valoraran l&#8217;estat de l&#8217;aula. Els punts que hauran de valorar son:<\/div>\n<div class=\"textLayer\"><\/div>\n<div class=\"textLayer\">\n<ul>\n<li class=\"textLayer\"><strong>Ordre:<\/strong> Les cadires i les taules estan ordenades i alineades. Tots els alumnes han segut al lloc que els correspon.<\/li>\n<li class=\"textLayer\"><strong>Netadat:<\/strong> L&#8217;aula no te papers, ni brossa al terra i les deixalles estan correctament classificades.<\/li>\n<\/ul>\n<div class=\"textLayer\"><\/div>\n<div class=\"textLayer\"><\/div>\n<div class=\"textLayer\">Per recordar un \u00fas correcte de les instal\u00b7lacions els alumnes tindran el seg\u00fcent escrit en l&#8217;aula:<\/div>\n<div class=\"textLayer\"><\/div>\n<div class=\"textLayer\"><\/div>\n<ol>\n<li class=\"textLayer\">L\u2019aula \u00e9s on convisc i aprenc amb els amics i companys. Si la tinc neta i endre\u00e7ada hi estarem tots m\u00e9s a gust i ajudo a millorar la conviv\u00e8ncia.<\/li>\n<li class=\"textLayer\">\n<div data-canvas-width=\"56.666666666666664\">Guixar parets, radiadors, columnes i taules fa malb\u00e9 recursos que s\u00f3n de tots i que han utilitzat els nostres pares i que haurien de poder utilitzar els vostres fills.<\/div>\n<\/li>\n<li class=\"textLayer\">\n<div data-canvas-width=\"105.99999999999999\">\u00a0Mocadors, papers, pl\u00e0stics i altres residus els llen\u00e7ar\u00e9 quan pertoqui en els llocs adients. Aix\u00ed , comen\u00e7ant per l\u2019institut\u00a0i seguint per casa meva, ajudar\u00e9 a fer del planeta un lloc menys brut i m\u00e9s acollidor.<\/div>\n<\/li>\n<li class=\"textLayer\">\n<div data-canvas-width=\"274.23999999999995\">\u00a0No tirant res a terra i deixant-ho ben net, tant a dins com en els patis, s\u00f3c respectu\u00f3s amb amics i ve\u00efns de tot el poble que fan servir aquestes instal\u00b7lacions.<\/div>\n<\/li>\n<li class=\"textLayer\">\n<div data-canvas-width=\"112.66666666666664\">\u00a0Quan toqui pujar\u00e9 les cadires que calgui damunt de les taules per facilitar la feina de les persones que netegen l\u2019institut.<\/div>\n<div data-canvas-width=\"436.7733333333333\">Amb tot net i higienitzat ajudo a millorar la meva salut i la dels meus companys.<\/div>\n<\/li>\n<li data-canvas-width=\"436.7733333333333\">\n<div data-canvas-width=\"177.60000000000002\">Cada dia vindr\u00e9 dutxat, polit i canviat. Si tots fem bona olor treballarem millor i estarem en un ambient m\u00e9s agradable.\u00a0L\u2019educaci\u00f3 es una forma de respecte i consideraci\u00f3 cap als meus companys: dir\u00e9 bon dia, gr\u00e0cies, si us plau, cedir\u00e9 el pas, deixar\u00e9 sortir abans d\u2019entrar en un lloc&#8230;<\/div>\n<\/li>\n<li data-canvas-width=\"436.7733333333333\">\n<div data-canvas-width=\"70.95999999999998\">\u00a0Ser\u00e9 amable i cordial. Un somriure a temps estalvia molts disgustos i ajuda a canviar el mal humor dels altres.<\/div>\n<div data-canvas-width=\"444.55999999999995\">Les baralles ni a dins ni a fora, ni mai.<\/div>\n<\/li>\n<li data-canvas-width=\"436.7733333333333\">\n<div data-canvas-width=\"443.84000000000003\">\u00a0Davant qualsevol dubte o esdeveniment el professorat m\u2019ajudar\u00e0 i acceptar\u00e9 les seves indicacions. Ells s\u00f3n la m\u00e0xima autoritat dins i fora de l\u2019aula.<\/div>\n<\/li>\n<li data-canvas-width=\"436.7733333333333\">\n<div data-canvas-width=\"581.1733333333333\">\u00a0Deixar\u00e9 el m\u00f2bil ben guardat. Els joguets, patins, skates i altres estris s\u00f3n inadequats per estar a l\u2019institut.<\/div>\n<\/li>\n<li data-canvas-width=\"436.7733333333333\">\n<div data-canvas-width=\"155.57333333333332\">\u00a0Esmorzar\u00e9 b\u00e9 durant el pati, cal energia per acabar amb profit les classes del mat\u00ed i aprofitar\u00e9 per anar a la font i al W.C.<\/div>\n<\/li>\n<\/ol>\n<h5>Objectius i continguts:<\/h5>\n<ol>\n<li>Crear un ambient de treball agradable i adequat per una educaci\u00f3 de qualitat<\/li>\n<li>Aprendre a valorar les instal\u00b7lacions de l&#8217;Institut Ramon Berenguer IV de Cambrils<\/li>\n<li>Crear h\u00e0bits de sostenibilitat.<\/li>\n<\/ol>\n<h5>Procediments i temporalitzaci\u00f3:<\/h5>\n<p>Al llarg del curs cada professor recordar\u00e0 les normes de conviv\u00e8ncia i valorar l&#8217;estat de l&#8217;aula al finalitzar la classe. Els alumnes el divendres al sortir de l&#8217;institut deixaran la graella de valoraci\u00f3 en la b\u00fastia de suggeriments, ubicada al costat de la finestreta de secretaria.<\/p>\n<p>El full de seguiment el podeu trobar aqu\u00ed. <a href=\"http:\/\/agora.xtec.cat\/ies-rbiv-cambrils\/wp-content\/uploads\/usu79\/2016\/09\/aula_neta.pdf\">aula_neta<\/a><\/p>\n<p>&nbsp;<\/p>\n<\/div>\n","protected":false},"excerpt":{"rendered":"<p><a href=\"http:\/\/agora.xtec.cat\/ies-rbiv-cambrils\/wp-content\/uploads\/usu79\/2016\/09\/Aula-neta.jpg\"><\/a><br \/>\nUna de les actuacions que controla la Comissi\u00f3 de Medi Ambiental \u00e9s l\u2019Aula Neta. Els professors, al finalitzar l&#8217;hora de classe, valoraran l&#8217;estat de l&#8217;aula. Els punts que hauran de valorar son:<\/p>\n<ul>\n<li class=\"textLayer\">Ordre: Les cadires i les taules estan ordenades i alineades. Tots els&hellip;  <a href=\"https:\/\/agora.xtec.cat\/ies-rbiv-cambrils\/projecte-educatiu\/escola-verda\/aula-neta\/\" title=\"Read Aula neta\">Llegeix m\u00e9s\u00bb<\/a><br \/>\n","protected":false},"author":234,"featured_media":0,"parent":1445,"menu_order":0,"comment_status":"closed","ping_status":"closed","template":"page-templates\/side-menu.php","meta":{"_bbp_topic_count":0,"_bbp_reply_count":0,"_bbp_total_topic_count":0,"_bbp_total_reply_count":0,"_bbp_voice_count":0,"_bbp_anonymous_reply_count":0,"_bbp_topic_count_hidden":0,"_bbp_reply_count_hidden":0,"_bbp_forum_subforum_count":0,"footnotes":""},"class_list":["post-1459","page","type-page","status-publish","hentry"],"post_mailing_queue_ids":[],"_links":{"self":[{"href":"https:\/\/agora.xtec.cat\/ies-rbiv-cambrils\/wp-json\/wp\/v2\/pages\/1459","targetHints":{"allow":["GET"]}}],"collection":[{"href":"https:\/\/agora.xtec.cat\/ies-rbiv-cambrils\/wp-json\/wp\/v2\/pages"}],"about":[{"href":"https:\/\/agora.xtec.cat\/ies-rbiv-cambrils\/wp-json\/wp\/v2\/types\/page"}],"author":[{"embeddable":true,"href":"https:\/\/agora.xtec.cat\/ies-rbiv-cambrils\/wp-json\/wp\/v2\/users\/234"}],"replies":[{"embeddable":true,"href":"https:\/\/agora.xtec.cat\/ies-rbiv-cambrils\/wp-json\/wp\/v2\/comments?post=1459"}],"version-history":[{"count":4,"href":"https:\/\/agora.xtec.cat\/ies-rbiv-cambrils\/wp-json\/wp\/v2\/pages\/1459\/revisions"}],"predecessor-version":[{"id":1562,"href":"https:\/\/agora.xtec.cat\/ies-rbiv-cambrils\/wp-json\/wp\/v2\/pages\/1459\/revisions\/1562"}],"up":[{"embeddable":true,"href":"https:\/\/agora.xtec.cat\/ies-rbiv-cambrils\/wp-json\/wp\/v2\/pages\/1445"}],"wp:attachment":[{"href":"https:\/\/agora.xtec.cat\/ies-rbiv-cambrils\/wp-json\/wp\/v2\/media?parent=1459"}],"curies":[{"name":"wp","href":"https:\/\/api.w.org\/{rel}","templated":true}]}}