{"id":1413,"date":"2016-09-12T09:57:25","date_gmt":"2016-09-12T07:57:25","guid":{"rendered":"http:\/\/agora.xtec.cat\/ies-rbiv-cambrils\/?page_id=1413"},"modified":"2021-03-05T13:05:04","modified_gmt":"2021-03-05T12:05:04","slug":"religio","status":"publish","type":"page","link":"https:\/\/agora.xtec.cat\/ies-rbiv-cambrils\/estudis\/eso\/religio\/","title":{"rendered":"Orientaci\u00f3 acad\u00e8mica i professional"},"content":{"rendered":"<p><span style=\"color: #008080;\"><b>Mapa del Sistema Educatiu a Catalunya<\/b><\/span><\/p>\n<p><img loading=\"lazy\" decoding=\"async\" class=\"wp-image-11133 aligncenter\" src=\"https:\/\/agora.xtec.cat\/ies-rbiv-cambrils\/wp-content\/uploads\/usu79\/2021\/03\/mapa-destudis.png\" alt=\"\" width=\"530\" height=\"408\" srcset=\"https:\/\/agora.xtec.cat\/ies-rbiv-cambrils\/wp-content\/uploads\/usu79\/2021\/03\/mapa-destudis.png 816w, https:\/\/agora.xtec.cat\/ies-rbiv-cambrils\/wp-content\/uploads\/usu79\/2021\/03\/mapa-destudis-300x231.png 300w, https:\/\/agora.xtec.cat\/ies-rbiv-cambrils\/wp-content\/uploads\/usu79\/2021\/03\/mapa-destudis-768x592.png 768w\" sizes=\"auto, (max-width: 530px) 100vw, 530px\" \/><b style=\"font-family: inherit; font-size: 1em;\"><\/b><\/p>\n<p>&nbsp;<\/p>\n<p style=\"text-align: justify;\"><span style=\"font-weight: 400;\">Clicant en el seg\u00fcent enlla\u00e7, podr\u00e0s navegar pel mapa interactiu del Sistema Educatiu de Catalunya i consultar la possibilitat de cursar diferents ensenyaments per arribar a aconseguir els teus objectius professionals. En els diferents apartats hi trobar\u00e0s tota la informaci\u00f3 que necessitis per construir el teu itinerari formatiu.<\/span><\/p>\n<p style=\"text-align: justify;\"><span style=\"color: #008080;\"><b>Com treballem l\u2019o<\/b><b style=\"font-family: inherit; font-size: 1em;\">rientaci\u00f3 acad\u00e8mica i laboral al nostre centre?<\/b><\/span><\/p>\n<p style=\"text-align: justify;\"><span style=\"font-weight: 400;\">Els alumnes de 4t d\u2019ESO estan finalitzant una etapa formativa i es troben en el moment de prendre decisions sobre el seu futur acad\u00e8mic o professional.<\/span><\/p>\n<p style=\"text-align: justify;\"><span style=\"font-weight: 400;\">No \u00e9s una transici\u00f3 f\u00e0cil i no tots i totes disposen encara de la maduresa vocacional necess\u00e0ria per afrontar aquesta situaci\u00f3. Per aix\u00f2 nosaltres, docents i fam\u00edlies, hem d\u2019acompanyar-los perqu\u00e8 prenguin la millor decisi\u00f3, tot tenint en compte les seves aptituds, caracter\u00edstiques personals i interessos.<\/span><\/p>\n<p style=\"text-align: justify;\"><span style=\"font-weight: 400;\">Per tal de donar resposta a aquesta demanda, des de l\u2019Institut Ramon Berenguer IV estem duent a terme un Pla d\u2019Orientaci\u00f3 Acad\u00e8mica i Professional que consta de diverses xerrades, sortides i sessions especialitzades de tutoria, en les quals podran veure totes les possibilitats que tenen al seu abast i triar aquella que considerin m\u00e9s adient.<\/span><\/p>\n<p style=\"text-align: justify;\"><span style=\"font-weight: 400;\">A continuaci\u00f3 podeu veure un quadre resum amb les principals activitats que realitzem, sobretot durant el segon trimestre i a principis del tercer.<\/span><\/p>\n<table>\n<tbody>\n<tr>\n<td><span style=\"font-weight: 400;\">DATA<\/span><\/td>\n<td><span style=\"font-weight: 400;\">ACTIVITAT<\/span><\/td>\n<td><span style=\"font-weight: 400;\">PERSONA ENCARREGADA<\/span><\/td>\n<td><span style=\"font-weight: 400;\">RESUM DE L\u2019ACTIVITAT<\/span><\/td>\n<\/tr>\n<tr>\n<td rowspan=\"2\"><b>FEBRER<\/b><\/td>\n<td><span style=\"font-weight: 400;\">Reuni\u00f3 informaci\u00f3 <\/span><a href=\"http:\/\/ensenyament.gencat.cat\/ca\/serveis-tramits\/proves\/proves-acces\/gm-fp\/\"><span style=\"font-weight: 400;\">PROVES ACC\u00c9S<\/span><\/a><\/p>\n<p><span style=\"font-weight: 400;\">\u00a0al CFGM<\/span><\/td>\n<td><span style=\"font-weight: 400;\">Orientadora educativa<\/span><\/td>\n<td><span style=\"font-weight: 400;\">Informaci\u00f3 sobre dates de preinscripci\u00f3 i examen per realitzar la Prova d\u2019acc\u00e9s al CFGM. Assessorament i exemples de proves.<\/span><span style=\"font-weight: 400;\">\u00a0<\/span><\/td>\n<\/tr>\n<tr>\n<td><a href=\"http:\/\/queestudiar.gencat.cat\/ca\/orientacio\/joves\/conec-interessos\/questionari-autoconeixement\/\"><span style=\"font-weight: 400;\">Q\u00dcESTIONARI D&#8217;AUTOCONEIXEMENT<\/span><\/a><\/td>\n<td><span style=\"font-weight: 400;\">Tutors i tutores de 4t ESO amb l\u2019assessorament de l\u2019Orientadora educativa.<\/span><\/td>\n<td><span style=\"font-weight: 400;\">Agrupa els interessos, les aptituds i la personalitat de l\u2019alumne en diferents entorns professionals.\u00a0<\/span><\/td>\n<\/tr>\n<tr>\n<td rowspan=\"4\"><span style=\"font-weight: 400;\">MAR\u00c7<\/span><\/td>\n<td><span style=\"font-weight: 400;\">Itineraris i <\/span><a href=\"http:\/\/graus.unportal.net\/wb\/unportal\/ca\/cercador\/index.html\"><span style=\"font-weight: 400;\">CERCADOR ESTUDIS UNPORTAL<\/span><\/a><\/td>\n<td><span style=\"font-weight: 400;\">Tutors i tutores de 4t ESO amb l\u2019assessorament de l\u2019Orientadora educativa.<\/span><\/td>\n<td><span style=\"font-weight: 400;\">Recerca guiada dels estudis segons els resultats del test d\u2019autoconeixement.\u00a0<\/span><\/td>\n<\/tr>\n<tr>\n<td><span style=\"font-weight: 400;\">Xerrada sobre els itineraris despr\u00e9s de l\u2019ESO: batxillerat, cicles<\/span><\/td>\n<td><span style=\"font-weight: 400;\">Psic\u00f2loga del Servei d\u2019Orientaci\u00f3 Educatiu i Professional de l\u2019Ajuntament de Cambrils (SOEP)<\/span><\/td>\n<td><span style=\"font-weight: 400;\">Explicaci\u00f3 de les opcions despr\u00e9s de l\u2019ESO, tant laborals com formatives<\/span><\/td>\n<\/tr>\n<tr>\n<td><span style=\"font-weight: 400;\">Sortida a l\u2019<\/span><a href=\"http:\/\/espaiestudiant.cat\/\"><span style=\"font-weight: 400;\">ESPAI DE L&#8217;ESTUDIANT (VALLS)<\/span><\/a><\/td>\n<td><span style=\"font-weight: 400;\">Tutors i tutores de 4t ESO i coordinadores extraescolars i ESO.<\/span><\/td>\n<td><span style=\"font-weight: 400;\">Poden informar-se directament dels centres en qu\u00e8 s\u2019imparteixen els estudis que volen cursar.\u00a0<\/span><\/td>\n<\/tr>\n<tr>\n<td><span style=\"font-weight: 400;\">Visita guiada als cicles que s\u2019imparteixen a l\u2019Institut RBIV<\/span><\/td>\n<td><span style=\"font-weight: 400;\">Professorat cicles, coordinadora cicles i coordinadora ESO.<\/span><\/td>\n<td><a href=\"https:\/\/agora.xtec.cat\/ies-rbiv-cambrils\/estudis\/cicles-formatius\/que-oferim\/\"><span style=\"font-weight: 400;\">OFERTA CICLES FORMATIUS RBIV<\/span><\/a><\/td>\n<\/tr>\n<tr>\n<td rowspan=\"2\"><span style=\"font-weight: 400;\">ABRIL<\/span><\/td>\n<td><a href=\"http:\/\/queestudiar.gencat.cat\/ca\/estudis\/pfi\/\"><span style=\"font-weight: 400;\">INFORMACI\u00d3 GENERAL PFI<\/span><\/a><\/td>\n<td><span style=\"font-weight: 400;\">Tutor\/a del PFI-PPT de Cambrils).<\/span><\/td>\n<td><span style=\"font-weight: 400;\">Destinat a l\u2019alumnat a partir dels 16 anys sense GESO i als seus pares (seran citats).<\/span><\/td>\n<\/tr>\n<tr>\n<td><span style=\"font-weight: 400;\">Lliurament de l\u2019Informe orientador\u00a0<\/span><\/td>\n<td><span style=\"font-weight: 400;\">Tutors i tutores 4t ESO amb l\u2019assessorament de la coordinadora de l\u2019ESO i la cap d\u2019estudis.<\/span><\/td>\n<td><span style=\"font-weight: 400;\">Aquest informe cont\u00e9 les recomanacions de l\u2019equip docent de 4t d\u2019ESO. \u00c9s \u00fanicament orientatiu i no pas prescriptiu.<\/span><\/td>\n<\/tr>\n<tr>\n<td rowspan=\"2\"><span style=\"font-weight: 400;\">MAIG<\/span><\/td>\n<td><a href=\"https:\/\/wwwc.oficinadetreball.gencat.cat\/socweb\/opencms\/socweb_ca\/ciutadans\/orientacioTrobarFeina\/curriculum.html\"><span style=\"font-weight: 400;\">CURR\u00cdCULUM SOC<\/span><\/a><\/td>\n<td><span style=\"font-weight: 400;\">Tutors i tutores 4t ESO<\/span><\/td>\n<td><span style=\"font-weight: 400;\">Elaboraci\u00f3 del curr\u00edculum a trav\u00e9s de l\u2019aplicaci\u00f3 del SOC.<\/span><\/td>\n<\/tr>\n<tr>\n<td><a href=\"https:\/\/wwwc.oficinadetreball.gencat.cat\/socweb\/opencms\/socweb_ca\/ciutadans\/orientacioTrobarFeina\/entrevista.html\"><span style=\"font-weight: 400;\">ENTREVISTA DE FEINA SOC<\/span><\/a><\/td>\n<td><span style=\"font-weight: 400;\">Tutors i tutores 4t ESO<\/span><\/td>\n<td><span style=\"font-weight: 400;\">Com afrontar amb \u00e8xit la primera entrevista de feina.<\/span><\/td>\n<\/tr>\n<\/tbody>\n<\/table>\n<p style=\"text-align: justify;\">\n<p style=\"text-align: justify;\"><span style=\"color: #008080;\"><b>I despr\u00e9s de l\u2019ESO, qu\u00e8?<\/b><\/span><\/p>\n<p style=\"text-align: justify;\"><span style=\"font-weight: 400;\">Amb el Graduat en Educaci\u00f3 Secund\u00e0ria Obligat\u00f2ria podr\u00e0s accedir directament:<\/span><\/p>\n<p style=\"text-align: justify;\"><span style=\"font-weight: 400;\">-Als estudis de <\/span><a href=\"https:\/\/agora.xtec.cat\/ies-rbiv-cambrils\/estudis\/batxillerat\/que-oferim\/\"><span style=\"font-weight: 400;\">BATXILLERAT<\/span><\/a><\/p>\n<p style=\"text-align: justify;\"><span style=\"font-weight: 400;\">El batxillerat \u00e9s l\u2019etapa de formaci\u00f3 acad\u00e8mica que es cursa normalment entre els 16 i els 18 anys. T\u00e9 tres modalitats: Arts, Humanitats i Ci\u00e8ncies socials i Ci\u00e8ncies i Tecnologia.<\/span><\/p>\n<p style=\"text-align: justify;\"><span style=\"font-weight: 400;\">En acabar aquests estudis, rebreu el t\u00edtol de batxillerat amb el qual podreu accedir a estudis universitaris (pr\u00e8via prova d\u2019acc\u00e9s) o accedir a un Cicle Formatiu de Grau Superior.<\/span><\/p>\n<p style=\"text-align: justify;\"><span style=\"font-weight: 400;\">Teniu tota la informaci\u00f3 en la web del centre, a l\u2019apartat BATXILLERAT.<\/span><\/p>\n<p style=\"text-align: justify;\"><span style=\"font-weight: 400;\">Tamb\u00e9 podeu trobar informaci\u00f3 general del batxillerat elaborada pel Departament d\u2019Educaci\u00f3 de Catalunya clicant al seg\u00fcent enlla\u00e7:<\/span><\/p>\n<p style=\"text-align: justify;\"><a href=\"http:\/\/queestudiar.gencat.cat\/ca\/estudis\/batxillerat\/\"><span style=\"font-weight: 400;\">INFORMACI\u00d3 GENERAL BATXILLERAT<\/span><\/a><\/p>\n<p style=\"text-align: justify;\"><span style=\"font-weight: 400;\">-Als estudis de <\/span><span style=\"font-weight: 400;\">Cicles Formatius de Grau Mitj\u00e0<\/span><span style=\"font-weight: 400;\">:<\/span><span style=\"font-weight: 400;\">\u00a0<\/span><\/p>\n<p style=\"text-align: justify;\"><span style=\"font-weight: 400;\">La Formaci\u00f3 professional capacita per a l\u2019exercici qualificat de diverses professions i proporciona la formaci\u00f3 necess\u00e0ria per adquirir la compet\u00e8ncia professional i el coneixement propis de cada sector. Tenen una durada variable d\u2019un o dos cursos acad\u00e8mics, que inclou formaci\u00f3 en un centre educatiu i formaci\u00f3 pr\u00e0ctica en centres de treball. Amb la superaci\u00f3 d\u2019un cicle superior de grau mitj\u00e0 obtindreu el t\u00edtol de t\u00e8cnic.<\/span><\/p>\n<p style=\"text-align: justify;\"><span style=\"font-weight: 400;\">Els cicles s\u2019agrupen en fam\u00edlies professionals. En el seg\u00fcent enlla\u00e7 podreu veure les fam\u00edlies professionals en qu\u00e8 s\u2019agrupen els cicles de grau mitj\u00e0 i trobareu informaci\u00f3 sobre cada fam\u00edlia:<\/span><\/p>\n<p style=\"text-align: justify;\"><a href=\"http:\/\/queestudiar.gencat.cat\/ca\/estudis\/fp\/cicles\/gm\/\"><span style=\"font-weight: 400;\">INFORMACI\u00d3 GENERAL CICLES GRAU MITJ\u00c0<\/span><\/a><\/p>\n<p style=\"text-align: justify;\"><span style=\"font-weight: 400;\">&#8211;<\/span><span style=\"font-weight: 400;\">Al <\/span><span style=\"font-weight: 400;\">m\u00f3n laboral\u00a0<\/span><\/p>\n<p style=\"text-align: justify;\"><span style=\"font-weight: 400;\">Tant si ja has finalitzat els teus estudis com si encara no ho has fet, aqu\u00ed trobar\u00e0s recursos que et poden ajudar per orientar-te en el m\u00f3n laboral, cercar una feina i millorar el teu curr\u00edculum.<\/span><\/p>\n<p style=\"text-align: justify;\"><a href=\"http:\/\/serveiocupacio.gencat.cat\/ca\/inici\"><span style=\"font-weight: 400;\">Servei d\u2019Ocupaci\u00f3 de Catalunya (SOC)<\/span><\/a><\/p>\n<p style=\"text-align: justify;\"><span style=\"font-weight: 400;\">El SOC \u00e9s l\u2019organisme que gestiona i integra el conjunt de programes i serveis ocupacionals per mantenir i fomentar l\u2019ocupaci\u00f3 estable i de qualitat a Catalunya.<\/span><\/p>\n<p style=\"text-align: justify;\"><a href=\"https:\/\/feinaactiva.gencat.cat\/web\/guest\/home\"><span style=\"font-weight: 400;\">Cercador d\u2019ofertes de treball Feina Activa<\/span><\/a><\/p>\n<p style=\"text-align: justify;\"><span style=\"font-weight: 400;\">Portal gratu\u00eft per promoure la inserci\u00f3 laboral (dependent\u00a0del SOC).<\/span><\/p>\n<p style=\"text-align: justify;\"><a href=\"http:\/\/garantiajuvenil.gencat.cat\/ca\/apunta-thi\/\"><span style=\"font-weight: 400;\">Programa Garantia Juvenil<\/span><\/a><\/p>\n<p style=\"text-align: justify;\"><span style=\"font-weight: 400;\">Iniciativa europea d\u2019ocupaci\u00f3 per reduir l\u2019atur juvenil. Si tens m\u00e9s de 16 anys i menys de 30 i compleixes els requisits, apunta-t\u2019hi!La Garantia Juvenil garanteix oportunitats pera als joves i ofereix ajuts per a les empreses, basant-se en programes de formaci\u00f3, inserci\u00f3 en el mercat laboral, emprenedoria i orientaci\u00f3 laboral.<\/span><\/p>\n<p style=\"text-align: justify;\"><a href=\"http:\/\/www.cambrils.cat\/ocupacio\"><span style=\"font-weight: 400;\">Cambrils Ocupaci\u00f3<\/span><\/a><\/p>\n<p style=\"text-align: justify;\"><span style=\"font-weight: 400;\">Conjunt de programes i mesures d\u2019orientaci\u00f3, ocupaci\u00f3 i formaci\u00f3 que ofereix l\u2019Ajuntament de Cambrils. Inclou una borsa de treball municipal i informaci\u00f3 sobre el Servei d\u2019Orientaci\u00f3 Educatiu i Professional (SOEP).<\/span><\/p>\n<p style=\"text-align: justify;\"><a href=\"http:\/\/agora.xtec.cat\/ies-rbiv-cambrils\/serveis\/borsa-de-treball\/\"><span style=\"font-weight: 400;\">Borsa de treball INS Ramon Berenguer IV<\/span><\/a><\/p>\n<p style=\"text-align: justify;\"><span style=\"font-weight: 400;\">El nostre centre ofereix als alumnes un servei de borsa de treball per posar-vos en contacte amb empreses que puguin estar-hi interessades.<\/span><\/p>\n<p style=\"text-align: justify;\"><a href=\"http:\/\/moncat.gencat.cat\/ca\/\"><span style=\"font-weight: 400;\">Portal M\u00f3nCat<\/span><\/a><\/p>\n<p style=\"text-align: justify;\"><span style=\"font-weight: 400;\">Si est\u00e0s interessat a treballar a l\u2019estranger, aquesta p\u00e0gina web cont\u00e9 informaci\u00f3 que et pot resultar molt \u00fatil.<\/span><\/p>\n<p style=\"text-align: justify;\"><a href=\"http:\/\/www.carnetjove.cat\/connectat\/\"><span style=\"font-weight: 400;\">Beques Connecta\u2019t (pr\u00e0ctiques laborals)<\/span><\/a><\/p>\n<p style=\"text-align: justify;\"><span style=\"font-weight: 400;\">Et permeten realitzar una estada formativa remunerada durant un any en importants empreses de dotze sectors: realitzaci\u00f3, disseny, fotografia, c\u00f2mic, r\u00e0dio, lletres, muntatge musical, vestuari, caracteritzaci\u00f3, ambientaci\u00f3, acci\u00f3 social i esport.<\/span><\/p>\n<p style=\"text-align: justify;\"><span style=\"color: #008080;\"><b>Qu\u00e8 puc fer si no tinc l\u2019ESO?<\/b><\/span><\/p>\n<p style=\"text-align: justify;\"><span style=\"font-weight: 400;\">-PFI\u00a0<\/span><\/p>\n<p style=\"text-align: justify;\"><span style=\"font-weight: 400;\">Si tens entre 16 anys i 21 anys i no tens el t\u00edtol d\u2019ESO ni participes en cap activitat formativa, pots cursar un Programa de Formaci\u00f3 i Inserci\u00f3.<\/span><\/p>\n<p style=\"text-align: justify;\"><span style=\"font-weight: 400;\">Amb els PFI tens l\u2019oportunitat de tornar al Sistema Educatiu i obtenir una formaci\u00f3 b\u00e0sica per accedir al m\u00f3n del treball.<\/span><\/p>\n<p style=\"text-align: justify;\"><span style=\"font-weight: 400;\">La seva durada \u00e9s de 1.000 hores, \u00e9s a dir, un curs.<\/span><\/p>\n<p style=\"text-align: justify;\"><span style=\"font-weight: 400;\">Al finalitzar el PFI obtindr\u00e0s una certificaci\u00f3 acad\u00e8mica i professional i, a m\u00e9s a m\u00e9s, et donar\u00e0 m\u00e9s possibilitats de treure\u2019t les proves d\u2019acc\u00e9s al cicle mitj\u00e0 si desitges examinar-te. Els PFI s\u2019agrupen en fam\u00edlies professionals.<\/span><\/p>\n<p style=\"text-align: justify;\"><span style=\"font-weight: 400;\">Aqu\u00ed a Cambrils pots cursar els seg\u00fcents PFI a l\u2019Institut Escola d\u2019Hoteleria i Turisme de Cambrils (Carrer l\u2019Estel, 2, 43850 Cambrils, Tarragona)<\/span><\/p>\n<p style=\"text-align: justify;\"><span style=\"font-weight: 400;\">-Auxiliar de vendes, oficina i atenci\u00f3 al p\u00fablic\u00a0<\/span><\/p>\n<p style=\"text-align: justify;\"><a href=\"https:\/\/www.inshotturcambrils.com\/estudis\/ptt-auxiliar-de-vendes-oficina-atencio-public\/\"><span style=\"font-weight: 400;\">AUXILIAR DE VENDES, OFICINA I ATENCI\u00d3 AL P\u00daBLIC<\/span><\/a><\/p>\n<p style=\"text-align: justify;\"><span style=\"font-weight: 400;\">-Auxiliar d\u2019hoteleria: cuina i serveis de restauraci\u00f3\u00a0<\/span><\/p>\n<p style=\"text-align: justify;\"><a href=\"https:\/\/www.inshotturcambrils.com\/estudis\/ptt-auxiliar-hoteleria-cuina-serveis-restaurant-bar\/\"><span style=\"font-weight: 400;\">AUXILIAR D&#8217;HOTELERIA: CUINA I SERVEIS DE RESTAURACI\u00d3<\/span><\/a><\/p>\n<p style=\"text-align: justify;\"><span style=\"font-weight: 400;\">A m\u00e9s a m\u00e9s, en el seg\u00fcent enlla\u00e7 podr\u00e0s obtenir m\u00e9s informaci\u00f3 sobre aquests cursos i les fam\u00edlies professionals en qu\u00e8 s\u2019agrupen.<\/span><\/p>\n<p style=\"text-align: justify;\"><a href=\"http:\/\/queestudiar.gencat.cat\/ca\/estudis\/pfi\/\"><span style=\"font-weight: 400;\">INFORMACI\u00d3 GENERAL PFI<\/span><\/a><\/p>\n<p style=\"text-align: justify;\"><span style=\"font-weight: 400;\">-PROVES ACC\u00c9S CICLE MITJ\u00c0<\/span><\/p>\n<p style=\"text-align: justify;\"><span style=\"font-weight: 400;\">Si tens 17 anys (o el compleixes l\u2019any de la prova) i no tens el t\u00edtol d\u2019ESO ni ensenyaments que et permetin accedir directament als CFGM, pots inscriure\u2019t a les proves d\u2019acc\u00e9s a cicles formatius de grau mitj\u00e0.<\/span><\/p>\n<p style=\"text-align: justify;\"><span style=\"font-weight: 400;\">Pots trobar tota la informaci\u00f3 sobre el calendari, els centres on es fan les proves, el temari i com emplenar la inscripci\u00f3 en el seg\u00fcent enlla\u00e7:<\/span><\/p>\n<p style=\"text-align: justify;\"><a href=\"http:\/\/ensenyament.gencat.cat\/ca\/serveis-tramits\/proves\/proves-acces\/gm-fp\/\"><span style=\"font-weight: 400;\">PROVES ACC\u00c9S<\/span><\/a><\/p>\n<p style=\"text-align: justify;\"><span style=\"font-weight: 400;\">&#8211;<\/span><span style=\"font-weight: 400;\">FORMACI\u00d3 DE PERSONES ADULTES<\/span><\/p>\n<p style=\"text-align: justify;\"><span style=\"font-weight: 400;\">Si tens 18 anys o els compleixes durant l\u2019any natural en qu\u00e8 s\u2019inicia la formaci\u00f3 i vols obtenir el t\u00edtol de GESO, pots cursar aquests estudis de manera presencial o semipresencial als centres de formaci\u00f3 de persones adultes.<\/span><\/p>\n<p style=\"text-align: justify;\"><span style=\"font-weight: 400;\">Si vius a Cambrils pots cursar-los en el CFA Rosa del Vents (Carrer Horta de Santa Maria, 14, 43850 Cambrils, Tarragona)<\/span><\/p>\n<p style=\"text-align: justify;\"><span style=\"font-weight: 400;\">Tamb\u00e9 poden apuntar-s\u2019hi persones m\u00e9s grans de 16 anys en algunes circumst\u00e0ncies puntuals.<\/span><\/p>\n<p style=\"text-align: justify;\"><span style=\"font-weight: 400;\">Pots trobar aquestes situacions excepcionals i m\u00e9s informaci\u00f3 sobre la Formaci\u00f3 de Persones adultes en el seg\u00fcent enlla\u00e7:<\/span><\/p>\n<p style=\"text-align: justify;\"><a href=\"http:\/\/queestudiar.gencat.cat\/ca\/estudis\/adults\/estudis\/secundaria\/?p_id=280&amp;estudi\"><span style=\"font-weight: 400;\">EDUCACI\u00d3 D&#8217;ADULTS<\/span><\/a><\/p>\n<p style=\"text-align: justify;\"><span style=\"font-weight: 400;\">-IOC<\/span><\/p>\n<p style=\"text-align: justify;\"><span style=\"font-weight: 400;\">Podr\u00e0s obtenir el t\u00edtol de GESO a trav\u00e9s de l\u2019Institut Obert de Catalunya si tens 18 anys o m\u00e9s o els compleixes durant el trimestre en qu\u00e8 es formalitza la matr\u00edcula, o b\u00e9 si tens entre 16 i 18 anys i pots justificar documentalment que no pots cursar-lo presencialment en un institut i tens els requisits per cursar-lo a dist\u00e0ncia.<\/span><\/p>\n<p style=\"text-align: justify;\"><span style=\"font-weight: 400;\">En el seg\u00fcent enlla\u00e7 tens tota la informaci\u00f3 sobre com t\u2019hi pots matricular.<\/span><\/p>\n<p style=\"text-align: justify;\"><a href=\"https:\/\/ioc.xtec.cat\/educacio\/ges\"><span style=\"font-weight: 400;\">IOC (GES)<\/span><\/a><\/p>\n<p style=\"text-align: justify;\"><span style=\"font-weight: 400;\">-CURS ESPEC\u00cdFIC PER A L\u2019ACC\u00c9S ALS CICLES DE GRAU MITJ\u00c0<\/span><\/p>\n<p style=\"text-align: justify;\"><span style=\"font-weight: 400;\">Si no tens el t\u00edtol de Graduat en Educaci\u00f3 Secund\u00e0ria Obligat\u00f2ria o equivalent acad\u00e8mic i l\u2019any en qu\u00e8 et matricules compleixes com a m\u00ednim 17 anys, pots optar a cursar el Curs Espec\u00edfic per a l\u2019Acc\u00e9s als Cicles de Grau Mitj\u00e0, que et permetr\u00e0, si el superes, l\u2019acc\u00e9s directe als cicles de grau mitj\u00e0 (sempre que no sigui cap cicle que necessiti una prova espec\u00edfica).<\/span><\/p>\n<p style=\"text-align: justify;\"><span style=\"font-weight: 400;\">En el cas dels ensenyaments professionals d\u2019arts pl\u00e0stiques i disseny, permet l\u2019exempci\u00f3 de la part comuna de la prova d\u2019acc\u00e9s i, en el cas dels ensenyaments esportius, l\u2019exempci\u00f3 de la prova d\u2019acc\u00e9s de car\u00e0cter general.<\/span><\/p>\n<p style=\"text-align: justify;\"><span style=\"font-weight: 400;\">La durada m\u00ednima d\u2019aquest curs \u00e9s de 600 hores.<\/span><\/p>\n<p style=\"text-align: justify;\"><span style=\"font-weight: 400;\">Per tenir m\u00e9s informaci\u00f3 sobre els continguts, l\u2019acc\u00e9s i els tr\u00e0mits, clica al seg\u00fcent enlla\u00e7:<\/span><\/p>\n<p style=\"text-align: justify;\"><a href=\"http:\/\/queestudiar.gencat.cat\/ca\/estudis\/acces-cicles\/gm\/\"><span style=\"font-weight: 400;\">ACC\u00c9S CICLES GRAU MITJ\u00c0<\/span><\/a><\/p>\n<p style=\"text-align: justify;\">\n<p style=\"text-align: justify;\">\n","protected":false},"excerpt":{"rendered":"<p>Mapa del Sistema Educatiu a Catalunya<\/p>\n<p>&nbsp;<br \/>\nClicant en el seg\u00fcent enlla\u00e7, podr\u00e0s navegar pel mapa interactiu del Sistema Educatiu de Catalunya i consultar la possibilitat de cursar diferents ensenyaments per arribar a aconseguir els teus objectius professionals. En els diferents apartats hi trobar\u00e0s tota la informaci\u00f3&hellip;  <a href=\"https:\/\/agora.xtec.cat\/ies-rbiv-cambrils\/estudis\/eso\/religio\/\" title=\"Read Orientaci\u00f3 acad\u00e8mica i professional\">Llegeix m\u00e9s\u00bb<\/a><\/p>\n","protected":false},"author":5,"featured_media":0,"parent":968,"menu_order":19,"comment_status":"closed","ping_status":"closed","template":"page-templates\/side-menu.php","meta":{"_bbp_topic_count":0,"_bbp_reply_count":0,"_bbp_total_topic_count":0,"_bbp_total_reply_count":0,"_bbp_voice_count":0,"_bbp_anonymous_reply_count":0,"_bbp_topic_count_hidden":0,"_bbp_reply_count_hidden":0,"_bbp_forum_subforum_count":0,"footnotes":""},"class_list":["post-1413","page","type-page","status-publish","hentry"],"post_mailing_queue_ids":[],"_links":{"self":[{"href":"https:\/\/agora.xtec.cat\/ies-rbiv-cambrils\/wp-json\/wp\/v2\/pages\/1413","targetHints":{"allow":["GET"]}}],"collection":[{"href":"https:\/\/agora.xtec.cat\/ies-rbiv-cambrils\/wp-json\/wp\/v2\/pages"}],"about":[{"href":"https:\/\/agora.xtec.cat\/ies-rbiv-cambrils\/wp-json\/wp\/v2\/types\/page"}],"author":[{"embeddable":true,"href":"https:\/\/agora.xtec.cat\/ies-rbiv-cambrils\/wp-json\/wp\/v2\/users\/5"}],"replies":[{"embeddable":true,"href":"https:\/\/agora.xtec.cat\/ies-rbiv-cambrils\/wp-json\/wp\/v2\/comments?post=1413"}],"version-history":[{"count":4,"href":"https:\/\/agora.xtec.cat\/ies-rbiv-cambrils\/wp-json\/wp\/v2\/pages\/1413\/revisions"}],"predecessor-version":[{"id":11136,"href":"https:\/\/agora.xtec.cat\/ies-rbiv-cambrils\/wp-json\/wp\/v2\/pages\/1413\/revisions\/11136"}],"up":[{"embeddable":true,"href":"https:\/\/agora.xtec.cat\/ies-rbiv-cambrils\/wp-json\/wp\/v2\/pages\/968"}],"wp:attachment":[{"href":"https:\/\/agora.xtec.cat\/ies-rbiv-cambrils\/wp-json\/wp\/v2\/media?parent=1413"}],"curies":[{"name":"wp","href":"https:\/\/api.w.org\/{rel}","templated":true}]}}