{"id":13814,"date":"2023-10-18T08:50:19","date_gmt":"2023-10-18T06:50:19","guid":{"rendered":"https:\/\/agora.xtec.cat\/ies-rbiv-cambrils\/?page_id=13814"},"modified":"2025-01-05T11:52:14","modified_gmt":"2025-01-05T10:52:14","slug":"mobilitat","status":"publish","type":"page","link":"https:\/\/agora.xtec.cat\/ies-rbiv-cambrils\/estudis\/cicles-formatius\/mobilitat\/","title":{"rendered":"Mobilitat"},"content":{"rendered":"<p>Us donem la benvinguda al programa de mobilitat de l\u2019Institut Ramon Berenguer IV. Aquest programa permet que l\u2019alumnat de cicles formatius realitzi una part o la totalitat de l\u2019estada a l\u2019empresa\u00a0en una entitat d\u2019un pa\u00eds de la Uni\u00f3 Europea, sense que aix\u00f2 suposi un perjudici per l\u2019assoliment de totes les hores de Formaci\u00f3 en Centres de Treball (FCT).<\/p>\n<p>En un context cada vegada m\u00e9s interconnectat, des de l\u2019Institut Ramon Berenguer IV pensem en la import\u00e0ncia d\u2019oferir activitats enriquidores que obrin les portes a noves cultures, on les oportunitats d\u2019aprenentatge vagin m\u00e9s enll\u00e0 de les aules i contribueixen en la formaci\u00f3 competencial de l\u2019alumnat i dels futurs treballadors i treballadores. \u00c9s per aix\u00f2, que des del centre educatiu es veu prioritari promocionar les relacions internacionals com a valor pedag\u00f2gic que possibiliti, tant a estudiants com a docents, l\u2019intercanvi d\u2019experi\u00e8ncies i coneixements millorant, aix\u00ed, la compet\u00e8ncia ling\u00fc\u00edstica de cadascun d\u2019ells i d\u2019elles.<\/p>\n<p>Al capdavant d\u2019aquest projecte hi ha persones implicades, motivades i amb ganes que l\u2019alumnat de Formaci\u00f3 Professional conegui el mercat laboral des de totes les perspectives. L\u2019equip hum\u00e0 que forma part de la coordinaci\u00f3 de mobilitat d\u2019FP, est\u00e0 constitu\u00eft per la directora, l\u2019equip impulsor de mobilitat, el coordinador de mobilitat, el coordinador de cicles formatius i el d\u2019estada a l&#8217;empresa.<\/p>\n<p>Per poder gaudir d\u2019una beca Erasmus+, els criteris de selecci\u00f3 dels candidats\/es seran els seg\u00fcents:<\/p>\n<table>\n<tbody>\n<tr>\n<td width=\"281\"><\/td>\n<td width=\"142\"><strong>Puntuaci\u00f3 m\u00e0xima<\/strong><\/td>\n<\/tr>\n<tr>\n<td width=\"281\">Expedient acad\u00e8mic<\/td>\n<td width=\"142\">10 punts<\/td>\n<\/tr>\n<tr>\n<td width=\"281\">Coneixement de lleng\u00fces<\/td>\n<td width=\"142\">3 punts<\/td>\n<\/tr>\n<tr>\n<td width=\"281\">Entrevista personal<\/td>\n<td width=\"142\">4 punts<\/td>\n<\/tr>\n<tr>\n<td width=\"281\">Consideracions de l\u2019equip docent<\/td>\n<td width=\"142\">8 punts<\/td>\n<\/tr>\n<tr>\n<td width=\"281\">Carta de motivaci\u00f3<\/td>\n<td width=\"142\">5 punts<\/td>\n<\/tr>\n<\/tbody>\n<\/table>\n<p>&nbsp;<\/p>\n<p>Si hi hagu\u00e9s m\u00e9s demandes de places que les convocades, el centre valorar\u00e0 les sol\u00b7licituds segons els punts esmentats anteriorment i d\u2019acord a aquests criteris seleccionar\u00e0 els\/les candidats\/es i publicar\u00e0 una llista de consulta p\u00fablica a la web del centre un mes despr\u00e9s de l\u2019acabament del per\u00edode de sol\u00b7licitud.<\/p>\n<p>El llistat d\u2019assignacions en una primera resoluci\u00f3 ser\u00e0 p\u00fablic. L\u2019alumnat ha de ser conscient del comprom\u00eds que adquireix en presentar la seva sol\u00b7licitud i\u00a0 en el cas de ser adm\u00e8s, caldr\u00e0 que signi una <strong>carta de comprom\u00eds\u00a0 i acceptaci\u00f3<\/strong>.<\/p>\n","protected":false},"excerpt":{"rendered":"<p>Us donem la benvinguda al programa de mobilitat de l\u2019Institut Ramon Berenguer IV. Aquest programa permet que l\u2019alumnat de cicles formatius realitzi una part o la totalitat de l\u2019estada a l\u2019empresa\u00a0en una entitat d\u2019un pa\u00eds de la Uni\u00f3 Europea, sense que aix\u00f2 suposi un perjudici&hellip;  <a href=\"https:\/\/agora.xtec.cat\/ies-rbiv-cambrils\/estudis\/cicles-formatius\/mobilitat\/\" title=\"Read Mobilitat\">Llegeix m\u00e9s\u00bb<\/a><\/p>\n","protected":false},"author":339,"featured_media":0,"parent":3233,"menu_order":8,"comment_status":"closed","ping_status":"closed","template":"","meta":{"_bbp_topic_count":0,"_bbp_reply_count":0,"_bbp_total_topic_count":0,"_bbp_total_reply_count":0,"_bbp_voice_count":0,"_bbp_anonymous_reply_count":0,"_bbp_topic_count_hidden":0,"_bbp_reply_count_hidden":0,"_bbp_forum_subforum_count":0,"footnotes":""},"class_list":["post-13814","page","type-page","status-publish","hentry"],"post_mailing_queue_ids":[],"_links":{"self":[{"href":"https:\/\/agora.xtec.cat\/ies-rbiv-cambrils\/wp-json\/wp\/v2\/pages\/13814","targetHints":{"allow":["GET"]}}],"collection":[{"href":"https:\/\/agora.xtec.cat\/ies-rbiv-cambrils\/wp-json\/wp\/v2\/pages"}],"about":[{"href":"https:\/\/agora.xtec.cat\/ies-rbiv-cambrils\/wp-json\/wp\/v2\/types\/page"}],"author":[{"embeddable":true,"href":"https:\/\/agora.xtec.cat\/ies-rbiv-cambrils\/wp-json\/wp\/v2\/users\/339"}],"replies":[{"embeddable":true,"href":"https:\/\/agora.xtec.cat\/ies-rbiv-cambrils\/wp-json\/wp\/v2\/comments?post=13814"}],"version-history":[{"count":2,"href":"https:\/\/agora.xtec.cat\/ies-rbiv-cambrils\/wp-json\/wp\/v2\/pages\/13814\/revisions"}],"predecessor-version":[{"id":15119,"href":"https:\/\/agora.xtec.cat\/ies-rbiv-cambrils\/wp-json\/wp\/v2\/pages\/13814\/revisions\/15119"}],"up":[{"embeddable":true,"href":"https:\/\/agora.xtec.cat\/ies-rbiv-cambrils\/wp-json\/wp\/v2\/pages\/3233"}],"wp:attachment":[{"href":"https:\/\/agora.xtec.cat\/ies-rbiv-cambrils\/wp-json\/wp\/v2\/media?parent=13814"}],"curies":[{"name":"wp","href":"https:\/\/api.w.org\/{rel}","templated":true}]}}