{"id":13393,"date":"2023-03-24T13:28:26","date_gmt":"2023-03-24T12:28:26","guid":{"rendered":"https:\/\/agora.xtec.cat\/ies-rbiv-cambrils\/?page_id=13393"},"modified":"2024-04-18T11:16:27","modified_gmt":"2024-04-18T09:16:27","slug":"preinscripcio-i-matricula-cicles-formatius-de-grau-mitja","status":"publish","type":"page","link":"https:\/\/agora.xtec.cat\/ies-rbiv-cambrils\/estudis\/cicles-formatius\/preinscripcio-i-matricula-cicles-formatius-de-grau-mitja\/","title":{"rendered":"Preinscripci\u00f3 i matr\u00edcula Cicles Formatius de Grau Mitj\u00e0 i Superior"},"content":{"rendered":"<p><span style=\"color: #0000ff;\"><strong>\u00a0<\/strong><\/span><span style=\"color: #0000ff;\"><strong>PREINSCRIPCI\u00d3 I MATR\u00cdCULA CICLES FORMATIUS DE GRAU MITJ\u00c0 CURS 24-25:<\/strong><\/span><\/p>\n<ul>\n<li>Respecte a la preinscripci\u00f3 a Cicles formatius de Grau Mitj\u00e0, el per\u00edode de preinscripci\u00f3 \u00e9s del <strong>24 d&#8217;abril al 30 de maig<\/strong><b>. <strong>La presentaci\u00f3 de sol\u00b7licituds \u00e9s en format electr\u00f2nic o de suport inform\u00e0tic.<\/strong><\/b><\/li>\n<\/ul>\n<p><span style=\"color: #0000ff;\"><strong>PREINSCRIPCI\u00d3 I MATR\u00cdCULA CICLES FORMATIUS DE GRAU SUPERIOR CURS 24-25<\/strong><\/span><\/p>\n<ul>\n<li>Respecte a la preinscripci\u00f3 a Cicles formatius de Grau Superior, el per\u00edode de preinscripci\u00f3 \u00e9s del <strong>24 d&#8217;abril al 30 de maig<\/strong><b>. <strong>La presentaci\u00f3 de sol\u00b7licituds \u00e9s en format electr\u00f2nic o de suport inform\u00e0tic.<\/strong><\/b><\/li>\n<\/ul>\n<p>&nbsp;<\/p>\n<p>CODIS DELS CICLES FORMATIUS: Heu de buscar-nos pel codi de centre: <strong>43000779 Ramon Berenguer IV. Els codis de cada cicle formatiu s\u00f3n:<\/strong><\/p>\n<ul>\n<li style=\"list-style-type: none;\">\n<ul>\n<li><strong>AG10<\/strong>: CFGM Gesti\u00f3 administrativa.<\/li>\n<li><strong>IM10<\/strong>: CFGM Manteniment electromec\u00e0nic.<\/li>\n<li><strong>TM60<\/strong>: CFGM Manteniment d&#8217;embarcacions d&#8217;esbarjo.<\/li>\n<\/ul>\n<\/li>\n<\/ul>\n<p>Haureu de presentar nom\u00e9s <strong>una \u00fanica sol\u00b7licitud per alumne\/a,<\/strong> indicant diverses peticions per ordre de prefer\u00e8ncia. \u00c9s molt important que no dupliqueu les sol\u00b7licituds, ja que el sistema les anul\u00b7la.<\/p>\n<p>Heu de buscar-nos pel codi de centre: <strong>43000779 Ramon Berenguer IV. Els codis de cada cicle formatiu s\u00f3n:<\/strong><\/p>\n<ul>\n<li><strong>AG10<\/strong>: CFGM Gesti\u00f3 administrativa.<\/li>\n<li><strong>IM10<\/strong>: CFGM Manteniment electromec\u00e0nic.<\/li>\n<li><strong>TM60<\/strong>: CFGM Manteniment d&#8217;embarcacions d&#8217;esbarjo.<\/li>\n<\/ul>\n<p>&nbsp;<\/p>\n<p><span style=\"color: #0000ff;\"><strong>PRESENTACIONS DE LES SOL\u00b7LICITUDS:<\/strong><\/span><\/p>\n<p style=\"text-align: justify;\">El procediment ser\u00e0 \u00fanicament de manera telem\u00e0tica, no es podr\u00e0 presentar res en paper. \u00c9s molt important seguir les instruccions de la p\u00e0gina de <strong><a href=\"https:\/\/preinscripcio.gencat.cat\/ca\/inici\/\">preinscripci\u00f3 i matr\u00edcula del Departament d&#8217;Educaci\u00f3.<\/a><\/strong><\/p>\n<p style=\"text-align: justify;\">Tot i que a la p\u00e0gina web est\u00e0 tot explicat de manera senzilla i clara, aqu\u00ed podeu trobar un petit resum del proc\u00e9s amb la informaci\u00f3 m\u00e9s rellevant:<\/p>\n<p style=\"text-align: justify;\">Us recomanem fer la preinscripci\u00f3 amb certificat digital, com DNI electr\u00f2nic, Cl@ve, idCat, etc. Si no es disposa de cap certificat, us en podeu generar un de forma f\u00e0cil <a href=\"https:\/\/web.gencat.cat\/ca\/tramits\/que-cal-fer-si\/Vull-identificar-me-digitalment\/idcat-mobil\/\">IdCat m\u00f2bil<\/a>. Si no teniu certificat digital, podeu fer-ho amb el formulari en suport inform\u00e0tic, aportant el DNI escanejat.<\/p>\n<p><img loading=\"lazy\" decoding=\"async\" class=\"wp-image-11162 aligncenter\" src=\"https:\/\/agora.xtec.cat\/ies-rbiv-cambrils\/wp-content\/uploads\/usu79\/2021\/03\/Preinscripci\u00f3-1024x480.jpg\" alt=\"\" width=\"497\" height=\"233\" srcset=\"https:\/\/agora.xtec.cat\/ies-rbiv-cambrils\/wp-content\/uploads\/usu79\/2021\/03\/Preinscripci\u00f3-1024x480.jpg 1024w, https:\/\/agora.xtec.cat\/ies-rbiv-cambrils\/wp-content\/uploads\/usu79\/2021\/03\/Preinscripci\u00f3-300x141.jpg 300w, https:\/\/agora.xtec.cat\/ies-rbiv-cambrils\/wp-content\/uploads\/usu79\/2021\/03\/Preinscripci\u00f3-768x360.jpg 768w, https:\/\/agora.xtec.cat\/ies-rbiv-cambrils\/wp-content\/uploads\/usu79\/2021\/03\/Preinscripci\u00f3.jpg 1258w\" sizes=\"auto, (max-width: 497px) 100vw, 497px\" \/><\/p>\n<p>&nbsp;<\/p>\n<p style=\"text-align: justify;\">Per fer el proc\u00e9s de preinscripci\u00f3, necessitareu l&#8217;IDALU o n\u00famero identificador de l&#8217;alumne. Ho podeu trobar a qualsevol butllet\u00ed de notes dels vostres fills\/es. A m\u00e9s a m\u00e9s, podeu preguntar al vostre centre de prim\u00e0ria o fer la consulta directament al <a href=\"http:\/\/educacio.gencat.cat\/ca\/tramits\/tramits-temes\/identificador-alumne\">RALC<\/a>.<\/p>\n<p>La preinscripci\u00f3 de Cicles Formatius es pot fer en <strong>format electr\u00f2nic<\/strong>\u00a0si la persona que fa el tr\u00e0mit t\u00e9 una eina d&#8217;identificaci\u00f3 digital, o en\u00a0<strong>suport inform\u00e0tic<\/strong>\u00a0si no en disposa. Les dues opcions es poden fer dins el mateix web de preinscripci\u00f3.<\/p>\n<p><strong>Preinscripci\u00f3 en format electr\u00f2nic<\/strong><\/p>\n<ol>\n<li>Ves a l&#8217;apartat Preinscripci\u00f3 del web del Departament d&#8217;Educaci\u00f3 de la Generalitat de Catalunya i escull el formulari en format electr\u00f2nic. Per fer-ho necessitar\u00e0s una eina d&#8217;identificaci\u00f3 digital com el DNI electr\u00f2nic, la T-CAT, el sistema Cl@ve o l&#8217;idCAT M\u00f2bil.<\/li>\n<li>Introdueix el n\u00famero identificador de l&#8217;alumne, el RALC.<\/li>\n<li>Obre el formulari de preinscripci\u00f3 i omple totes les dades personals que se&#8217;t demanin.<\/li>\n<li>Indica el llistat ordenat de centres on t&#8217;agradaria obtenir pla\u00e7a.<\/li>\n<li>Indica si els centres escollits per a la preinscripci\u00f3 s\u00f3n centres adscrits al teu centre anterior.<\/li>\n<li>Especifica totes les circumst\u00e0ncies especials que acreditin la teva sol\u00b7licitud (resid\u00e8ncia habitual, si l&#8217;infant t\u00e9 germans al mateix centre, si t\u00e9 alguna necessitat educativa espec\u00edfica&#8230;).<\/li>\n<li>Adjunta tota la informaci\u00f3 escanejada o fotografiada que es requereixi.<\/li>\n<li>Envia la sol\u00b7licitud de preinscripci\u00f3.<\/li>\n<\/ol>\n<p><strong>Preinscripci\u00f3 en suport inform\u00e0tic<\/strong><\/p>\n<ol>\n<li>Ves a l&#8217;apartat Preinscripci\u00f3 del web del Departament d&#8217;Educaci\u00f3 de la Generalitat de Catalunya i escull el formulari en format inform\u00e0tic.<\/li>\n<li>Obre el formulari de preinscripci\u00f3 i omple totes les dades personals que se&#8217;t demanin.<\/li>\n<li>Indica el llistat ordenat de centres on t&#8217;agradaria obtenir pla\u00e7a.<\/li>\n<li>Indica si els centres escollits per a la preinscripci\u00f3 s\u00f3n centres adscrits al teu centre anterior.<\/li>\n<li>Especifica totes les circumst\u00e0ncies especials que acreditin la teva sol\u00b7licitud (resid\u00e8ncia habitual, si l&#8217;infant t\u00e9 germans al mateix centre, si t\u00e9 alguna necessitat educativa espec\u00edfica&#8230;).<\/li>\n<li>Adjunta tota la informaci\u00f3 escanejada o fotografiada que es requereixi.<\/li>\n<li>Envia la sol\u00b7licitud de preinscripci\u00f3.<\/li>\n<\/ol>\n<p>Un cop enviada la sol\u00b7licitud de preinscripci\u00f3 rebr\u00e0s un\u00a0<strong>resguard per correu electr\u00f2nic<\/strong>. No cal que presentis f\u00edsicament la preinscripci\u00f3 al centre.<\/p>\n<p style=\"text-align: justify;\">Si teniu qualsevol consulta, no dubteu en preguntar-nos!<\/p>\n<p><img loading=\"lazy\" decoding=\"async\" class=\"wp-image-11165 alignleft\" src=\"https:\/\/agora.xtec.cat\/ies-rbiv-cambrils\/wp-content\/uploads\/usu79\/2021\/03\/consulta.jpg\" alt=\"\" width=\"309\" height=\"263\" srcset=\"https:\/\/agora.xtec.cat\/ies-rbiv-cambrils\/wp-content\/uploads\/usu79\/2021\/03\/consulta.jpg 600w, https:\/\/agora.xtec.cat\/ies-rbiv-cambrils\/wp-content\/uploads\/usu79\/2021\/03\/consulta-300x256.jpg 300w\" sizes=\"auto, (max-width: 309px) 100vw, 309px\" \/><\/p>\n<p>&nbsp;<\/p>\n<p>&nbsp;<\/p>\n<p>&nbsp;<\/p>\n<p>&nbsp;<\/p>\n<p>&nbsp;<\/p>\n<p>&nbsp;<\/p>\n<p>&nbsp;<\/p>\n<p>Trobareu m\u00e9s informaci\u00f3 a l&#8217;apartat de <a href=\"https:\/\/agora.xtec.cat\/ies-rbiv-cambrils\/secretaria\/preinscripcio-i-matricula\/\">Preinscripci\u00f3 i matr\u00edcula de Secretaria<\/a>.<\/p>\n","protected":false},"excerpt":{"rendered":"<p>\u00a0PREINSCRIPCI\u00d3 I MATR\u00cdCULA CICLES FORMATIUS DE GRAU MITJ\u00c0 CURS 24-25:<\/p>\n<ul>\n<li>Respecte a la preinscripci\u00f3 a Cicles formatius de Grau Mitj\u00e0, el per\u00edode de preinscripci\u00f3 \u00e9s del 24 d&#8217;abril al 30 de maig. La presentaci\u00f3 de sol\u00b7licituds \u00e9s en format electr\u00f2nic o de suport inform\u00e0tic.<\/li>\n<\/ul>\n<p>PREINSCRIPCI\u00d3 I MATR\u00cdCULA&hellip;  <a href=\"https:\/\/agora.xtec.cat\/ies-rbiv-cambrils\/estudis\/cicles-formatius\/preinscripcio-i-matricula-cicles-formatius-de-grau-mitja\/\" title=\"Read Preinscripci\u00f3 i matr\u00edcula Cicles Formatius de Grau Mitj\u00e0 i Superior\">Llegeix m\u00e9s\u00bb<\/a><\/p>\n","protected":false},"author":19,"featured_media":0,"parent":3233,"menu_order":2,"comment_status":"closed","ping_status":"closed","template":"","meta":{"_bbp_topic_count":0,"_bbp_reply_count":0,"_bbp_total_topic_count":0,"_bbp_total_reply_count":0,"_bbp_voice_count":0,"_bbp_anonymous_reply_count":0,"_bbp_topic_count_hidden":0,"_bbp_reply_count_hidden":0,"_bbp_forum_subforum_count":0,"footnotes":""},"class_list":["post-13393","page","type-page","status-publish","hentry"],"post_mailing_queue_ids":[],"_links":{"self":[{"href":"https:\/\/agora.xtec.cat\/ies-rbiv-cambrils\/wp-json\/wp\/v2\/pages\/13393","targetHints":{"allow":["GET"]}}],"collection":[{"href":"https:\/\/agora.xtec.cat\/ies-rbiv-cambrils\/wp-json\/wp\/v2\/pages"}],"about":[{"href":"https:\/\/agora.xtec.cat\/ies-rbiv-cambrils\/wp-json\/wp\/v2\/types\/page"}],"author":[{"embeddable":true,"href":"https:\/\/agora.xtec.cat\/ies-rbiv-cambrils\/wp-json\/wp\/v2\/users\/19"}],"replies":[{"embeddable":true,"href":"https:\/\/agora.xtec.cat\/ies-rbiv-cambrils\/wp-json\/wp\/v2\/comments?post=13393"}],"version-history":[{"count":3,"href":"https:\/\/agora.xtec.cat\/ies-rbiv-cambrils\/wp-json\/wp\/v2\/pages\/13393\/revisions"}],"predecessor-version":[{"id":14396,"href":"https:\/\/agora.xtec.cat\/ies-rbiv-cambrils\/wp-json\/wp\/v2\/pages\/13393\/revisions\/14396"}],"up":[{"embeddable":true,"href":"https:\/\/agora.xtec.cat\/ies-rbiv-cambrils\/wp-json\/wp\/v2\/pages\/3233"}],"wp:attachment":[{"href":"https:\/\/agora.xtec.cat\/ies-rbiv-cambrils\/wp-json\/wp\/v2\/media?parent=13393"}],"curies":[{"name":"wp","href":"https:\/\/api.w.org\/{rel}","templated":true}]}}