{"id":440,"date":"2016-04-10T13:28:23","date_gmt":"2016-04-10T11:28:23","guid":{"rendered":"http:\/\/agora.xtec.cat\/ies-ramonbarbat-vilaseca\/?page_id=440"},"modified":"2026-04-17T11:28:15","modified_gmt":"2026-04-17T09:28:15","slug":"preinscripcio-i-matricula","status":"publish","type":"page","link":"https:\/\/agora.xtec.cat\/ies-ramonbarbat-vilaseca\/secretaria\/preinscripcio-i-matricula\/","title":{"rendered":"Preinscripci\u00f3 i matr\u00edcula 2026\/2027"},"content":{"rendered":"<h2><a href=\"https:\/\/preinscripcio.gencat.cat\/ca\/inici\/\" target=\"_blank\" rel=\"noopener\">Tota la informaci\u00f3 al web del Departament<\/a><\/h2>\n<p>&nbsp;<\/p>\n<div>\n<div><b style=\"font-style: inherit;\">Tota la informaci\u00f3 del proc\u00e9s de preinscripci\u00f3 i matr\u00edcula actualitzada a la web del Departament d\u2019Educaci\u00f3 i FP.<\/b><\/div>\n<\/div>\n<hr \/>\n<h3>ESO<\/h3>\n<p><a href=\"https:\/\/drive.google.com\/file\/d\/1NTb-VrS9pvIn9-U-bauhz-TmqJ2vKNuu\/view?usp=sharing\" target=\"_blank\" rel=\"noopener\">Publicaci\u00f3 de l&#8217;oferta inicial de places<\/a><\/p>\n<div><a href=\"https:\/\/drive.google.com\/file\/d\/1px10gJ8grHDn9ubEUYzhiJ9e2D2eSORq\/view?usp=drive_link\" target=\"_blank\" rel=\"noopener\">Barem provisional de la preinscripci\u00f3 a l&#8217;ESO ( Per\u00edode de reclamacions: del 15 al 20 d&#8217;abril.<\/a><\/div>\n<hr \/>\n<h3>Grau Mitj\u00e0<\/h3>\n<p>Del 26 de maig a l&#8217;1 de juny de 2026: presentaci\u00f3 de sol\u00b7licituds. (Sempre cal fer preinscripci\u00f3, encara que sigui pel mateix centre.)<\/p>\n<hr \/>\n<h3>Grau Superior<\/h3>\n<p>Del 26 de maig a l&#8217;1 de juny de 2026: presentaci\u00f3 de sol\u00b7licituds. (Sempre cal fer preinscripci\u00f3, encara que sigui pel mateix centre.)<\/p>\n<hr \/>\n<h3>Grau B\u00e0sic<\/h3>\n<p>Del 4 al 13 de maig: presentaci\u00f3 de sol\u00b7licituds. (Sempre cal fer preinscripci\u00f3, encara que sigui pel mateix centre.)<\/p>\n<hr \/>\n<h3>BATXILLERAT<\/h3>\n<p>Del 9 al 16 d&#8217;abril presentaci\u00f3 de sol\u00b7licituds.\u00a0 (Nom\u00e9s cal fer preinscripci\u00f3 si canvies de centre)<\/p>\n<p><a href=\"https:\/\/drive.google.com\/file\/d\/1ndXHRmao7e0MyslCmBvYcCPaZHmlHzih\/view?usp=sharing\" target=\"_blank\" rel=\"noopener\">Batxillerat &#8211; 2026-2027 Publicaci\u00f3 de l&#8217;oferta inicial de places<\/a><\/p>\n<table style=\"width: 100%; border-collapse: collapse;\">\n<tbody>\n<tr>\n<td style=\"width: 50%;\">\n<h2 style=\"text-align: center;\"><img loading=\"lazy\" decoding=\"async\" class=\"wp-image-11440 size-thumbnail aligncenter\" src=\"https:\/\/agora.xtec.cat\/ies-ramonbarbat-vilaseca\/wp-content\/uploads\/usu1174\/2023\/02\/direction-150x150.png\" alt=\"\" width=\"150\" height=\"150\" srcset=\"https:\/\/agora.xtec.cat\/ies-ramonbarbat-vilaseca\/wp-content\/uploads\/usu1174\/2023\/02\/direction-150x150.png 150w, https:\/\/agora.xtec.cat\/ies-ramonbarbat-vilaseca\/wp-content\/uploads\/usu1174\/2023\/02\/direction-300x300.png 300w, https:\/\/agora.xtec.cat\/ies-ramonbarbat-vilaseca\/wp-content\/uploads\/usu1174\/2023\/02\/direction.png 512w\" sizes=\"auto, (max-width: 150px) 100vw, 150px\" \/><a href=\"https:\/\/educacio.gencat.cat\/ca\/tramits\/tramits-temes\/perinscripcio-obligatoris?&amp;moda=3\" target=\"_blank\" rel=\"noopener\">Enlla\u00e7 a la preinscripci\u00f3 ESO<\/a><\/h2>\n<h2 style=\"text-align: center;\"><a href=\"https:\/\/educacio.gencat.cat\/ca\/tramits\/tramits-temes\/preinscripcio-batxillerat?&amp;moda=1\" target=\"_blank\" rel=\"noopener\">Enlla\u00e7 a la preinscripci\u00f3 BAT<\/a><\/h2>\n<\/td>\n<td style=\"width: 50%;\">\n<h2 style=\"text-align: center;\"><a href=\"https:\/\/dogc.gencat.cat\/ca\/document-del-dogc\/?documentId=1005759\" target=\"_blank\" rel=\"noopener\"><img loading=\"lazy\" decoding=\"async\" class=\"wp-image-11442 size-thumbnail aligncenter\" src=\"https:\/\/agora.xtec.cat\/ies-ramonbarbat-vilaseca\/wp-content\/uploads\/usu1174\/2023\/02\/XRT_bue_400x400-150x150.jpg\" alt=\"\" width=\"150\" height=\"150\" srcset=\"https:\/\/agora.xtec.cat\/ies-ramonbarbat-vilaseca\/wp-content\/uploads\/usu1174\/2023\/02\/XRT_bue_400x400-150x150.jpg 150w, https:\/\/agora.xtec.cat\/ies-ramonbarbat-vilaseca\/wp-content\/uploads\/usu1174\/2023\/02\/XRT_bue_400x400-300x300.jpg 300w, https:\/\/agora.xtec.cat\/ies-ramonbarbat-vilaseca\/wp-content\/uploads\/usu1174\/2023\/02\/XRT_bue_400x400.jpg 400w\" sizes=\"auto, (max-width: 150px) 100vw, 150px\" \/><\/a>Normativa<\/h2>\n<\/td>\n<\/tr>\n<tr>\n<td style=\"width: 50%;\">\n<h2 style=\"text-align: center;\"><a href=\"https:\/\/preinscripcio.gencat.cat\/ca\/inici\/\" target=\"_blank\" rel=\"noopener\"><img loading=\"lazy\" decoding=\"async\" class=\"aligncenter wp-image-11443 size-thumbnail\" src=\"https:\/\/agora.xtec.cat\/ies-ramonbarbat-vilaseca\/wp-content\/uploads\/usu1174\/2023\/02\/information-logotype-in-a-circle-150x150.png\" alt=\"\" width=\"150\" height=\"150\" srcset=\"https:\/\/agora.xtec.cat\/ies-ramonbarbat-vilaseca\/wp-content\/uploads\/usu1174\/2023\/02\/information-logotype-in-a-circle-150x150.png 150w, https:\/\/agora.xtec.cat\/ies-ramonbarbat-vilaseca\/wp-content\/uploads\/usu1174\/2023\/02\/information-logotype-in-a-circle-300x300.png 300w, https:\/\/agora.xtec.cat\/ies-ramonbarbat-vilaseca\/wp-content\/uploads\/usu1174\/2023\/02\/information-logotype-in-a-circle.png 512w\" sizes=\"auto, (max-width: 150px) 100vw, 150px\" \/><\/a> Informaci\u00f3<\/h2>\n<h3 style=\"text-align: center;\"><a href=\"https:\/\/preinscripcio.gencat.cat\/ca\/estudis\/batxillerat\/preinscriute\/sollicitud\/\" target=\"_blank\" rel=\"noopener\">BATXILLERAT<\/a><\/h3>\n<h3 style=\"text-align: center;\">CICLES FORMATIUS DE GRAU B\u00c0SIC<\/h3>\n<h3 style=\"text-align: center;\">CICLES FORMATIUS DE GRAU MITJ\u00c0<\/h3>\n<h3 style=\"text-align: center;\">CICLES FORMATIUS DE GRAU SUPERIOR<\/h3>\n<\/td>\n<td style=\"width: 50%; vertical-align: top;\">\n<h3 style=\"text-align: center;\"><a href=\"https:\/\/agora.xtec.cat\/ies-ramonbarbat-vilaseca\/wp-content\/uploads\/usu1174\/2023\/04\/CALENDARI-PREINSCRIPCIONS-ESPO.pdf\" target=\"_blank\" rel=\"noopener\"><img loading=\"lazy\" decoding=\"async\" class=\"aligncenter wp-image-11444 size-thumbnail\" src=\"https:\/\/agora.xtec.cat\/ies-ramonbarbat-vilaseca\/wp-content\/uploads\/usu1174\/2023\/02\/calendar-150x150.png\" alt=\"\" width=\"150\" height=\"150\" srcset=\"https:\/\/agora.xtec.cat\/ies-ramonbarbat-vilaseca\/wp-content\/uploads\/usu1174\/2023\/02\/calendar-150x150.png 150w, https:\/\/agora.xtec.cat\/ies-ramonbarbat-vilaseca\/wp-content\/uploads\/usu1174\/2023\/02\/calendar-300x300.png 300w, https:\/\/agora.xtec.cat\/ies-ramonbarbat-vilaseca\/wp-content\/uploads\/usu1174\/2023\/02\/calendar.png 512w\" sizes=\"auto, (max-width: 150px) 100vw, 150px\" \/><\/a><\/h3>\n<h3><\/h3>\n<h3 style=\"text-align: center;\"><a href=\"https:\/\/drive.google.com\/file\/d\/1js7IAsPbVL50gnzWkSACkX3DC1GeKwdy\/view?usp=sharing\" target=\"_blank\" rel=\"noopener\">Calendari i criteris ESO<\/a><\/h3>\n<h3 style=\"text-align: center;\"><a href=\"https:\/\/preinscripcio.gencat.cat\/ca\/estudis\/fp-basica\/informat\/calendari\/\" target=\"_blank\" rel=\"noopener\">Calendari CICLES DE GRAU B\u00c0SIC<\/a><\/h3>\n<h3 style=\"text-align: center;\"><a href=\"https:\/\/preinscripcio.gencat.cat\/ca\/estudis\/batxillerat\/informat\/calendari\/\" target=\"_blank\" rel=\"noopener\">Calendari BATXILLERAT<\/a><\/h3>\n<h3 style=\"text-align: center;\"><a href=\"https:\/\/preinscripcio.gencat.cat\/ca\/estudis\/fp-grau-mitja\/informat\/calendari\/\" target=\"_blank\" rel=\"noopener\">Calendari CICLES GRAU MITJ\u00c0<\/a> I <a href=\"https:\/\/preinscripcio.gencat.cat\/ca\/estudis\/fp-grau-superior\/informat\/calendari\/\" target=\"_blank\" rel=\"noopener\">SUPERIOR<\/a><\/h3>\n<p>&nbsp;<\/td>\n<\/tr>\n<\/tbody>\n<\/table>\n<h2><a href=\"https:\/\/preinscripcio.gencat.cat\/ca\/estudis\/eso\/preinscriute\/sollicitud\/\" target=\"_blank\" rel=\"noopener\">Com emplenar la sol\u00b7licitud, pas a pas<\/a><\/h2>\n","protected":false},"excerpt":{"rendered":"<p>Tota la informaci\u00f3 al web del Departament &nbsp; Tota la informaci\u00f3 del proc\u00e9s de preinscripci\u00f3 i matr\u00edcula actualitzada a la web del Departament d\u2019Educaci\u00f3 i FP. ESO Publicaci\u00f3 de l&#8217;oferta inicial de places Barem provisional de la preinscripci\u00f3 a l&#8217;ESO ( Per\u00edode de reclamacions: del 15 al 20 d&#8217;abril. Grau Mitj\u00e0 Del 26 de maig [&hellip;]<\/p>\n","protected":false},"author":4,"featured_media":0,"parent":81,"menu_order":0,"comment_status":"closed","ping_status":"closed","template":"","meta":{"_bbp_topic_count":0,"_bbp_reply_count":0,"_bbp_total_topic_count":0,"_bbp_total_reply_count":0,"_bbp_voice_count":0,"_bbp_anonymous_reply_count":0,"_bbp_topic_count_hidden":0,"_bbp_reply_count_hidden":0,"_bbp_forum_subforum_count":0,"site-sidebar-layout":"default","site-content-layout":"","ast-site-content-layout":"default","site-content-style":"default","site-sidebar-style":"default","ast-global-header-display":"","ast-banner-title-visibility":"","ast-main-header-display":"","ast-hfb-above-header-display":"","ast-hfb-below-header-display":"","ast-hfb-mobile-header-display":"","site-post-title":"","ast-breadcrumbs-content":"","ast-featured-img":"","footer-sml-layout":"","theme-transparent-header-meta":"default","adv-header-id-meta":"","stick-header-meta":"","header-above-stick-meta":"","header-main-stick-meta":"","header-below-stick-meta":"","astra-migrate-meta-layouts":"set","ast-page-background-enabled":"default","ast-page-background-meta":{"desktop":{"background-color":"var(--ast-global-color-4)","background-image":"","background-repeat":"repeat","background-position":"center center","background-size":"auto","background-attachment":"scroll","background-type":"","background-media":"","overlay-type":"","overlay-color":"","overlay-opacity":"","overlay-gradient":""},"tablet":{"background-color":"","background-image":"","background-repeat":"repeat","background-position":"center center","background-size":"auto","background-attachment":"scroll","background-type":"","background-media":"","overlay-type":"","overlay-color":"","overlay-opacity":"","overlay-gradient":""},"mobile":{"background-color":"","background-image":"","background-repeat":"repeat","background-position":"center center","background-size":"auto","background-attachment":"scroll","background-type":"","background-media":"","overlay-type":"","overlay-color":"","overlay-opacity":"","overlay-gradient":""}},"ast-content-background-meta":{"desktop":{"background-color":"var(--ast-global-color-5)","background-image":"","background-repeat":"repeat","background-position":"center center","background-size":"auto","background-attachment":"scroll","background-type":"","background-media":"","overlay-type":"","overlay-color":"","overlay-opacity":"","overlay-gradient":""},"tablet":{"background-color":"var(--ast-global-color-5)","background-image":"","background-repeat":"repeat","background-position":"center center","background-size":"auto","background-attachment":"scroll","background-type":"","background-media":"","overlay-type":"","overlay-color":"","overlay-opacity":"","overlay-gradient":""},"mobile":{"background-color":"var(--ast-global-color-5)","background-image":"","background-repeat":"repeat","background-position":"center center","background-size":"auto","background-attachment":"scroll","background-type":"","background-media":"","overlay-type":"","overlay-color":"","overlay-opacity":"","overlay-gradient":""}},"footnotes":""},"class_list":["post-440","page","type-page","status-publish","hentry"],"post_mailing_queue_ids":[],"_links":{"self":[{"href":"https:\/\/agora.xtec.cat\/ies-ramonbarbat-vilaseca\/wp-json\/wp\/v2\/pages\/440","targetHints":{"allow":["GET"]}}],"collection":[{"href":"https:\/\/agora.xtec.cat\/ies-ramonbarbat-vilaseca\/wp-json\/wp\/v2\/pages"}],"about":[{"href":"https:\/\/agora.xtec.cat\/ies-ramonbarbat-vilaseca\/wp-json\/wp\/v2\/types\/page"}],"author":[{"embeddable":true,"href":"https:\/\/agora.xtec.cat\/ies-ramonbarbat-vilaseca\/wp-json\/wp\/v2\/users\/4"}],"replies":[{"embeddable":true,"href":"https:\/\/agora.xtec.cat\/ies-ramonbarbat-vilaseca\/wp-json\/wp\/v2\/comments?post=440"}],"version-history":[{"count":8,"href":"https:\/\/agora.xtec.cat\/ies-ramonbarbat-vilaseca\/wp-json\/wp\/v2\/pages\/440\/revisions"}],"predecessor-version":[{"id":16764,"href":"https:\/\/agora.xtec.cat\/ies-ramonbarbat-vilaseca\/wp-json\/wp\/v2\/pages\/440\/revisions\/16764"}],"up":[{"embeddable":true,"href":"https:\/\/agora.xtec.cat\/ies-ramonbarbat-vilaseca\/wp-json\/wp\/v2\/pages\/81"}],"wp:attachment":[{"href":"https:\/\/agora.xtec.cat\/ies-ramonbarbat-vilaseca\/wp-json\/wp\/v2\/media?parent=440"}],"curies":[{"name":"wp","href":"https:\/\/api.w.org\/{rel}","templated":true}]}}