{"id":310,"date":"2016-03-10T10:59:06","date_gmt":"2016-03-10T09:59:06","guid":{"rendered":"http:\/\/agora.xtec.cat\/ies-ramonbarbat-vilaseca\/?page_id=310"},"modified":"2025-10-13T12:28:45","modified_gmt":"2025-10-13T10:28:45","slug":"departaments","status":"publish","type":"page","link":"https:\/\/agora.xtec.cat\/ies-ramonbarbat-vilaseca\/linstitut\/departaments\/","title":{"rendered":"Departaments"},"content":{"rendered":"<p>&nbsp;<\/p>\n<table style=\"width: 85.6204%; height: 636px;\">\n<tbody>\n<tr style=\"background-color: #95bae8;\">\n<td style=\"text-align: center; height: 53px; width: 40.263%;\"><strong>CAPS DE DEPARTAMENT<\/strong><\/td>\n<td style=\"text-align: center; height: 53px; width: 44.9013%;\"><strong>DEPARTAMENT<\/strong><\/td>\n<\/tr>\n<tr>\n<td style=\"width: 40.263%; text-align: center;\" width=\"339\">CRIS CARNICER<\/td>\n<td style=\"width: 44.9013%; text-align: center;\" width=\"297\">LLENGUA CATALANA<\/td>\n<\/tr>\n<tr>\n<td style=\"width: 40.263%; text-align: center;\" width=\"339\">JORDI CATAL\u00c0<\/td>\n<td style=\"width: 44.9013%; text-align: center;\" width=\"297\">MATEM\u00c0TIQUES<\/td>\n<\/tr>\n<tr>\n<td style=\"width: 40.263%; text-align: center;\" width=\"339\">CARMEN SILVA<\/td>\n<td style=\"width: 44.9013%; text-align: center;\" width=\"297\">LLENGUA CASTELLANA<\/td>\n<\/tr>\n<tr>\n<td style=\"width: 40.263%; text-align: center;\" width=\"339\">FRAN CASTRO<\/td>\n<td style=\"width: 44.9013%; text-align: center;\" width=\"297\">EXPRESSI\u00d3<\/td>\n<\/tr>\n<tr>\n<td style=\"width: 40.263%; text-align: center;\" width=\"339\">ROBERTO ALBALAT<\/td>\n<td style=\"width: 44.9013%; text-align: center;\" width=\"297\">CI\u00c8NCIES<\/td>\n<\/tr>\n<tr>\n<td style=\"width: 40.263%; text-align: center;\" width=\"339\">CLARA BOU<\/td>\n<td style=\"width: 44.9013%; text-align: center;\" width=\"297\">TECNOLOGIA<\/td>\n<\/tr>\n<tr>\n<td style=\"width: 40.263%; text-align: center;\" width=\"339\">MONTSE CAPAFONS<\/td>\n<td style=\"width: 44.9013%; text-align: center;\" width=\"297\">HUMANITATS<\/td>\n<\/tr>\n<tr>\n<td style=\"width: 40.263%; text-align: center;\" width=\"339\">EUG\u00c8NIA G\u00d3MEZ DE VELASCO<\/td>\n<td style=\"width: 44.9013%; text-align: center;\" width=\"297\">LLENG\u00dcES ESTRANGERES<\/td>\n<\/tr>\n<tr>\n<td style=\"width: 40.263%; text-align: center;\" width=\"339\">ANA GARCIA<\/td>\n<td style=\"width: 44.9013%; text-align: center;\" width=\"297\">ORIENTACI\u00d3<\/td>\n<\/tr>\n<tr>\n<td style=\"width: 40.263%; text-align: center;\" width=\"339\">CESC BONET<\/td>\n<td style=\"width: 44.9013%; text-align: center;\" width=\"297\">CICLE MUNTATGE I MANTENIMENT<\/td>\n<\/tr>\n<tr style=\"height: 53px;\">\n<td style=\"height: 53px; width: 40.263%; text-align: center;\">SARA CABOT<\/td>\n<td style=\"width: 44.9013%; text-align: center;\" width=\"297\">CICLE ACTIVITATS COMERCIALS<\/td>\n<\/tr>\n<\/tbody>\n<\/table>\n<p class=\"MsoNormal\" style=\"margin-left: .05pt; text-align: justify; text-indent: -.15pt; line-height: normal; border: none; mso-padding-alt: 31.0pt 31.0pt 31.0pt 31.0pt; mso-border-shadow: yes;\"><span lang=\"ES\" style=\"font-size: 14.0pt; font-family: 'Arial Narrow','sans-serif'; mso-fareast-font-family: 'Arial Narrow'; mso-bidi-font-family: 'Arial Narrow'; color: black;\">\u00a0<\/span><\/p>\n<p>&nbsp;<\/p>\n<p>&nbsp;<\/p>\n","protected":false},"excerpt":{"rendered":"<p>&nbsp; CAPS DE DEPARTAMENT DEPARTAMENT CRIS CARNICER LLENGUA CATALANA JORDI CATAL\u00c0 MATEM\u00c0TIQUES CARMEN SILVA LLENGUA CASTELLANA FRAN CASTRO EXPRESSI\u00d3 ROBERTO ALBALAT CI\u00c8NCIES CLARA BOU TECNOLOGIA MONTSE CAPAFONS HUMANITATS EUG\u00c8NIA G\u00d3MEZ DE VELASCO LLENG\u00dcES ESTRANGERES ANA GARCIA ORIENTACI\u00d3 CESC BONET CICLE MUNTATGE I MANTENIMENT SARA CABOT CICLE ACTIVITATS COMERCIALS \u00a0 &nbsp; &nbsp;<\/p>\n","protected":false},"author":1,"featured_media":0,"parent":19,"menu_order":50,"comment_status":"closed","ping_status":"closed","template":"","meta":{"_bbp_topic_count":0,"_bbp_reply_count":0,"_bbp_total_topic_count":0,"_bbp_total_reply_count":0,"_bbp_voice_count":0,"_bbp_anonymous_reply_count":0,"_bbp_topic_count_hidden":0,"_bbp_reply_count_hidden":0,"_bbp_forum_subforum_count":0,"site-sidebar-layout":"default","site-content-layout":"","ast-site-content-layout":"default","site-content-style":"default","site-sidebar-style":"default","ast-global-header-display":"","ast-banner-title-visibility":"","ast-main-header-display":"","ast-hfb-above-header-display":"","ast-hfb-below-header-display":"","ast-hfb-mobile-header-display":"","site-post-title":"","ast-breadcrumbs-content":"","ast-featured-img":"","footer-sml-layout":"","theme-transparent-header-meta":"default","adv-header-id-meta":"","stick-header-meta":"","header-above-stick-meta":"","header-main-stick-meta":"","header-below-stick-meta":"","astra-migrate-meta-layouts":"set","ast-page-background-enabled":"default","ast-page-background-meta":{"desktop":{"background-color":"var(--ast-global-color-4)","background-image":"","background-repeat":"repeat","background-position":"center center","background-size":"auto","background-attachment":"scroll","background-type":"","background-media":"","overlay-type":"","overlay-color":"","overlay-opacity":"","overlay-gradient":""},"tablet":{"background-color":"","background-image":"","background-repeat":"repeat","background-position":"center center","background-size":"auto","background-attachment":"scroll","background-type":"","background-media":"","overlay-type":"","overlay-color":"","overlay-opacity":"","overlay-gradient":""},"mobile":{"background-color":"","background-image":"","background-repeat":"repeat","background-position":"center center","background-size":"auto","background-attachment":"scroll","background-type":"","background-media":"","overlay-type":"","overlay-color":"","overlay-opacity":"","overlay-gradient":""}},"ast-content-background-meta":{"desktop":{"background-color":"var(--ast-global-color-5)","background-image":"","background-repeat":"repeat","background-position":"center center","background-size":"auto","background-attachment":"scroll","background-type":"","background-media":"","overlay-type":"","overlay-color":"","overlay-opacity":"","overlay-gradient":""},"tablet":{"background-color":"var(--ast-global-color-5)","background-image":"","background-repeat":"repeat","background-position":"center center","background-size":"auto","background-attachment":"scroll","background-type":"","background-media":"","overlay-type":"","overlay-color":"","overlay-opacity":"","overlay-gradient":""},"mobile":{"background-color":"var(--ast-global-color-5)","background-image":"","background-repeat":"repeat","background-position":"center center","background-size":"auto","background-attachment":"scroll","background-type":"","background-media":"","overlay-type":"","overlay-color":"","overlay-opacity":"","overlay-gradient":""}},"footnotes":""},"class_list":["post-310","page","type-page","status-publish","hentry"],"post_mailing_queue_ids":[],"_links":{"self":[{"href":"https:\/\/agora.xtec.cat\/ies-ramonbarbat-vilaseca\/wp-json\/wp\/v2\/pages\/310","targetHints":{"allow":["GET"]}}],"collection":[{"href":"https:\/\/agora.xtec.cat\/ies-ramonbarbat-vilaseca\/wp-json\/wp\/v2\/pages"}],"about":[{"href":"https:\/\/agora.xtec.cat\/ies-ramonbarbat-vilaseca\/wp-json\/wp\/v2\/types\/page"}],"author":[{"embeddable":true,"href":"https:\/\/agora.xtec.cat\/ies-ramonbarbat-vilaseca\/wp-json\/wp\/v2\/users\/1"}],"replies":[{"embeddable":true,"href":"https:\/\/agora.xtec.cat\/ies-ramonbarbat-vilaseca\/wp-json\/wp\/v2\/comments?post=310"}],"version-history":[{"count":7,"href":"https:\/\/agora.xtec.cat\/ies-ramonbarbat-vilaseca\/wp-json\/wp\/v2\/pages\/310\/revisions"}],"predecessor-version":[{"id":15872,"href":"https:\/\/agora.xtec.cat\/ies-ramonbarbat-vilaseca\/wp-json\/wp\/v2\/pages\/310\/revisions\/15872"}],"up":[{"embeddable":true,"href":"https:\/\/agora.xtec.cat\/ies-ramonbarbat-vilaseca\/wp-json\/wp\/v2\/pages\/19"}],"wp:attachment":[{"href":"https:\/\/agora.xtec.cat\/ies-ramonbarbat-vilaseca\/wp-json\/wp\/v2\/media?parent=310"}],"curies":[{"name":"wp","href":"https:\/\/api.w.org\/{rel}","templated":true}]}}