{"id":195,"date":"2014-09-22T10:39:39","date_gmt":"2014-09-22T10:39:39","guid":{"rendered":"http:\/\/agora.xtec.cat\/ies-ramonbarbat-vilaseca\/?page_id=195"},"modified":"2026-03-24T13:33:59","modified_gmt":"2026-03-24T12:33:59","slug":"estudis","status":"publish","type":"page","link":"https:\/\/agora.xtec.cat\/ies-ramonbarbat-vilaseca\/estudis\/","title":{"rendered":"Estudis"},"content":{"rendered":"<hr \/>\n<p><span style=\"font-weight: 400;\">L\u2019institut t\u00e9 aquest curs 906 alumnes, el claustre el formen 94 professors\/es, 5 persones d\u2019administraci\u00f3 i serveis, 1 educador i 1 vetllador. <\/span><\/p>\n<p>L&#8217;INS Ramon Barbat Miracle de Vila-seca \u00e9s un centre on s&#8217;imparteixen els nivells educatius seg\u00fcents:<\/p>\n<table>\n<tbody>\n<tr>\n<td><b>Ensenyaments OBLIGATORIS<\/b><\/td>\n<td colspan=\"2\"><b>E.S.O.<\/b><\/td>\n<td><span style=\"font-weight: 400;\">1r, 2n, 3r, 4t d\u2019ESO\u00a0<\/span><\/td>\n<\/tr>\n<tr>\n<td rowspan=\"3\"><b>Ensenyaments POSTOBLIGATORIS<\/b><\/td>\n<td colspan=\"2\"><b>BATXILLERAT\u00a0<\/b><\/td>\n<td>\n<ul>\n<li style=\"font-weight: 400;\"><span style=\"font-weight: 400;\">Ci\u00e8ncies i tecnologia<\/span><\/li>\n<li style=\"font-weight: 400;\"><span style=\"font-weight: 400;\">Humanitats i Ci\u00e8ncies socials<\/span><\/li>\n<\/ul>\n<\/td>\n<\/tr>\n<tr>\n<td rowspan=\"2\"><b>CICLES<\/b><\/td>\n<td><b>CPGM<\/b><\/td>\n<td>\n<ul>\n<li style=\"font-weight: 400;\">*Cicle Formatiu de Grau B\u00e0sic de serveis comercials<\/li>\n<li><span style=\"font-weight: 400;\">T\u00e8cnic en comer\u00e7 i m\u00e0rqueting especialitzat en turisme (1r i 2n curs)<\/span><\/li>\n<li style=\"font-weight: 400;\"><span style=\"font-weight: 400;\">T\u00e8cnic en instal\u00b7lacions de producci\u00f3 de calor (r\u00e8gim d\u2019alternan\u00e7a)<\/span><\/li>\n<li style=\"font-weight: 400;\"><span style=\"font-weight: 400;\">T\u00e8cnic en instal\u00b7lacions frigor\u00edfiques i climatitzaci\u00f3 (r\u00e8gim d\u2019alternan\u00e7a)<\/span><\/li>\n<\/ul>\n<\/td>\n<\/tr>\n<tr>\n<td><b>CPGS<\/b><\/td>\n<td>\n<ul>\n<li style=\"font-weight: 400;\"><span style=\"font-weight: 400;\">T\u00e8cnic superior en Manteniment d\u2019instal\u00b7lacions t\u00e8rmiques i de fluids (1r i 2n curs)<\/span><\/li>\n<li>M\u00e0rqueting i publicitat<\/li>\n<\/ul>\n<\/td>\n<\/tr>\n<\/tbody>\n<\/table>\n<p>&nbsp;<\/p>\n<h3><a href=\"http:\/\/agora.xtec.cat\/ies-ramonbarbat-vilaseca\/estudis\/eso\/\">Ensenyament Secundari Obligatori (ESO)<\/a><\/h3>\n<h3><a href=\"http:\/\/agora.xtec.cat\/ies-ramonbarbat-vilaseca\/estudis\/batxillerat\/\">Batxillerat<\/a><\/h3>\n<p>&nbsp;<\/p>\n<h3>CICLES FORMATIUS<\/h3>\n<p><a href=\"https:\/\/agora.xtec.cat\/ies-ramonbarbat-vilaseca\/estudis\/cicles\/cfgb-cicle-formatiu-de-grau-basic-de-serveis-comercials\/\">CFPB <\/a><a href=\"https:\/\/agora.xtec.cat\/ies-ramonbarbat-vilaseca\/estudis\/cicles\/activitats-comercials\/\">(CM10)<\/a><a href=\"https:\/\/agora.xtec.cat\/ies-ramonbarbat-vilaseca\/estudis\/cicles\/cfgb-cicle-formatiu-de-grau-basic-de-serveis-comercials\/\"> Cicle Formatiu de Grau B\u00e0sic de serveis comercials<\/a><\/p>\n<p><a href=\"https:\/\/agora.xtec.cat\/ies-ramonbarbat-vilaseca\/estudis\/cicles\/activitats-comercials\/\">CFPM (CM10) Activitats Comercials Adaptat al turisme<\/a><\/p>\n<p><a href=\"http:\/\/agora.xtec.cat\/ies-ramonbarbat-vilaseca\/estudis\/cicles\/instal%C2%B7lacio-i-manteniment\/\" target=\"_blank\" rel=\"noopener\">CFPM (IM20) Instal\u00b7lacions de producci\u00f3 de calor<\/a><\/p>\n<p><a href=\"https:\/\/agora.xtec.cat\/ies-ramonbarbat-vilaseca\/estudis\/cicles\/cfgm-im30-installacions-frigorifiques-i-de-climatitzacio\/\" target=\"_blank\" rel=\"noopener\">CFPM (IM30) Instal\u00b7lacions frigor\u00edfiques i de climatitzaci\u00f3<\/a><\/p>\n<p><a href=\"https:\/\/agora.xtec.cat\/ies-ramonbarbat-vilaseca\/estudis\/cicles\/cfps-ima0-manteniment-dinstallacions-termiques-i-de-fluids\/\" target=\"_blank\" rel=\"noopener\"><strong>CFPS (IMA0) Manteniment d&#8217;instal\u00b7lacions t\u00e8rmiques i de fluids<\/strong><\/a><\/p>\n<p><a href=\"https:\/\/agora.xtec.cat\/ies-ramonbarbat-vilaseca\/estudis\/cicles\/cfgs-cmd0-marqueting-i-publicitat-nou\/\" target=\"_blank\" rel=\"noopener\"><strong>CFPS (CMD0) M\u00e0rqueting i publicitat (Nou)<\/strong><\/a><\/p>\n<p>&nbsp;<\/p>\n<hr \/>\n<p><a href=\"http:\/\/agora.xtec.cat\/ies-ramonbarbat-vilaseca\/secretaria\/preinscripcio-i-matricula\/\">Preinscripci\u00f3 i matr\u00edcula<\/a><\/p>\n","protected":false},"excerpt":{"rendered":"<p>L\u2019institut t\u00e9 aquest curs 906 alumnes, el claustre el formen 94 professors\/es, 5 persones d\u2019administraci\u00f3 i serveis, 1 educador i 1 vetllador. L&#8217;INS Ramon Barbat Miracle de Vila-seca \u00e9s un centre on s&#8217;imparteixen els nivells educatius seg\u00fcents: Ensenyaments OBLIGATORIS E.S.O. 1r, 2n, 3r, 4t d\u2019ESO\u00a0 Ensenyaments POSTOBLIGATORIS BATXILLERAT\u00a0 Ci\u00e8ncies i tecnologia Humanitats i Ci\u00e8ncies socials [&hellip;]<\/p>\n","protected":false},"author":1,"featured_media":0,"parent":0,"menu_order":0,"comment_status":"closed","ping_status":"closed","template":"","meta":{"_bbp_topic_count":0,"_bbp_reply_count":0,"_bbp_total_topic_count":0,"_bbp_total_reply_count":0,"_bbp_voice_count":0,"_bbp_anonymous_reply_count":0,"_bbp_topic_count_hidden":0,"_bbp_reply_count_hidden":0,"_bbp_forum_subforum_count":0,"site-sidebar-layout":"default","site-content-layout":"","ast-site-content-layout":"default","site-content-style":"default","site-sidebar-style":"default","ast-global-header-display":"","ast-banner-title-visibility":"","ast-main-header-display":"","ast-hfb-above-header-display":"","ast-hfb-below-header-display":"","ast-hfb-mobile-header-display":"","site-post-title":"","ast-breadcrumbs-content":"","ast-featured-img":"","footer-sml-layout":"","theme-transparent-header-meta":"default","adv-header-id-meta":"","stick-header-meta":"","header-above-stick-meta":"","header-main-stick-meta":"","header-below-stick-meta":"","astra-migrate-meta-layouts":"set","ast-page-background-enabled":"default","ast-page-background-meta":{"desktop":{"background-color":"var(--ast-global-color-4)","background-image":"","background-repeat":"repeat","background-position":"center center","background-size":"auto","background-attachment":"scroll","background-type":"","background-media":"","overlay-type":"","overlay-color":"","overlay-opacity":"","overlay-gradient":""},"tablet":{"background-color":"","background-image":"","background-repeat":"repeat","background-position":"center center","background-size":"auto","background-attachment":"scroll","background-type":"","background-media":"","overlay-type":"","overlay-color":"","overlay-opacity":"","overlay-gradient":""},"mobile":{"background-color":"","background-image":"","background-repeat":"repeat","background-position":"center center","background-size":"auto","background-attachment":"scroll","background-type":"","background-media":"","overlay-type":"","overlay-color":"","overlay-opacity":"","overlay-gradient":""}},"ast-content-background-meta":{"desktop":{"background-color":"var(--ast-global-color-5)","background-image":"","background-repeat":"repeat","background-position":"center center","background-size":"auto","background-attachment":"scroll","background-type":"","background-media":"","overlay-type":"","overlay-color":"","overlay-opacity":"","overlay-gradient":""},"tablet":{"background-color":"var(--ast-global-color-5)","background-image":"","background-repeat":"repeat","background-position":"center center","background-size":"auto","background-attachment":"scroll","background-type":"","background-media":"","overlay-type":"","overlay-color":"","overlay-opacity":"","overlay-gradient":""},"mobile":{"background-color":"var(--ast-global-color-5)","background-image":"","background-repeat":"repeat","background-position":"center center","background-size":"auto","background-attachment":"scroll","background-type":"","background-media":"","overlay-type":"","overlay-color":"","overlay-opacity":"","overlay-gradient":""}},"footnotes":""},"class_list":["post-195","page","type-page","status-publish","hentry"],"post_mailing_queue_ids":[],"_links":{"self":[{"href":"https:\/\/agora.xtec.cat\/ies-ramonbarbat-vilaseca\/wp-json\/wp\/v2\/pages\/195","targetHints":{"allow":["GET"]}}],"collection":[{"href":"https:\/\/agora.xtec.cat\/ies-ramonbarbat-vilaseca\/wp-json\/wp\/v2\/pages"}],"about":[{"href":"https:\/\/agora.xtec.cat\/ies-ramonbarbat-vilaseca\/wp-json\/wp\/v2\/types\/page"}],"author":[{"embeddable":true,"href":"https:\/\/agora.xtec.cat\/ies-ramonbarbat-vilaseca\/wp-json\/wp\/v2\/users\/1"}],"replies":[{"embeddable":true,"href":"https:\/\/agora.xtec.cat\/ies-ramonbarbat-vilaseca\/wp-json\/wp\/v2\/comments?post=195"}],"version-history":[{"count":8,"href":"https:\/\/agora.xtec.cat\/ies-ramonbarbat-vilaseca\/wp-json\/wp\/v2\/pages\/195\/revisions"}],"predecessor-version":[{"id":16621,"href":"https:\/\/agora.xtec.cat\/ies-ramonbarbat-vilaseca\/wp-json\/wp\/v2\/pages\/195\/revisions\/16621"}],"wp:attachment":[{"href":"https:\/\/agora.xtec.cat\/ies-ramonbarbat-vilaseca\/wp-json\/wp\/v2\/media?parent=195"}],"curies":[{"name":"wp","href":"https:\/\/api.w.org\/{rel}","templated":true}]}}