{"id":12570,"date":"2023-11-06T12:13:01","date_gmt":"2023-11-06T11:13:01","guid":{"rendered":"https:\/\/agora.xtec.cat\/ies-ramonbarbat-vilaseca\/?page_id=12570"},"modified":"2024-03-12T13:13:40","modified_gmt":"2024-03-12T12:13:40","slug":"projecte-mufps","status":"publish","type":"page","link":"https:\/\/agora.xtec.cat\/ies-ramonbarbat-vilaseca\/projecte-educatiu\/projectes-i-activitats\/projecte-mufps\/","title":{"rendered":"Projecte MUFPS"},"content":{"rendered":"<h5><b>Descripci\u00f3<\/b><\/h5>\n<p><span style=\"font-weight: 400;\">L\u2019Institut Ramon Barbat est\u00e0 implicat en la formaci\u00f3 de nous docents des de fa molts anys. Any rere any acollim futurs professionals de la doc\u00e8ncia, car forma part del nostre ADN. L&#8217;equip directiu ha promogut una formaci\u00f3 interna a centre sobre centres formadors de refer\u00e8ncia i s&#8217;informa al Claustre de l&#8217;evoluci\u00f3 del projecte.\u00a0<\/span><\/p>\n<p><span style=\"font-weight: 400;\">Els membres del Grup impulsor continuem assistint a les diferents formacions del Departament aix\u00ed com a xerrades organitzades per les Universitats.\u00a0<\/span><\/p>\n<h5><b>Objectius<\/b><\/h5>\n<p><span style=\"font-weight: 400;\">1.- Millorar el protocol d&#8217;acollida i acompanyament al llarg de l&#8217;estada formativa de l&#8217;alumnat en pr\u00e0ctiques.<\/span><\/p>\n<p><span style=\"font-weight: 400;\">2.- Incorporar l\u2019estudiant universitari al centre formador com a agent actiu que col\u2022labora.<\/span><\/p>\n<p><span style=\"font-weight: 400;\">3.- Millorar les condicions de les pr\u00e0ctiques.<\/span><\/p>\n<p><span style=\"font-weight: 400;\">4.- Treballar la compet\u00e8ncia de relacions interpersonals\u00a0 i de resoluci\u00f3 de conflictes. Es planteja una formaci\u00f3 interna a centre sobre el mentoratge.\u00a0<\/span><\/p>\n<p><span style=\"font-weight: 400;\">5.- Creaci\u00f3 del Grup Impulsor del MUFPS com a nucli que vehicula totes les realitats relacionades amb el projecte i informaci\u00f3 al Claustre i al Consell Escolar sobre l&#8217;evoluci\u00f3 del Projecte al centre.\u00a0\u00a0\u00a0<\/span><\/p>\n<h5><b>\u00c0mbits curriculars, \u00e0rees i\/o mat\u00e8ries<\/b><\/h5>\n<p><span style=\"font-weight: 400;\">El projecte est\u00e0 adre\u00e7at a tot el professorat del centre, ra\u00f3 per la qual implica totes les \u00e0rees curriculars.\u00a0\u00a0<\/span><\/p>\n<p><span style=\"font-weight: 400;\">L&#8217;institut implementa el curr\u00edculum i l&#8217;avaluaci\u00f3 per compet\u00e8ncies, aix\u00ed com el treball globalitzat amb metodologies centrades en l&#8217;alumne, treballant-se per projectes als quatre cursos de l\u2019ESO tant de manera continuada com al final de cada trimestre.\u00a0<\/span><\/p>\n<p>&nbsp;<\/p>\n","protected":false},"excerpt":{"rendered":"<p>Descripci\u00f3 L\u2019Institut Ramon Barbat est\u00e0 implicat en la formaci\u00f3 de nous docents des de fa molts anys. Any rere any acollim futurs professionals de la doc\u00e8ncia, car forma part del nostre ADN. L&#8217;equip directiu ha promogut una formaci\u00f3 interna a centre sobre centres formadors de refer\u00e8ncia i s&#8217;informa al Claustre de l&#8217;evoluci\u00f3 del projecte.\u00a0 Els [&hellip;]<\/p>\n","protected":false},"author":204,"featured_media":0,"parent":2522,"menu_order":0,"comment_status":"closed","ping_status":"closed","template":"","meta":{"_bbp_topic_count":0,"_bbp_reply_count":0,"_bbp_total_topic_count":0,"_bbp_total_reply_count":0,"_bbp_voice_count":0,"_bbp_anonymous_reply_count":0,"_bbp_topic_count_hidden":0,"_bbp_reply_count_hidden":0,"_bbp_forum_subforum_count":0,"site-sidebar-layout":"default","site-content-layout":"","ast-site-content-layout":"","site-content-style":"default","site-sidebar-style":"default","ast-global-header-display":"","ast-banner-title-visibility":"","ast-main-header-display":"","ast-hfb-above-header-display":"","ast-hfb-below-header-display":"","ast-hfb-mobile-header-display":"","site-post-title":"","ast-breadcrumbs-content":"","ast-featured-img":"","footer-sml-layout":"","theme-transparent-header-meta":"","adv-header-id-meta":"","stick-header-meta":"","header-above-stick-meta":"","header-main-stick-meta":"","header-below-stick-meta":"","astra-migrate-meta-layouts":"default","ast-page-background-enabled":"default","ast-page-background-meta":{"desktop":{"background-color":"var(--ast-global-color-4)","background-image":"","background-repeat":"repeat","background-position":"center center","background-size":"auto","background-attachment":"scroll","background-type":"","background-media":"","overlay-type":"","overlay-color":"","overlay-opacity":"","overlay-gradient":""},"tablet":{"background-color":"","background-image":"","background-repeat":"repeat","background-position":"center center","background-size":"auto","background-attachment":"scroll","background-type":"","background-media":"","overlay-type":"","overlay-color":"","overlay-opacity":"","overlay-gradient":""},"mobile":{"background-color":"","background-image":"","background-repeat":"repeat","background-position":"center center","background-size":"auto","background-attachment":"scroll","background-type":"","background-media":"","overlay-type":"","overlay-color":"","overlay-opacity":"","overlay-gradient":""}},"ast-content-background-meta":{"desktop":{"background-color":"var(--ast-global-color-5)","background-image":"","background-repeat":"repeat","background-position":"center center","background-size":"auto","background-attachment":"scroll","background-type":"","background-media":"","overlay-type":"","overlay-color":"","overlay-opacity":"","overlay-gradient":""},"tablet":{"background-color":"var(--ast-global-color-5)","background-image":"","background-repeat":"repeat","background-position":"center center","background-size":"auto","background-attachment":"scroll","background-type":"","background-media":"","overlay-type":"","overlay-color":"","overlay-opacity":"","overlay-gradient":""},"mobile":{"background-color":"var(--ast-global-color-5)","background-image":"","background-repeat":"repeat","background-position":"center center","background-size":"auto","background-attachment":"scroll","background-type":"","background-media":"","overlay-type":"","overlay-color":"","overlay-opacity":"","overlay-gradient":""}},"footnotes":""},"class_list":["post-12570","page","type-page","status-publish","hentry"],"post_mailing_queue_ids":[],"_links":{"self":[{"href":"https:\/\/agora.xtec.cat\/ies-ramonbarbat-vilaseca\/wp-json\/wp\/v2\/pages\/12570","targetHints":{"allow":["GET"]}}],"collection":[{"href":"https:\/\/agora.xtec.cat\/ies-ramonbarbat-vilaseca\/wp-json\/wp\/v2\/pages"}],"about":[{"href":"https:\/\/agora.xtec.cat\/ies-ramonbarbat-vilaseca\/wp-json\/wp\/v2\/types\/page"}],"author":[{"embeddable":true,"href":"https:\/\/agora.xtec.cat\/ies-ramonbarbat-vilaseca\/wp-json\/wp\/v2\/users\/204"}],"replies":[{"embeddable":true,"href":"https:\/\/agora.xtec.cat\/ies-ramonbarbat-vilaseca\/wp-json\/wp\/v2\/comments?post=12570"}],"version-history":[{"count":1,"href":"https:\/\/agora.xtec.cat\/ies-ramonbarbat-vilaseca\/wp-json\/wp\/v2\/pages\/12570\/revisions"}],"predecessor-version":[{"id":12573,"href":"https:\/\/agora.xtec.cat\/ies-ramonbarbat-vilaseca\/wp-json\/wp\/v2\/pages\/12570\/revisions\/12573"}],"up":[{"embeddable":true,"href":"https:\/\/agora.xtec.cat\/ies-ramonbarbat-vilaseca\/wp-json\/wp\/v2\/pages\/2522"}],"wp:attachment":[{"href":"https:\/\/agora.xtec.cat\/ies-ramonbarbat-vilaseca\/wp-json\/wp\/v2\/media?parent=12570"}],"curies":[{"name":"wp","href":"https:\/\/api.w.org\/{rel}","templated":true}]}}