{"id":4963,"date":"2024-05-28T16:03:45","date_gmt":"2024-05-28T14:03:45","guid":{"rendered":"https:\/\/agora.xtec.cat\/ies-pompeu-fabra-martorell\/?page_id=4963"},"modified":"2026-04-13T10:43:18","modified_gmt":"2026-04-13T08:43:18","slug":"preinscripcio-i-matricula-batxillerat","status":"publish","type":"page","link":"https:\/\/agora.xtec.cat\/ies-pompeu-fabra-martorell\/secretaria\/preinscripcio-i-matricula\/preinscripcio-i-matricula-batxillerat\/","title":{"rendered":"Preinscripci\u00f3 i matr\u00edcula Batxillerat"},"content":{"rendered":"<h1 class=\"NG-menu__title\"><a href=\"https:\/\/tramits.gencat.cat\/ca\/tramits\/tramits-temes\/preinscripcio-batxillerat?&amp;moda=1\">Fes la sol\u00b7licitud de preinscripci\u00f3<\/a><\/h1>\n<p>&nbsp;<\/p>\n<table style=\"width: 75.0824%; height: 420px;\" width=\"652\" cellspacing=\"1\" cellpadding=\"5\" bgcolor=\"#ffffff\">\n<colgroup>\n<col width=\"442\" \/>\n<col width=\"186\" \/><\/colgroup>\n<tbody>\n<tr style=\"height: 57px;\">\n<td style=\"width: 164.635%; height: 57px;\" colspan=\"2\" valign=\"top\" bgcolor=\"#e6e6e6\" width=\"638\">\n<p style=\"text-align: center;\" align=\"center\"><b>CALENDARI BATXILLERAT. CURS 2026-2027<\/b><\/p>\n<\/td>\n<\/tr>\n<tr style=\"height: 33px;\" valign=\"top\">\n<td style=\"width: 76.9854%; height: 33px;\" bgcolor=\"#ffffff\" width=\"442\"><a href=\"https:\/\/agora.xtec.cat\/ies-pompeu-fabra-martorell\/wp-content\/uploads\/usu2046\/2026\/04\/INFORME_OFERTA_OME_INFORME_OFERTA-1.pdf\">Publicaci\u00f3 de l\u2019oferta inicial<\/a><\/td>\n<td style=\"width: 87.6498%; height: 33px;\" bgcolor=\"#ffffff\" width=\"186\">8 d&#8217;abril<\/td>\n<\/tr>\n<tr style=\"height: 33px;\" valign=\"top\">\n<td style=\"width: 76.9854%; height: 33px;\" bgcolor=\"#e6e6e6\" width=\"442\"><b>Presentaci\u00f3 de sol\u00b7licituds<br \/>\n<\/b><\/td>\n<td style=\"width: 87.6498%; height: 33px;\" bgcolor=\"#e6e6e6\" width=\"186\">9 al 16 d&#8217;abril<\/td>\n<\/tr>\n<tr style=\"height: 33px;\" valign=\"top\">\n<td style=\"width: 76.9854%; height: 33px;\" bgcolor=\"#ffffff\" width=\"442\"><b>Presentaci\u00f3 de documentaci\u00f3<\/b><\/td>\n<td style=\"width: 87.6498%; height: 33px;\" bgcolor=\"#ffffff\" width=\"186\">Fins el 17 d&#8217;abril<\/td>\n<\/tr>\n<tr style=\"height: 33px;\" valign=\"top\">\n<td style=\"width: 76.9854%; height: 33px;\" bgcolor=\"#e6e6e6\" width=\"442\">Publicaci\u00f3 de les llistes amb el barem provisional<\/td>\n<td style=\"width: 87.6498%; height: 33px;\" bgcolor=\"#e6e6e6\" width=\"186\">14 de maig<\/td>\n<\/tr>\n<tr style=\"height: 33px;\" valign=\"top\">\n<td style=\"width: 76.9854%; height: 33px;\" bgcolor=\"#ffffff\" width=\"442\">Reclamacions<\/td>\n<td style=\"width: 87.6498%; height: 33px;\" bgcolor=\"#ffffff\" width=\"186\">14 al 20 de maig<\/td>\n<\/tr>\n<tr style=\"height: 33px;\" valign=\"top\">\n<td style=\"width: 76.9854%; height: 33px;\" bgcolor=\"#e6e6e6\" width=\"442\">Publicaci\u00f3 de llistes un cop resoltes les reclamacions<\/td>\n<td style=\"width: 87.6498%; height: 33px;\" bgcolor=\"#e6e6e6\" width=\"186\">26 de maig<\/td>\n<\/tr>\n<tr style=\"height: 33px;\" valign=\"top\">\n<td style=\"width: 76.9854%; height: 33px;\" bgcolor=\"#ffffff\" width=\"442\">Sorteig del n\u00famero per al desempat<\/td>\n<td style=\"width: 87.6498%; height: 33px;\" bgcolor=\"#ffffff\" width=\"186\">26 de maig<\/td>\n<\/tr>\n<tr style=\"height: 33px;\" valign=\"top\">\n<td style=\"width: 76.9854%; height: 33px;\" bgcolor=\"#e6e6e6\" width=\"442\"><b>Publicaci\u00f3 de llistes ordenades<\/b><\/td>\n<td style=\"width: 87.6498%; height: 33px;\" bgcolor=\"#e6e6e6\" width=\"186\">29 de maig<\/td>\n<\/tr>\n<tr style=\"height: 33px;\" valign=\"top\">\n<td style=\"width: 76.9854%; height: 33px;\" bgcolor=\"#ffffff\" width=\"442\">Publicaci\u00f3 oferta final<\/td>\n<td style=\"width: 87.6498%; height: 33px;\" bgcolor=\"#ffffff\" width=\"186\">17 de juny<\/td>\n<\/tr>\n<tr style=\"height: 33px;\" valign=\"top\">\n<td style=\"width: 76.9854%; height: 33px;\" bgcolor=\"#e6e6e6\" width=\"442\">Publicaci\u00f3 de les llistes d\u2019admesos i llista d\u2019espera<\/td>\n<td style=\"width: 87.6498%; height: 33px;\" bgcolor=\"#e6e6e6\" width=\"186\">17 de juny<\/td>\n<\/tr>\n<tr style=\"height: 33px;\" valign=\"top\">\n<td style=\"width: 76.9854%; height: 33px;\" bgcolor=\"#ffffff\" width=\"442\"><b>Matr\u00edcula<\/b><\/td>\n<td style=\"width: 87.6498%; height: 33px;\" bgcolor=\"#ffffff\" width=\"186\">Del 18 al 30 de juny<\/td>\n<\/tr>\n<\/tbody>\n<\/table>\n<p align=\"justify\">U\u200bs recomanem no imprimir aquest calendari i consultar-lo en l\u00ednia\u200b per si hi ha \u200b\u200bmodificacions al llarg del procediment.\u200b\u200b<\/p>\n<p align=\"justify\"><strong>\u00c0rees territorials de proximitat dels ensenyaments de Batxillerat Art\u00edstic (Via Pl\u00e0stica) del nostre centre:<br \/>\n<\/strong>Abrera, Castellv\u00ed de Rosanes, Collbat\u00f3, Esparreguera, Martorell, Olesa de Montserrat, Pallej\u00e0, Sant Andreu de la Barca i Sant Esteve de Sesrovires.<\/p>\n<p align=\"justify\">Per a m\u00e9s informaci\u00f3 sobre el curr\u00edculum de Batxillerat podeu consultar la <a href=\"https:\/\/agora.xtec.cat\/ies-pompeu-fabra-martorell\/estudis\/\">web<\/a><\/p>\n<p align=\"justify\">M\u00e9s informaci\u00f3 a:<\/p>\n<ul>\n<li><a href=\"https:\/\/preinscripcio.gencat.cat\/ca\/estudis\/batxillerat\/inici\/\" target=\"_blank\" rel=\"noopener\">Web del Departament d\u2019Educaci\u00f3.<\/a><\/li>\n<\/ul>\n<p>&nbsp;<\/p>\n<p>&nbsp;<\/p>\n<div><\/div>\n<p><strong><u>Per demanar pla\u00e7a per Batxillerat fora del termini de Preinscripci\u00f3<\/u><\/strong><\/p>\n<p>Enviar correu electr\u00f2nic a <a href=\"mailto:secretaria@iespompeufabra.cat\"><strong>secretaria@iespompeufabra.cat<\/strong><\/a><\/p>\n<p><u>Indicar:<\/u><\/p>\n<p>Nom i cognoms<br \/>\nData de naixement<br \/>\nModalitat<br \/>\nNivell<br \/>\nAdjuntar \u00faltimes qualificacions<\/p>\n","protected":false},"excerpt":{"rendered":"<p>Fes la sol\u00b7licitud de preinscripci\u00f3 &nbsp; CALENDARI BATXILLERAT. CURS 2026-2027 Publicaci\u00f3 de l\u2019oferta inicial 8 d&#8217;abril Presentaci\u00f3 de sol\u00b7licituds 9 al 16 d&#8217;abril Presentaci\u00f3 de documentaci\u00f3 Fins el 17 d&#8217;abril Publicaci\u00f3 de les llistes amb el barem provisional 14 de maig Reclamacions 14 al 20 de maig Publicaci\u00f3 de llistes un cop resoltes les reclamacions [&hellip;]<\/p>\n","protected":false},"author":1,"featured_media":0,"parent":4957,"menu_order":0,"comment_status":"closed","ping_status":"closed","template":"","meta":{"_bbp_topic_count":0,"_bbp_reply_count":0,"_bbp_total_topic_count":0,"_bbp_total_reply_count":0,"_bbp_voice_count":0,"_bbp_anonymous_reply_count":0,"_bbp_topic_count_hidden":0,"_bbp_reply_count_hidden":0,"_bbp_forum_subforum_count":0,"site-sidebar-layout":"default","site-content-layout":"","ast-site-content-layout":"default","site-content-style":"default","site-sidebar-style":"default","ast-global-header-display":"","ast-banner-title-visibility":"","ast-main-header-display":"","ast-hfb-above-header-display":"","ast-hfb-below-header-display":"","ast-hfb-mobile-header-display":"","site-post-title":"","ast-breadcrumbs-content":"","ast-featured-img":"","footer-sml-layout":"","theme-transparent-header-meta":"default","adv-header-id-meta":"","stick-header-meta":"","header-above-stick-meta":"","header-main-stick-meta":"","header-below-stick-meta":"","astra-migrate-meta-layouts":"set","ast-page-background-enabled":"default","ast-page-background-meta":{"desktop":{"background-color":"var(--ast-global-color-4)","background-image":"","background-repeat":"repeat","background-position":"center center","background-size":"auto","background-attachment":"scroll","background-type":"","background-media":"","overlay-type":"","overlay-color":"","overlay-opacity":"","overlay-gradient":""},"tablet":{"background-color":"","background-image":"","background-repeat":"repeat","background-position":"center center","background-size":"auto","background-attachment":"scroll","background-type":"","background-media":"","overlay-type":"","overlay-color":"","overlay-opacity":"","overlay-gradient":""},"mobile":{"background-color":"","background-image":"","background-repeat":"repeat","background-position":"center center","background-size":"auto","background-attachment":"scroll","background-type":"","background-media":"","overlay-type":"","overlay-color":"","overlay-opacity":"","overlay-gradient":""}},"ast-content-background-meta":{"desktop":{"background-color":"var(--ast-global-color-5)","background-image":"","background-repeat":"repeat","background-position":"center center","background-size":"auto","background-attachment":"scroll","background-type":"","background-media":"","overlay-type":"","overlay-color":"","overlay-opacity":"","overlay-gradient":""},"tablet":{"background-color":"var(--ast-global-color-5)","background-image":"","background-repeat":"repeat","background-position":"center center","background-size":"auto","background-attachment":"scroll","background-type":"","background-media":"","overlay-type":"","overlay-color":"","overlay-opacity":"","overlay-gradient":""},"mobile":{"background-color":"var(--ast-global-color-5)","background-image":"","background-repeat":"repeat","background-position":"center center","background-size":"auto","background-attachment":"scroll","background-type":"","background-media":"","overlay-type":"","overlay-color":"","overlay-opacity":"","overlay-gradient":""}},"footnotes":""},"class_list":["post-4963","page","type-page","status-publish","hentry"],"post_mailing_queue_ids":[],"_links":{"self":[{"href":"https:\/\/agora.xtec.cat\/ies-pompeu-fabra-martorell\/wp-json\/wp\/v2\/pages\/4963","targetHints":{"allow":["GET"]}}],"collection":[{"href":"https:\/\/agora.xtec.cat\/ies-pompeu-fabra-martorell\/wp-json\/wp\/v2\/pages"}],"about":[{"href":"https:\/\/agora.xtec.cat\/ies-pompeu-fabra-martorell\/wp-json\/wp\/v2\/types\/page"}],"author":[{"embeddable":true,"href":"https:\/\/agora.xtec.cat\/ies-pompeu-fabra-martorell\/wp-json\/wp\/v2\/users\/1"}],"replies":[{"embeddable":true,"href":"https:\/\/agora.xtec.cat\/ies-pompeu-fabra-martorell\/wp-json\/wp\/v2\/comments?post=4963"}],"version-history":[{"count":7,"href":"https:\/\/agora.xtec.cat\/ies-pompeu-fabra-martorell\/wp-json\/wp\/v2\/pages\/4963\/revisions"}],"predecessor-version":[{"id":7010,"href":"https:\/\/agora.xtec.cat\/ies-pompeu-fabra-martorell\/wp-json\/wp\/v2\/pages\/4963\/revisions\/7010"}],"up":[{"embeddable":true,"href":"https:\/\/agora.xtec.cat\/ies-pompeu-fabra-martorell\/wp-json\/wp\/v2\/pages\/4957"}],"wp:attachment":[{"href":"https:\/\/agora.xtec.cat\/ies-pompeu-fabra-martorell\/wp-json\/wp\/v2\/media?parent=4963"}],"curies":[{"name":"wp","href":"https:\/\/api.w.org\/{rel}","templated":true}]}}