{"id":27,"date":"2014-09-17T16:24:03","date_gmt":"2014-09-17T16:24:03","guid":{"rendered":"http:\/\/agora.xtec.cat\/ies-pompeu-fabra-martorell\/?page_id=27"},"modified":"2023-02-12T00:16:49","modified_gmt":"2023-02-11T23:16:49","slug":"historia","status":"publish","type":"page","link":"https:\/\/agora.xtec.cat\/ies-pompeu-fabra-martorell\/linstitut\/historia\/","title":{"rendered":"Hist\u00f2ria"},"content":{"rendered":"<p><strong>50\u00e8 Aniversari de l&#8217;Institut Pompeu Fabra<\/strong><\/p>\n<p>El nostre institut va celebrar el seu 50 aniversari l&#8217;any 2018.<\/p>\n<p><a href=\"https:\/\/www.flickr.com\/photos\/151282861@N02\/sets\/72157693446080702\/\">Fotos celebraci\u00f3 50\u00e8 Aniversari. 2018\u00a0<\/a><\/p>\n<p><a href=\"https:\/\/agora.xtec.cat\/ies-pompeu-fabra-martorell\/wp-content\/uploads\/usu2046\/2021\/01\/pompeu50.jpg\"><img loading=\"lazy\" decoding=\"async\" class=\"aligncenter size-large wp-image-740\" src=\"https:\/\/agora.xtec.cat\/ies-pompeu-fabra-martorell\/wp-content\/uploads\/usu2046\/2021\/01\/pompeu50-1024x683.jpg\" alt=\"\" width=\"1024\" height=\"683\" srcset=\"https:\/\/agora.xtec.cat\/ies-pompeu-fabra-martorell\/wp-content\/uploads\/usu2046\/2021\/01\/pompeu50-1024x683.jpg 1024w, https:\/\/agora.xtec.cat\/ies-pompeu-fabra-martorell\/wp-content\/uploads\/usu2046\/2021\/01\/pompeu50-300x200.jpg 300w, https:\/\/agora.xtec.cat\/ies-pompeu-fabra-martorell\/wp-content\/uploads\/usu2046\/2021\/01\/pompeu50-768x512.jpg 768w, https:\/\/agora.xtec.cat\/ies-pompeu-fabra-martorell\/wp-content\/uploads\/usu2046\/2021\/01\/pompeu50.jpg 1296w\" sizes=\"auto, (max-width: 1024px) 100vw, 1024px\" \/><\/a><\/p>\n<p>LLIBRE &#8220;INSTITUT POMPEU FABRA MARTORELL, 5O ANYS. ALBUM DE MEM\u00d2RIES, escrit pel professor Andr\u00e9s Mart\u00ednez.<\/p>\n<p><a href=\"https:\/\/agora.xtec.cat\/ies-pompeu-fabra-martorell\/wp-content\/uploads\/usu2046\/2021\/01\/IMG_7995-630x420.jpg\"><img loading=\"lazy\" decoding=\"async\" class=\"aligncenter size-full wp-image-745\" src=\"https:\/\/agora.xtec.cat\/ies-pompeu-fabra-martorell\/wp-content\/uploads\/usu2046\/2021\/01\/IMG_7995-630x420.jpg\" alt=\"\" width=\"630\" height=\"420\" srcset=\"https:\/\/agora.xtec.cat\/ies-pompeu-fabra-martorell\/wp-content\/uploads\/usu2046\/2021\/01\/IMG_7995-630x420.jpg 630w, https:\/\/agora.xtec.cat\/ies-pompeu-fabra-martorell\/wp-content\/uploads\/usu2046\/2021\/01\/IMG_7995-630x420-300x200.jpg 300w\" sizes=\"auto, (max-width: 630px) 100vw, 630px\" \/><\/a><\/p>\n<div class=\"ast-oembed-container \" style=\"height: 100%;\"><iframe loading=\"lazy\" title=\"Presentaci\u00f3 del llibre dels 50 anys del Pompeu\" width=\"500\" height=\"281\" src=\"https:\/\/www.youtube.com\/embed\/hMBlU2k1ISo?feature=oembed\" frameborder=\"0\" allow=\"accelerometer; autoplay; clipboard-write; encrypted-media; gyroscope; picture-in-picture; web-share\" referrerpolicy=\"strict-origin-when-cross-origin\" allowfullscreen><\/iframe><\/div>\n<p><a href=\"https:\/\/martorelldigital.cat\/clou-el-50e-aniversari-de-linstitut-pompeu-fabra-amb-la-presentacio-dun-album-de-memories\/\">Martorell digital. 50\u00e8 Aniversari<\/a><\/p>\n<p>Vitrall del 50 aniversari situat a l&#8217;entrada del centre realitzada per professors i alumnes del 4t ESO.<\/p>\n<p>&nbsp;<\/p>\n<p>El nostre primer director fou el\u00a0<a href=\"http:\/\/www.lavanguardia.com\/obituarios\/20150507\/54430477860\/ernesto-carratala-garcia-profesor-invencible.html\" target=\"_blank\" rel=\"noopener noreferrer\">Dr. Ernesto Carratal\u00e1<\/a>\u00a0(1918-2015). L&#8217;any 2008 va presentar el llibre \u201cMemorias de un piojo republicano\u201d. El llibre \u00e9s la seva autobiografia, on relata les experi\u00e8ncies viscudes durant la guerra civil, durant la qual va caure ferit, agafat presoner i condemnat a pena de mort, tot i que finalment va ser indultat. Despr\u00e9s de estar set anys a la pres\u00f3, va realitzar el doctorat a la Universitat de Barcelona, on va ser professor fins 1986. Ha estat professor durant m\u00e9s de 40 anys a tres continents.<\/p>\n<p><a href=\"https:\/\/agora.xtec.cat\/ies-pompeu-fabra-martorell\/wp-content\/uploads\/usu2046\/2021\/01\/historia.jpg\"><img loading=\"lazy\" decoding=\"async\" class=\"aligncenter size-full wp-image-742\" src=\"https:\/\/agora.xtec.cat\/ies-pompeu-fabra-martorell\/wp-content\/uploads\/usu2046\/2021\/01\/historia.jpg\" alt=\"\" width=\"690\" height=\"460\" srcset=\"https:\/\/agora.xtec.cat\/ies-pompeu-fabra-martorell\/wp-content\/uploads\/usu2046\/2021\/01\/historia.jpg 690w, https:\/\/agora.xtec.cat\/ies-pompeu-fabra-martorell\/wp-content\/uploads\/usu2046\/2021\/01\/historia-300x200.jpg 300w\" sizes=\"auto, (max-width: 690px) 100vw, 690px\" \/><\/a><\/p>\n<p>El Dr. Ernesto Carratal\u00e1, primer director de la nostra escola (assegut a l&#8217;esquerra), el Dr. Miquel Vives, exdirector del centre jubilat (assegut a la dreta) i la Sra. Montserrat Tendero, exdirectora (asseguda al centre de la taula), en una xerrada col.loqui celebrada a la Biblioteca del centre.<\/p>\n<p>&nbsp;<\/p>\n<p><strong>\u201cLa mirada d\u2019Ulisses\u201d<\/strong><\/p>\n<p>Les primeres imatges conservades d l\u2019Institut Pompeu Fabra s\u00f3n una pel\u00b7l\u00edcula feta pels alumnes de 4t. A i en part de 4t B l\u2019any 1970. Era un exercici de classe, guiat per la professora Helena Lumbreras. El gui\u00f3 i tots els preparatius eren dels alumnes. Agra\u00efm als exalumnes del centre (alguns ja jubilats) que ens posessin sobre la pista d\u2019aquest document visual de la hist\u00f2ria del nostre centre, per\u00f2 molt especialment a Joana Llordella i Francesc Puertas, que despr\u00e9s de restaurar-la, posar-hi subt\u00edtols i digitalitzar-la ens la han ofert com a homenatge als 50 anys de vida del Pompeu. A tots aquells alumnes de les primeres promocions: Gr\u00e0cies, molt\u00edssimes gr\u00e0cies.<\/p>\n<div class=\"ast-oembed-container \" style=\"height: 100%;\"><iframe loading=\"lazy\" title=\"Nosotros decimos  y seguimos diciendo\" width=\"500\" height=\"375\" src=\"https:\/\/www.youtube.com\/embed\/i4TEWGWmDIU?feature=oembed\" frameborder=\"0\" allow=\"accelerometer; autoplay; clipboard-write; encrypted-media; gyroscope; picture-in-picture; web-share\" referrerpolicy=\"strict-origin-when-cross-origin\" allowfullscreen><\/iframe><\/div>\n<p>&nbsp;<\/p>\n","protected":false},"excerpt":{"rendered":"<p>50\u00e8 Aniversari de l&#8217;Institut Pompeu Fabra El nostre institut va celebrar el seu 50 aniversari l&#8217;any 2018. Fotos celebraci\u00f3 50\u00e8 Aniversari. 2018\u00a0 LLIBRE &#8220;INSTITUT POMPEU FABRA MARTORELL, 5O ANYS. ALBUM DE MEM\u00d2RIES, escrit pel professor Andr\u00e9s Mart\u00ednez. Martorell digital. 50\u00e8 Aniversari Vitrall del 50 aniversari situat a l&#8217;entrada del centre realitzada per professors i alumnes [&hellip;]<\/p>\n","protected":false},"author":1,"featured_media":0,"parent":19,"menu_order":20,"comment_status":"closed","ping_status":"closed","template":"page-templates\/side-menu.php","meta":{"_bbp_topic_count":0,"_bbp_reply_count":0,"_bbp_total_topic_count":0,"_bbp_total_reply_count":0,"_bbp_voice_count":0,"_bbp_anonymous_reply_count":0,"_bbp_topic_count_hidden":0,"_bbp_reply_count_hidden":0,"_bbp_forum_subforum_count":0,"site-sidebar-layout":"default","site-content-layout":"","ast-site-content-layout":"","site-content-style":"default","site-sidebar-style":"default","ast-global-header-display":"","ast-banner-title-visibility":"","ast-main-header-display":"","ast-hfb-above-header-display":"","ast-hfb-below-header-display":"","ast-hfb-mobile-header-display":"","site-post-title":"","ast-breadcrumbs-content":"","ast-featured-img":"","footer-sml-layout":"","theme-transparent-header-meta":"","adv-header-id-meta":"","stick-header-meta":"","header-above-stick-meta":"","header-main-stick-meta":"","header-below-stick-meta":"","astra-migrate-meta-layouts":"default","ast-page-background-enabled":"default","ast-page-background-meta":{"desktop":{"background-color":"var(--ast-global-color-4)","background-image":"","background-repeat":"repeat","background-position":"center center","background-size":"auto","background-attachment":"scroll","background-type":"","background-media":"","overlay-type":"","overlay-color":"","overlay-opacity":"","overlay-gradient":""},"tablet":{"background-color":"","background-image":"","background-repeat":"repeat","background-position":"center center","background-size":"auto","background-attachment":"scroll","background-type":"","background-media":"","overlay-type":"","overlay-color":"","overlay-opacity":"","overlay-gradient":""},"mobile":{"background-color":"","background-image":"","background-repeat":"repeat","background-position":"center center","background-size":"auto","background-attachment":"scroll","background-type":"","background-media":"","overlay-type":"","overlay-color":"","overlay-opacity":"","overlay-gradient":""}},"ast-content-background-meta":{"desktop":{"background-color":"var(--ast-global-color-5)","background-image":"","background-repeat":"repeat","background-position":"center center","background-size":"auto","background-attachment":"scroll","background-type":"","background-media":"","overlay-type":"","overlay-color":"","overlay-opacity":"","overlay-gradient":""},"tablet":{"background-color":"var(--ast-global-color-5)","background-image":"","background-repeat":"repeat","background-position":"center center","background-size":"auto","background-attachment":"scroll","background-type":"","background-media":"","overlay-type":"","overlay-color":"","overlay-opacity":"","overlay-gradient":""},"mobile":{"background-color":"var(--ast-global-color-5)","background-image":"","background-repeat":"repeat","background-position":"center center","background-size":"auto","background-attachment":"scroll","background-type":"","background-media":"","overlay-type":"","overlay-color":"","overlay-opacity":"","overlay-gradient":""}},"footnotes":""},"class_list":["post-27","page","type-page","status-publish","hentry"],"post_mailing_queue_ids":[],"_links":{"self":[{"href":"https:\/\/agora.xtec.cat\/ies-pompeu-fabra-martorell\/wp-json\/wp\/v2\/pages\/27","targetHints":{"allow":["GET"]}}],"collection":[{"href":"https:\/\/agora.xtec.cat\/ies-pompeu-fabra-martorell\/wp-json\/wp\/v2\/pages"}],"about":[{"href":"https:\/\/agora.xtec.cat\/ies-pompeu-fabra-martorell\/wp-json\/wp\/v2\/types\/page"}],"author":[{"embeddable":true,"href":"https:\/\/agora.xtec.cat\/ies-pompeu-fabra-martorell\/wp-json\/wp\/v2\/users\/1"}],"replies":[{"embeddable":true,"href":"https:\/\/agora.xtec.cat\/ies-pompeu-fabra-martorell\/wp-json\/wp\/v2\/comments?post=27"}],"version-history":[{"count":3,"href":"https:\/\/agora.xtec.cat\/ies-pompeu-fabra-martorell\/wp-json\/wp\/v2\/pages\/27\/revisions"}],"predecessor-version":[{"id":746,"href":"https:\/\/agora.xtec.cat\/ies-pompeu-fabra-martorell\/wp-json\/wp\/v2\/pages\/27\/revisions\/746"}],"up":[{"embeddable":true,"href":"https:\/\/agora.xtec.cat\/ies-pompeu-fabra-martorell\/wp-json\/wp\/v2\/pages\/19"}],"wp:attachment":[{"href":"https:\/\/agora.xtec.cat\/ies-pompeu-fabra-martorell\/wp-json\/wp\/v2\/media?parent=27"}],"curies":[{"name":"wp","href":"https:\/\/api.w.org\/{rel}","templated":true}]}}