{"id":729,"date":"2019-02-27T14:05:05","date_gmt":"2019-02-27T13:05:05","guid":{"rendered":"http:\/\/agora.xtec.cat\/ies-palleja\/?page_id=729"},"modified":"2025-09-08T21:18:30","modified_gmt":"2025-09-08T19:18:30","slug":"dpt-de-socials","status":"publish","type":"page","link":"https:\/\/agora.xtec.cat\/ies-palleja\/departaments\/dpt-de-socials\/","title":{"rendered":"Dept. de Geografia i Hist\u00f2ria"},"content":{"rendered":"<p>El Departament de Geografia i Hist\u00f2ria imparteix a l\u2019<strong>ESO<\/strong> les mat\u00e8ries de Ci\u00e8ncies Socials (Geografia i\/o Hist\u00f2ria), Cultura i Valors \u00c8tics, Religi\u00f3 i Filosofia com a optativa espec\u00edfica de 4t d\u2019ESO.<\/p>\n<p>A <strong>Batxillerat<\/strong> s\u2019imparteixen Hist\u00f2ria del M\u00f3n Contemporani, Hist\u00f2ria, Filosofia, Hist\u00f2ria de la Filosofia i Geografia.<\/p>\n<p>El nostre Departament participa en sortides que estan programades al llarg del curs a diferents indrets. Totes formen part de les diferents \u00e0rees curriculars i estan encaminades a afavorir l&#8217;aprenentatge i la conviv\u00e8ncia entre els nostres alumnes.<\/p>\n<p>De les sortides programades que s&#8217;organitzen des del Departament, totes elles emmarcades dins el curr\u00edculum de cada nivell, cal remarcar la sortida a Barcino (la Barcelona romana), a la Fageda d\u2019en Jord\u00e0, a la Maternitat d\u2019Elna i platja d\u2019Argelers o al Delta del Llobregat, entre d\u2019altres.<\/p>\n<p>Com a m\u00e8tode pedag\u00f2gic es fan activitats molt diverses: explicacions, activitats d\u2019expressi\u00f3 i comprensi\u00f3 oral i escrita, treballs en petit grup i\/o parelles i individuals, amb exposicions davant el grup-classe, que faciliten l\u2019avaluaci\u00f3 i d\u2019altres m\u00e8todes que permeten el treball per compet\u00e8ncies.<\/p>\n<p>A m\u00e9s fem servir les TIC com a eina per cercar i seleccionar informaci\u00f3 i per elaborar diferents tasques escolars.<\/p>\n<p>L&#8217;alumnat podr\u00e0 consultar qualsevol dubte a les hores de classe als professors\/es que imparteixen la mat\u00e8ria.<\/p>\n<p>Per consultar les adreces electr\u00f2niques dels membres del Departament, <a href=\"https:\/\/agora.xtec.cat\/ies-palleja\/linstitut\/equip-huma\/\">veure secci\u00f3 equip hum\u00e0.<\/a><\/p>\n<ul>\n<li>S\u00edlvia Cortina<\/li>\n<li>Carmelo Medina<\/li>\n<li>Xavier Reyes<\/li>\n<li>Sara Sell\u00e9s<\/li>\n<li>N\u00faria Marsal (Cap de departament)<\/li>\n<li>Jes\u00fas Garc\u00eda (Religi\u00f3)<\/li>\n<li>Clara de la Flor (Filosofia)<\/li>\n<li>Gregorio Olivares (Filosofia)<\/li>\n<\/ul>\n","protected":false},"excerpt":{"rendered":"<p>El Departament de Geografia i Hist\u00f2ria imparteix a l\u2019ESO les mat\u00e8ries de Ci\u00e8ncies Socials (Geografia i\/o Hist\u00f2ria), Cultura i Valors \u00c8tics, Religi\u00f3 i Filosofia com a optativa espec\u00edfica de 4t d\u2019ESO. A Batxillerat s\u2019imparteixen Hist\u00f2ria del M\u00f3n Contemporani, Hist\u00f2ria, Filosofia, Hist\u00f2ria de la Filosofia i Geografia. El nostre Departament participa en sortides que estan programades [&hellip;]<\/p>\n","protected":false},"author":5,"featured_media":0,"parent":299,"menu_order":0,"comment_status":"closed","ping_status":"closed","template":"page-templates\/side-menu.php","meta":{"_bbp_topic_count":0,"_bbp_reply_count":0,"_bbp_total_topic_count":0,"_bbp_total_reply_count":0,"_bbp_voice_count":0,"_bbp_anonymous_reply_count":0,"_bbp_topic_count_hidden":0,"_bbp_reply_count_hidden":0,"_bbp_forum_subforum_count":0,"site-sidebar-layout":"default","site-content-layout":"","ast-site-content-layout":"","site-content-style":"default","site-sidebar-style":"default","ast-global-header-display":"","ast-banner-title-visibility":"","ast-main-header-display":"","ast-hfb-above-header-display":"","ast-hfb-below-header-display":"","ast-hfb-mobile-header-display":"","site-post-title":"","ast-breadcrumbs-content":"","ast-featured-img":"","footer-sml-layout":"","theme-transparent-header-meta":"","adv-header-id-meta":"","stick-header-meta":"","header-above-stick-meta":"","header-main-stick-meta":"","header-below-stick-meta":"","astra-migrate-meta-layouts":"default","ast-page-background-enabled":"default","ast-page-background-meta":{"desktop":{"background-color":"var(--ast-global-color-4)","background-image":"","background-repeat":"repeat","background-position":"center center","background-size":"auto","background-attachment":"scroll","background-type":"","background-media":"","overlay-type":"","overlay-color":"","overlay-opacity":"","overlay-gradient":""},"tablet":{"background-color":"","background-image":"","background-repeat":"repeat","background-position":"center center","background-size":"auto","background-attachment":"scroll","background-type":"","background-media":"","overlay-type":"","overlay-color":"","overlay-opacity":"","overlay-gradient":""},"mobile":{"background-color":"","background-image":"","background-repeat":"repeat","background-position":"center center","background-size":"auto","background-attachment":"scroll","background-type":"","background-media":"","overlay-type":"","overlay-color":"","overlay-opacity":"","overlay-gradient":""}},"ast-content-background-meta":{"desktop":{"background-color":"var(--ast-global-color-5)","background-image":"","background-repeat":"repeat","background-position":"center center","background-size":"auto","background-attachment":"scroll","background-type":"","background-media":"","overlay-type":"","overlay-color":"","overlay-opacity":"","overlay-gradient":""},"tablet":{"background-color":"var(--ast-global-color-5)","background-image":"","background-repeat":"repeat","background-position":"center center","background-size":"auto","background-attachment":"scroll","background-type":"","background-media":"","overlay-type":"","overlay-color":"","overlay-opacity":"","overlay-gradient":""},"mobile":{"background-color":"var(--ast-global-color-5)","background-image":"","background-repeat":"repeat","background-position":"center center","background-size":"auto","background-attachment":"scroll","background-type":"","background-media":"","overlay-type":"","overlay-color":"","overlay-opacity":"","overlay-gradient":""}},"footnotes":""},"class_list":["post-729","page","type-page","status-publish","hentry"],"post_mailing_queue_ids":[],"_links":{"self":[{"href":"https:\/\/agora.xtec.cat\/ies-palleja\/wp-json\/wp\/v2\/pages\/729","targetHints":{"allow":["GET"]}}],"collection":[{"href":"https:\/\/agora.xtec.cat\/ies-palleja\/wp-json\/wp\/v2\/pages"}],"about":[{"href":"https:\/\/agora.xtec.cat\/ies-palleja\/wp-json\/wp\/v2\/types\/page"}],"author":[{"embeddable":true,"href":"https:\/\/agora.xtec.cat\/ies-palleja\/wp-json\/wp\/v2\/users\/5"}],"replies":[{"embeddable":true,"href":"https:\/\/agora.xtec.cat\/ies-palleja\/wp-json\/wp\/v2\/comments?post=729"}],"version-history":[{"count":5,"href":"https:\/\/agora.xtec.cat\/ies-palleja\/wp-json\/wp\/v2\/pages\/729\/revisions"}],"predecessor-version":[{"id":4846,"href":"https:\/\/agora.xtec.cat\/ies-palleja\/wp-json\/wp\/v2\/pages\/729\/revisions\/4846"}],"up":[{"embeddable":true,"href":"https:\/\/agora.xtec.cat\/ies-palleja\/wp-json\/wp\/v2\/pages\/299"}],"wp:attachment":[{"href":"https:\/\/agora.xtec.cat\/ies-palleja\/wp-json\/wp\/v2\/media?parent=729"}],"curies":[{"name":"wp","href":"https:\/\/api.w.org\/{rel}","templated":true}]}}