{"id":3115,"date":"2022-02-13T17:16:12","date_gmt":"2022-02-13T16:16:12","guid":{"rendered":"https:\/\/agora.xtec.cat\/ies-palleja\/?page_id=3115"},"modified":"2025-11-13T10:40:31","modified_gmt":"2025-11-13T09:40:31","slug":"erasmusplus","status":"publish","type":"page","link":"https:\/\/agora.xtec.cat\/ies-palleja\/linstitut\/projectes-de-centre\/erasmusplus\/","title":{"rendered":"Erasmus+"},"content":{"rendered":"<p>A trav\u00e9s del programa d\u2019Innovaci\u00f3 pedag\u00f2gica <strong><a href=\"https:\/\/agora.xtec.cat\/ies-palleja\/linstitut\/projectes-de-centre\/aquiproubullying\/\">#aquiproubullying<\/a><\/strong>, enguany, el nostre centre participa en el programa CETE + (Consorci Europeu per a la Transformaci\u00f3 Educativa). En aquest context una de les accions que durem a terme s\u00f3n dos intercanvis del professorat a trav\u00e9s de l\u2019<strong>Erasmus+<\/strong> per formar-nos en pr\u00e0ctiques restauratives, la qual cosa repercutir\u00e0 de forma positiva en el nostre centre i alumnat.<img loading=\"lazy\" decoding=\"async\" class=\"alignleft size-full wp-image-3116\" style=\"margin-left: 0px; margin-right: 1000px;\" src=\"https:\/\/agora.xtec.cat\/ies-palleja\/wp-content\/uploads\/usu889\/2022\/02\/image.png\" alt=\"\" width=\"353\" height=\"143\" srcset=\"https:\/\/agora.xtec.cat\/ies-palleja\/wp-content\/uploads\/usu889\/2022\/02\/image.png 353w, https:\/\/agora.xtec.cat\/ies-palleja\/wp-content\/uploads\/usu889\/2022\/02\/image-300x122.png 300w\" sizes=\"auto, (max-width: 353px) 100vw, 353px\" \/><\/p>\n<p><strong>Not\u00edcies relacionades:<\/strong><\/p>\n<ul>\n<li><a href=\"https:\/\/agora.xtec.cat\/ies-palleja\/general\/lins-palleja-participa-en-el-programa-cete\/\">INS Pallej\u00e0 participa en el programa CETE<\/a><\/li>\n<li><a href=\"https:\/\/agora.xtec.cat\/ies-palleja\/general\/el-logotip-dissenyat-per-carla-garcia-representara-a-lins-palleja-en-el-concurs-de-logotips-derasmus\/\">El logotip dissenyat per Carla Garc\u00eda representar\u00e0 a l\u2019INS Pallej\u00e0 en el concurs de logotips d\u2019Erasmus+ <\/a><\/li>\n<li><a href=\"https:\/\/agora.xtec.cat\/ies-palleja\/general\/votacio-logotip-cete\/\">Votaci\u00f3 del logotip escollit CETE+ al nostre centre<\/a><\/li>\n<li><a href=\"https:\/\/agora.xtec.cat\/ies-palleja\/portada\/mobilitat-dortmund-dins-el-programa-erasmus-i-el-programa-aquiproubullying\/\" target=\"_blank\" rel=\"noopener\">Mobilitat a Dortmund dins el programa Erasmus+ i el programa #aquiprobullying<\/a><\/li>\n<\/ul>\n<p>&nbsp;<\/p>\n","protected":false},"excerpt":{"rendered":"<p>A trav\u00e9s del programa d\u2019Innovaci\u00f3 pedag\u00f2gica #aquiproubullying, enguany, el nostre centre participa en el programa CETE + (Consorci Europeu per a la Transformaci\u00f3 Educativa). En aquest context una de les accions que durem a terme s\u00f3n dos intercanvis del professorat a trav\u00e9s de l\u2019Erasmus+ per formar-nos en pr\u00e0ctiques restauratives, la qual cosa repercutir\u00e0 de forma [&hellip;]<\/p>\n","protected":false},"author":5,"featured_media":0,"parent":909,"menu_order":0,"comment_status":"closed","ping_status":"closed","template":"","meta":{"_bbp_topic_count":0,"_bbp_reply_count":0,"_bbp_total_topic_count":0,"_bbp_total_reply_count":0,"_bbp_voice_count":0,"_bbp_anonymous_reply_count":0,"_bbp_topic_count_hidden":0,"_bbp_reply_count_hidden":0,"_bbp_forum_subforum_count":0,"site-sidebar-layout":"default","site-content-layout":"","ast-site-content-layout":"default","site-content-style":"default","site-sidebar-style":"default","ast-global-header-display":"","ast-banner-title-visibility":"","ast-main-header-display":"","ast-hfb-above-header-display":"","ast-hfb-below-header-display":"","ast-hfb-mobile-header-display":"","site-post-title":"","ast-breadcrumbs-content":"","ast-featured-img":"","footer-sml-layout":"","theme-transparent-header-meta":"default","adv-header-id-meta":"","stick-header-meta":"","header-above-stick-meta":"","header-main-stick-meta":"","header-below-stick-meta":"","astra-migrate-meta-layouts":"set","ast-page-background-enabled":"default","ast-page-background-meta":{"desktop":{"background-color":"var(--ast-global-color-4)","background-image":"","background-repeat":"repeat","background-position":"center center","background-size":"auto","background-attachment":"scroll","background-type":"","background-media":"","overlay-type":"","overlay-color":"","overlay-opacity":"","overlay-gradient":""},"tablet":{"background-color":"","background-image":"","background-repeat":"repeat","background-position":"center center","background-size":"auto","background-attachment":"scroll","background-type":"","background-media":"","overlay-type":"","overlay-color":"","overlay-opacity":"","overlay-gradient":""},"mobile":{"background-color":"","background-image":"","background-repeat":"repeat","background-position":"center center","background-size":"auto","background-attachment":"scroll","background-type":"","background-media":"","overlay-type":"","overlay-color":"","overlay-opacity":"","overlay-gradient":""}},"ast-content-background-meta":{"desktop":{"background-color":"var(--ast-global-color-5)","background-image":"","background-repeat":"repeat","background-position":"center center","background-size":"auto","background-attachment":"scroll","background-type":"","background-media":"","overlay-type":"","overlay-color":"","overlay-opacity":"","overlay-gradient":""},"tablet":{"background-color":"var(--ast-global-color-5)","background-image":"","background-repeat":"repeat","background-position":"center center","background-size":"auto","background-attachment":"scroll","background-type":"","background-media":"","overlay-type":"","overlay-color":"","overlay-opacity":"","overlay-gradient":""},"mobile":{"background-color":"var(--ast-global-color-5)","background-image":"","background-repeat":"repeat","background-position":"center center","background-size":"auto","background-attachment":"scroll","background-type":"","background-media":"","overlay-type":"","overlay-color":"","overlay-opacity":"","overlay-gradient":""}},"footnotes":""},"class_list":["post-3115","page","type-page","status-publish","hentry"],"post_mailing_queue_ids":[],"_links":{"self":[{"href":"https:\/\/agora.xtec.cat\/ies-palleja\/wp-json\/wp\/v2\/pages\/3115","targetHints":{"allow":["GET"]}}],"collection":[{"href":"https:\/\/agora.xtec.cat\/ies-palleja\/wp-json\/wp\/v2\/pages"}],"about":[{"href":"https:\/\/agora.xtec.cat\/ies-palleja\/wp-json\/wp\/v2\/types\/page"}],"author":[{"embeddable":true,"href":"https:\/\/agora.xtec.cat\/ies-palleja\/wp-json\/wp\/v2\/users\/5"}],"replies":[{"embeddable":true,"href":"https:\/\/agora.xtec.cat\/ies-palleja\/wp-json\/wp\/v2\/comments?post=3115"}],"version-history":[{"count":6,"href":"https:\/\/agora.xtec.cat\/ies-palleja\/wp-json\/wp\/v2\/pages\/3115\/revisions"}],"predecessor-version":[{"id":5009,"href":"https:\/\/agora.xtec.cat\/ies-palleja\/wp-json\/wp\/v2\/pages\/3115\/revisions\/5009"}],"up":[{"embeddable":true,"href":"https:\/\/agora.xtec.cat\/ies-palleja\/wp-json\/wp\/v2\/pages\/909"}],"wp:attachment":[{"href":"https:\/\/agora.xtec.cat\/ies-palleja\/wp-json\/wp\/v2\/media?parent=3115"}],"curies":[{"name":"wp","href":"https:\/\/api.w.org\/{rel}","templated":true}]}}